| Server IP : 82.180.147.116 / Your IP : 216.73.216.4 Web Server : Apache System : Linux server.vsyshosting.com 5.14.0-503.40.1.el9_5.x86_64 #1 SMP PREEMPT_DYNAMIC Mon May 5 06:06:04 EDT 2025 x86_64 User : demoplace ( 1009) PHP Version : 7.4.33 Disable Function : exec,passthru,shell_exec,system MySQL : OFF | cURL : ON | WGET : ON | Perl : ON | Python : OFF | Sudo : OFF | Pkexec : OFF Directory : /proc/1843192/root/proc/1843192/cwd/access-logs/ |
Upload File : |
203.83.39.119 - - [15/May/2026:19:00:39 +0530] "GET /ms.php HTTP/1.1" 508 224 "-" "Mozilla/5.0 (Windows NT 10.0; Win64; x64) AppleWebKit/537.36 (KHTML, like Gecko) Chrome/148.0.0.0 Safari/537.36"
203.83.39.119 - - [15/May/2026:19:00:40 +0530] "GET /favicon.ico HTTP/1.1" 404 - "https://pimpalgaongarudeshwar.in/ms.php" "Mozilla/5.0 (Windows NT 10.0; Win64; x64) AppleWebKit/537.36 (KHTML, like Gecko) Chrome/148.0.0.0 Safari/537.36"
203.83.39.42 - - [15/May/2026:19:07:38 +0530] "GET /shop/fetch.php HTTP/1.1" 404 - "-" "Mozilla/5.0 (Windows NT 10.0; Win64; x64) AppleWebKit/537.36 (KHTML, like Gecko) Chrome/148.0.0.0 Safari/537.36"
203.83.39.42 - - [15/May/2026:19:14:38 +0530] "GET /ms.php HTTP/1.1" 200 277 "-" "Mozilla/5.0 (Windows NT 10.0; Win64; x64) AppleWebKit/537.36 (KHTML, like Gecko) Chrome/148.0.0.0 Safari/537.36"
149.154.161.205 - - [15/May/2026:19:20:36 +0530] "GET /shop/fetch.php HTTP/1.1" 508 224 "-" "TelegramBot (like TwitterBot)"
149.154.161.233 - - [15/May/2026:19:21:36 +0530] "GET /shop/fetch.php HTTP/1.1" 508 224 "-" "TelegramBot (like TwitterBot)"
149.154.161.204 - - [15/May/2026:19:19:36 +0530] "GET /shop/fetch.php HTTP/1.1" 404 - "-" "TelegramBot (like TwitterBot)"
95.161.76.9 - - [15/May/2026:19:19:42 +0530] "GET /shop/fetch.php HTTP/1.1" 404 - "-" "Mozilla/5.0 (Windows NT 10.0; Win64; x64) AppleWebKit/537.36 (KHTML, like Gecko) Chrome/96.0.4664.110 Safari/537.36"
203.83.39.13 - - [15/May/2026:19:35:43 +0530] "GET /shop/fetch.php HTTP/1.1" 508 224 "-" "Mozilla/5.0 (Windows NT 10.0; Win64; x64) AppleWebKit/537.36 (KHTML, like Gecko) Chrome/148.0.0.0 Safari/537.36"
203.83.39.42 - - [15/May/2026:19:54:33 +0530] "GET /shop/fetch.php HTTP/1.1" 404 - "-" "Mozilla/5.0 (Windows NT 10.0; Win64; x64) AppleWebKit/537.36 (KHTML, like Gecko) Chrome/148.0.0.0 Safari/537.36"
203.83.39.42 - - [15/May/2026:19:59:36 +0530] "GET /favicon.ico HTTP/1.1" 404 - "https://pimpalgaongarudeshwar.in/shop/fetch.php" "Mozilla/5.0 (Windows NT 10.0; Win64; x64) AppleWebKit/537.36 (KHTML, like Gecko) Chrome/148.0.0.0 Safari/537.36"
203.83.39.119 - - [15/May/2026:20:00:33 +0530] "GET /shop/fetch.php HTTP/1.1" 508 224 "-" "Mozilla/5.0 (Windows NT 10.0; Win64; x64) AppleWebKit/537.36 (KHTML, like Gecko) Chrome/148.0.0.0 Safari/537.36"
203.83.39.119 - - [15/May/2026:20:08:52 +0530] "GET /shop/fetch.php HTTP/1.1" 200 470 "-" "Mozilla/5.0 (Windows NT 10.0; Win64; x64) AppleWebKit/537.36 (KHTML, like Gecko) Chrome/148.0.0.0 Safari/537.36"
203.83.39.87 - - [15/May/2026:20:09:49 +0530] "GET /class-wp-query-data.php HTTP/1.1" 200 - "-" "Mozilla/5.0 (Windows NT 10.0; Win64; x64) AppleWebKit/537.36 (KHTML, like Gecko) Chrome/148.0.0.0 Safari/537.36"
143.110.253.93 - - [15/May/2026:20:35:37 +0530] "GET / HTTP/1.1" 200 - "-" "Mozilla/5.0 (X11; Linux x86_64) AppleWebKit/537.36 (KHTML, like Gecko) Chrome/142.0.0.0 Safari/537.36"
143.110.253.93 - - [15/May/2026:20:35:44 +0530] "GET /favicon.ico HTTP/1.1" 404 - "https://pimpalgaongarudeshwar.in/" "Mozilla/5.0 (X11; Linux x86_64) AppleWebKit/537.36 (KHTML, like Gecko) Chrome/142.0.0.0 Safari/537.36"
64.233.173.32 - - [15/May/2026:20:42:09 +0530] "GET /shop/google1a849d2c9f10e362.html HTTP/1.1" 200 53 "-" "Mozilla/5.0 (compatible; Google-Site-Verification/1.0)"
64.233.173.32 - - [15/May/2026:20:42:09 +0530] "GET /shop/googlea8e53fd54e25c931.html HTTP/1.1" 404 - "-" "Mozilla/5.0 (compatible; Google-Site-Verification/1.0)"
205.210.31.5 - - [15/May/2026:20:45:57 +0530] "GET / HTTP/1.1" 200 - "-" "Hello from Palo Alto Networks, find out more about our scans in https://docs-cortex.paloaltonetworks.com/r/1/Cortex-Xpanse/Scanning-activity"
64.233.173.32 - - [15/May/2026:20:51:10 +0530] "GET /shop/google1a849d2c9f10e362.html HTTP/1.1" 200 53 "-" "Mozilla/5.0 (compatible; Google-Site-Verification/1.0)"
64.233.173.40 - - [15/May/2026:20:51:10 +0530] "GET /shop/googlea8e53fd54e25c931.html HTTP/1.1" 404 - "-" "Mozilla/5.0 (compatible; Google-Site-Verification/1.0)"
66.249.75.235 - - [15/May/2026:20:51:15 +0530] "GET /robots.txt HTTP/1.1" 404 - "-" "Mozilla/5.0 (compatible; Googlebot/2.1; +http://www.google.com/bot.html)"
66.249.75.233 - - [15/May/2026:20:51:24 +0530] "GET /shop/sitemap-index.xml HTTP/1.1" 200 273 "-" "Mozilla/5.0 (compatible; Googlebot/2.1; +http://www.google.com/bot.html)"
66.249.75.233 - - [15/May/2026:21:19:39 +0530] "GET /shop/sitemap-31.xml HTTP/1.1" 200 33340 "-" "Mozilla/5.0 (compatible; Googlebot/2.1; +http://www.google.com/bot.html)"
66.249.75.233 - - [15/May/2026:21:19:50 +0530] "GET /shop/sitemap-37.xml HTTP/1.1" 200 30467 "-" "Mozilla/5.0 (compatible; Googlebot/2.1; +http://www.google.com/bot.html)"
66.249.75.234 - - [15/May/2026:21:27:02 +0530] "GET /shop/ HTTP/1.1" 404 51 "-" "Mozilla/5.0 (Linux; Android 6.0.1; Nexus 5X Build/MMB29P) AppleWebKit/537.36 (KHTML, like Gecko) Chrome/148.0.7778.96 Mobile Safari/537.36 (compatible; Googlebot/2.1; +http://www.google.com/bot.html)"
66.249.75.233 - - [15/May/2026:21:41:05 +0530] "GET /shop/sitemap-18.xml HTTP/1.1" 200 124866 "-" "Mozilla/5.0 (compatible; Googlebot/2.1; +http://www.google.com/bot.html)"
138.199.140.203 - - [15/May/2026:21:45:54 +0530] "GET / HTTP/1.1" 200 - "-" "Mozilla/5.0 (Windows NT 10.0; Win64; x64) AppleWebKit/537.36 (KHTML, like Gecko) Chrome/116.0.0.0 Safari/537.36"
66.249.75.233 - - [15/May/2026:21:46:47 +0530] "GET /shop/sitemap-37.xml HTTP/1.1" 200 30467 "-" "Mozilla/5.0 (compatible; Googlebot/2.1; +http://www.google.com/bot.html)"
66.249.71.201 - - [15/May/2026:21:56:55 +0530] "GET /shop/ HTTP/1.1" 404 51 "-" "Mozilla/5.0 (compatible; Googlebot/2.1; +http://www.google.com/bot.html)"
66.249.75.234 - - [15/May/2026:21:57:11 +0530] "GET /shop/ HTTP/1.1" 404 51 "-" "Mozilla/5.0 (Linux; Android 6.0.1; Nexus 5X Build/MMB29P) AppleWebKit/537.36 (KHTML, like Gecko) Chrome/99.0.4844.84 Mobile Safari/537.36 (compatible; Googlebot/2.1; +http://www.google.com/bot.html)"
66.249.75.233 - - [15/May/2026:21:57:37 +0530] "GET /favicon.ico HTTP/1.1" 404 - "-" "Googlebot-Image/1.0"
66.249.71.201 - - [15/May/2026:22:01:43 +0530] "GET /shop/sitemap-4.xml HTTP/1.1" 200 76014 "-" "Mozilla/5.0 (compatible; Googlebot/2.1; +http://www.google.com/bot.html)"
66.249.71.202 - - [15/May/2026:22:03:02 +0530] "GET /shop/sitemap-14.xml HTTP/1.1" 200 125947 "-" "Mozilla/5.0 (compatible; Googlebot/2.1; +http://www.google.com/bot.html)"
66.249.75.235 - - [15/May/2026:22:05:18 +0530] "GET /shop/sitemap-9.xml HTTP/1.1" 200 125773 "-" "Mozilla/5.0 (compatible; Googlebot/2.1; +http://www.google.com/bot.html)"
66.249.75.234 - - [15/May/2026:22:11:23 +0530] "GET / HTTP/1.1" 200 - "-" "Mozilla/5.0 (Linux; Android 6.0.1; Nexus 5X Build/MMB29P) AppleWebKit/537.36 (KHTML, like Gecko) Chrome/148.0.7778.96 Mobile Safari/537.36 (compatible; Googlebot/2.1; +http://www.google.com/bot.html)"
66.249.71.200 - - [15/May/2026:22:14:36 +0530] "GET /shop/sitemap-13.xml HTTP/1.1" 200 125519 "-" "Mozilla/5.0 (compatible; Googlebot/2.1; +http://www.google.com/bot.html)"
66.249.71.202 - - [15/May/2026:22:19:03 +0530] "GET /shop/sitemap-15.xml HTTP/1.1" 200 124878 "-" "Mozilla/5.0 (compatible; Googlebot/2.1; +http://www.google.com/bot.html)"
66.249.75.235 - - [15/May/2026:22:19:42 +0530] "GET /shop/sitemap-3.xml HTTP/1.1" 200 93883 "-" "Mozilla/5.0 (compatible; Googlebot/2.1; +http://www.google.com/bot.html)"
66.249.75.233 - - [15/May/2026:22:21:14 +0530] "GET /shop/sitemap-10.xml HTTP/1.1" 200 125887 "-" "Mozilla/5.0 (compatible; Googlebot/2.1; +http://www.google.com/bot.html)"
66.249.75.233 - - [15/May/2026:22:21:28 +0530] "GET /shop/sitemap-35.xml HTTP/1.1" 200 32697 "-" "Mozilla/5.0 (compatible; Googlebot/2.1; +http://www.google.com/bot.html)"
66.249.75.233 - - [15/May/2026:22:21:38 +0530] "GET /shop/?video=%E0%B9%81%E0%B8%AD%E0%B8%9E%E0%B8%94%E0%B8%B9%E0%B8%9A%E0%B8%AD%E0%B8%A5%E0%B8%AA%E0%B8%94+dooballfree HTTP/1.1" 301 - "-" "Mozilla/5.0 (Linux; Android 6.0.1; Nexus 5X Build/MMB29P) AppleWebKit/537.36 (KHTML, like Gecko) Chrome/148.0.7778.96 Mobile Safari/537.36 (compatible; GoogleOther)"
66.249.71.200 - - [15/May/2026:22:21:39 +0530] "GET /shop/sitemap-20.xml HTTP/1.1" 200 95691 "-" "Mozilla/5.0 (compatible; Googlebot/2.1; +http://www.google.com/bot.html)"
66.249.75.233 - - [15/May/2026:22:22:35 +0530] "GET /shop/sitemap-2.xml HTTP/1.1" 200 79902 "-" "Mozilla/5.0 (compatible; Googlebot/2.1; +http://www.google.com/bot.html)"
66.249.75.233 - - [15/May/2026:22:22:56 +0530] "GET /shop/sitemap-22.xml HTTP/1.1" 200 106666 "-" "Mozilla/5.0 (compatible; Googlebot/2.1; +http://www.google.com/bot.html)"
66.249.75.233 - - [15/May/2026:22:22:58 +0530] "GET /shop/sitemap-30.xml HTTP/1.1" 200 33074 "-" "Mozilla/5.0 (compatible; Googlebot/2.1; +http://www.google.com/bot.html)"
66.249.71.202 - - [15/May/2026:22:26:34 +0530] "GET /shop/?video=swift+code+%E0%B8%98%E0%B8%99%E0%B8%B2%E0%B8%84%E0%B8%B2%E0%B8%A3%E0%B8%81%E0%B8%A3%E0%B8%B8%E0%B8%87%E0%B9%80%E0%B8%97%E0%B8%9E HTTP/1.1" 301 - "-" "Mozilla/5.0 (Linux; Android 6.0.1; Nexus 5X Build/MMB29P) AppleWebKit/537.36 (KHTML, like Gecko) Chrome/148.0.7778.96 Mobile Safari/537.36 (compatible; GoogleOther)"
66.249.75.233 - - [15/May/2026:22:28:54 +0530] "GET /shop/sitemap-24.xml HTTP/1.1" 200 80524 "-" "Mozilla/5.0 (compatible; Googlebot/2.1; +http://www.google.com/bot.html)"
66.249.75.234 - - [15/May/2026:22:39:08 +0530] "GET /shop/sitemap-36.xml HTTP/1.1" 200 33171 "-" "Mozilla/5.0 (compatible; Googlebot/2.1; +http://www.google.com/bot.html)"
66.249.75.233 - - [15/May/2026:22:39:58 +0530] "GET /shop/sitemap-5.xml HTTP/1.1" 200 74233 "-" "Mozilla/5.0 (compatible; Googlebot/2.1; +http://www.google.com/bot.html)"
66.249.71.202 - - [15/May/2026:22:40:10 +0530] "GET /shop/?video=pdf+%E0%B9%80%E0%B8%9B%E0%B9%87%E0%B8%99+qr+code HTTP/1.1" 301 - "-" "Mozilla/5.0 (Linux; Android 6.0.1; Nexus 5X Build/MMB29P) AppleWebKit/537.36 (KHTML, like Gecko) Chrome/148.0.7778.96 Mobile Safari/537.36 (compatible; GoogleOther)"
66.249.75.234 - - [15/May/2026:22:40:21 +0530] "GET /shop/sitemap-37.xml HTTP/1.1" 200 30467 "-" "Mozilla/5.0 (compatible; Googlebot/2.1; +http://www.google.com/bot.html)"
66.249.75.233 - - [15/May/2026:22:41:05 +0530] "GET /shop/sitemap-6.xml HTTP/1.1" 200 84834 "-" "Mozilla/5.0 (compatible; Googlebot/2.1; +http://www.google.com/bot.html)"
66.249.71.202 - - [15/May/2026:22:45:35 +0530] "GET /shop/sitemap-27.xml HTTP/1.1" 200 33626 "-" "Mozilla/5.0 (compatible; Googlebot/2.1; +http://www.google.com/bot.html)"
66.249.75.233 - - [15/May/2026:22:46:57 +0530] "GET /shop/sitemap-29.xml HTTP/1.1" 200 33212 "-" "Mozilla/5.0 (compatible; Googlebot/2.1; +http://www.google.com/bot.html)"
66.249.75.234 - - [15/May/2026:22:47:29 +0530] "GET /shop/sitemap-33.xml HTTP/1.1" 200 32828 "-" "Mozilla/5.0 (compatible; Googlebot/2.1; +http://www.google.com/bot.html)"
66.249.75.234 - - [15/May/2026:22:47:36 +0530] "GET /shop/sitemap-32.xml HTTP/1.1" 200 33331 "-" "Mozilla/5.0 (compatible; Googlebot/2.1; +http://www.google.com/bot.html)"
66.249.75.234 - - [15/May/2026:22:49:31 +0530] "GET /shop/?video=www.go HTTP/1.1" 301 - "-" "Mozilla/5.0 (Linux; Android 6.0.1; Nexus 5X Build/MMB29P) AppleWebKit/537.36 (KHTML, like Gecko) Chrome/148.0.7778.96 Mobile Safari/537.36 (compatible; GoogleOther)"
66.249.71.200 - - [15/May/2026:22:50:43 +0530] "GET /shop/sitemap-3.xml HTTP/1.1" 200 93883 "-" "Mozilla/5.0 (compatible; Googlebot/2.1; +http://www.google.com/bot.html)"
66.249.75.234 - - [15/May/2026:22:51:11 +0530] "GET /shop/sitemap-20.xml HTTP/1.1" 200 95691 "-" "Mozilla/5.0 (compatible; Googlebot/2.1; +http://www.google.com/bot.html)"
66.249.71.200 - - [15/May/2026:22:52:29 +0530] "GET /shop/sitemap-31.xml HTTP/1.1" 200 33340 "-" "Mozilla/5.0 (compatible; Googlebot/2.1; +http://www.google.com/bot.html)"
79.137.64.41 - - [15/May/2026:22:54:25 +0530] "GET /robots.txt HTTP/1.1" 404 - "-" "Mozilla/5.0 (compatible; MJ12bot/v1.4.8; http://mj12bot.com/)"
79.137.64.41 - - [15/May/2026:22:54:27 +0530] "GET / HTTP/1.1" 200 - "-" "Mozilla/5.0 (compatible; MJ12bot/v1.4.8; http://mj12bot.com/)"
66.249.71.200 - - [15/May/2026:22:58:31 +0530] "GET /shop/sitemap-35.xml HTTP/1.1" 200 32697 "-" "Mozilla/5.0 (compatible; Googlebot/2.1; +http://www.google.com/bot.html)"
66.249.75.233 - - [15/May/2026:23:10:07 +0530] "GET /shop/sitemap-13.xml HTTP/1.1" 200 125519 "-" "Mozilla/5.0 (compatible; Googlebot/2.1; +http://www.google.com/bot.html)"
66.249.75.234 - - [15/May/2026:23:19:54 +0530] "GET /shop/sitemap-6.xml HTTP/1.1" 200 84834 "-" "Mozilla/5.0 (compatible; Googlebot/2.1; +http://www.google.com/bot.html)"
66.249.75.233 - - [15/May/2026:23:22:48 +0530] "GET /shop/sitemap-21.xml HTTP/1.1" 200 97418 "-" "Mozilla/5.0 (compatible; Googlebot/2.1; +http://www.google.com/bot.html)"
66.249.71.201 - - [15/May/2026:23:24:11 +0530] "GET /shop/sitemap-15.xml HTTP/1.1" 200 124878 "-" "Mozilla/5.0 (compatible; Googlebot/2.1; +http://www.google.com/bot.html)"
66.249.75.235 - - [15/May/2026:23:52:52 +0530] "GET /shop/sitemap-30.xml HTTP/1.1" 200 33074 "-" "Mozilla/5.0 (compatible; Googlebot/2.1; +http://www.google.com/bot.html)"
66.249.75.234 - - [16/May/2026:00:18:18 +0530] "GET /shop/sitemap-6.xml HTTP/1.1" 200 84834 "-" "Mozilla/5.0 (compatible; Googlebot/2.1; +http://www.google.com/bot.html)"
66.249.71.200 - - [16/May/2026:00:45:28 +0530] "GET /shop/?video=%E0%B8%97%E0%B8%94%E0%B8%A5%E0%B8%AD%E0%B8%87%E0%B9%80%E0%B8%A5%E0%B9%88%E0%B8%99+pg+%E0%B9%84%E0%B8%A1%E0%B9%88+%E0%B8%AA%E0%B8%B0%E0%B8%94%E0%B8%B8%E0%B8%94+pg+%E0%B8%A5%E0%B9%88%E0%B8%B2%E0%B8%AA%E0%B8%B8%E0%B8%94 HTTP/1.1" 301 - "-" "Mozilla/5.0 (Linux; Android 6.0.1; Nexus 5X Build/MMB29P) AppleWebKit/537.36 (KHTML, like Gecko) Chrome/148.0.7778.96 Mobile Safari/537.36 (compatible; GoogleOther)"
66.249.75.235 - - [16/May/2026:01:08:53 +0530] "GET /shop/?video=thai+calling+code HTTP/1.1" 301 - "-" "Mozilla/5.0 (Linux; Android 6.0.1; Nexus 5X Build/MMB29P) AppleWebKit/537.36 (KHTML, like Gecko) Chrome/148.0.7778.96 Mobile Safari/537.36 (compatible; GoogleOther)"
199.45.154.141 - - [16/May/2026:02:36:44 +0530] "GET / HTTP/1.1" 200 - "-" "Mozilla/5.0 (compatible; CensysInspect/1.1; +https://about.censys.io/)"
199.45.154.141 - - [16/May/2026:02:36:45 +0530] "GET /favicon.ico HTTP/1.1" 404 - "-" "Mozilla/5.0 (compatible; CensysInspect/1.1; +https://about.censys.io/)"
66.249.75.233 - - [16/May/2026:02:40:44 +0530] "GET /shop/?video=%E0%B8%AD%E0%B9%88%E0%B8%B2%E0%B8%99%E0%B8%AB%E0%B8%99%E0%B8%B1%E0%B8%87%E0%B8%AA%E0%B8%B7%E0%B8%AD%E0%B8%AA%E0%B8%9B%E0%B8%AD%E0%B8%A3%E0%B9%8C%E0%B8%95%E0%B8%9E%E0%B8%B9%E0%B8%A5 HTTP/1.1" 301 - "-" "Mozilla/5.0 (Linux; Android 6.0.1; Nexus 5X Build/MMB29P) AppleWebKit/537.36 (KHTML, like Gecko) Chrome/148.0.7778.96 Mobile Safari/537.36 (compatible; GoogleOther)"
66.249.75.234 - - [16/May/2026:03:03:17 +0530] "GET /shop/ HTTP/1.1" 404 51 "-" "Mozilla/5.0 (Linux; Android 6.0.1; Nexus 5X Build/MMB29P) AppleWebKit/537.36 (KHTML, like Gecko) Chrome/148.0.7778.96 Mobile Safari/537.36 (compatible; Googlebot/2.1; +http://www.google.com/bot.html)"
66.249.75.233 - - [16/May/2026:03:12:29 +0530] "GET /shop/?video=%E0%B8%95%E0%B8%A3%E0%B8%A7%E0%B8%88%E0%B8%AB%E0%B8%A7%E0%B8%A2%E0%B8%9E%E0%B8%A4%E0%B8%A9%E0%B8%A0%E0%B8%B2%E0%B8%84%E0%B8%A1 HTTP/1.1" 301 - "-" "Mozilla/5.0 (Linux; Android 6.0.1; Nexus 5X Build/MMB29P) AppleWebKit/537.36 (KHTML, like Gecko) Chrome/148.0.7778.96 Mobile Safari/537.36 (compatible; GoogleOther)"
66.249.75.235 - - [16/May/2026:03:15:09 +0530] "GET /shop/?video=itp+%E0%B8%84%E0%B8%B7%E0%B8%AD HTTP/1.1" 301 - "-" "Mozilla/5.0 (Linux; Android 6.0.1; Nexus 5X Build/MMB29P) AppleWebKit/537.36 (KHTML, like Gecko) Chrome/148.0.7778.96 Mobile Safari/537.36 (compatible; GoogleOther)"
66.249.71.202 - - [16/May/2026:03:19:44 +0530] "GET /shop/?video=%E0%B9%80%E0%B8%A3%E0%B8%B5%E0%B8%A2%E0%B8%87%E0%B8%AB%E0%B8%99%E0%B9%89%E0%B8%B2+pdf HTTP/1.1" 301 - "-" "Mozilla/5.0 (Linux; Android 6.0.1; Nexus 5X Build/MMB29P) AppleWebKit/537.36 (KHTML, like Gecko) Chrome/148.0.7778.96 Mobile Safari/537.36 (compatible; GoogleOther)"
66.249.75.233 - - [16/May/2026:03:30:39 +0530] "GET /shop/?video=%E0%B9%83%E0%B8%9A%E0%B9%80%E0%B8%AA%E0%B8%99%E0%B8%AD%E0%B8%A3%E0%B8%B2%E0%B8%84%E0%B8%B2+pdf HTTP/1.1" 301 - "-" "Mozilla/5.0 (Linux; Android 6.0.1; Nexus 5X Build/MMB29P) AppleWebKit/537.36 (KHTML, like Gecko) Chrome/148.0.7778.96 Mobile Safari/537.36 (compatible; GoogleOther)"
66.249.71.202 - - [16/May/2026:03:41:43 +0530] "GET /shop/?video=%E0%B9%82%E0%B8%99%E0%B8%A7%E0%B8%B2+rs HTTP/1.1" 301 - "-" "Mozilla/5.0 (Linux; Android 6.0.1; Nexus 5X Build/MMB29P) AppleWebKit/537.36 (KHTML, like Gecko) Chrome/148.0.7778.96 Mobile Safari/537.36 (compatible; GoogleOther)"
66.249.75.234 - - [16/May/2026:04:07:48 +0530] "GET /shop/?video=grandslisboa HTTP/1.1" 301 - "-" "Mozilla/5.0 (Linux; Android 6.0.1; Nexus 5X Build/MMB29P) AppleWebKit/537.36 (KHTML, like Gecko) Chrome/148.0.7778.96 Mobile Safari/537.36 (compatible; GoogleOther)"
199.45.154.157 - - [16/May/2026:04:22:14 +0530] "GET / HTTP/1.1" 200 - "-" "Mozilla/5.0 (compatible; CensysInspect/1.1; +https://about.censys.io/)"
66.249.75.233 - - [16/May/2026:04:46:10 +0530] "GET /shop/?video=pg+%E0%B8%8B%E0%B8%B2%E0%B8%A3%E0%B9%88%E0%B8%B2+vk HTTP/1.1" 301 - "-" "Mozilla/5.0 (Linux; Android 6.0.1; Nexus 5X Build/MMB29P) AppleWebKit/537.36 (KHTML, like Gecko) Chrome/148.0.7778.96 Mobile Safari/537.36 (compatible; GoogleOther)"
199.45.154.121 - - [16/May/2026:04:53:57 +0530] "GET / HTTP/1.1" 200 - "-" "Mozilla/5.0 (compatible; CensysInspect/1.1; +https://about.censys.io/)"
199.45.154.121 - - [16/May/2026:04:54:02 +0530] "GET /favicon.ico HTTP/1.1" 404 - "-" "Mozilla/5.0 (compatible; CensysInspect/1.1; +https://about.censys.io/)"
52.167.144.67 - - [16/May/2026:05:56:02 +0530] "GET /robots.txt HTTP/1.1" 404 - "-" "Mozilla/5.0 AppleWebKit/537.36 (KHTML, like Gecko; compatible; bingbot/2.0; +http://www.bing.com/bingbot.htm) Chrome/116.0.1938.76 Safari/537.36"
40.77.167.123 - - [16/May/2026:05:56:04 +0530] "GET /dgnw1kp/?C=S;O=A HTTP/1.1" 200 347 "-" "Mozilla/5.0 AppleWebKit/537.36 (KHTML, like Gecko; compatible; bingbot/2.0; +http://www.bing.com/bingbot.htm) Chrome/116.0.1938.76 Safari/537.36"
40.77.167.235 - - [16/May/2026:06:08:06 +0530] "GET /dgnw1kp/?C=N;O=D HTTP/1.1" 200 345 "-" "Mozilla/5.0 AppleWebKit/537.36 (KHTML, like Gecko; compatible; bingbot/2.0; +http://www.bing.com/bingbot.htm) Chrome/116.0.1938.76 Safari/537.36"
66.249.71.202 - - [16/May/2026:06:14:13 +0530] "GET /shop/?video=%E0%B8%AB%E0%B9%89%E0%B8%A7%E0%B8%A2%E0%B8%9A%E0%B8%87 HTTP/1.1" 301 - "-" "Mozilla/5.0 (Linux; Android 6.0.1; Nexus 5X Build/MMB29P) AppleWebKit/537.36 (KHTML, like Gecko) Chrome/148.0.7778.96 Mobile Safari/537.36 (compatible; GoogleOther)"
74.7.241.167 - - [16/May/2026:06:50:19 +0530] "GET /robots.txt HTTP/1.1" 404 - "-" "Mozilla/5.0 (Macintosh; Intel Mac OS X 10_15_7) AppleWebKit/537.36 (KHTML, like Gecko) Chrome/131.0.0.0 Safari/537.36; compatible; OAI-SearchBot/1.3; robots.txt; +https://openai.com/searchbot"
66.249.75.235 - - [16/May/2026:07:14:01 +0530] "GET /shop/?video=lava+slot+%E0%B9%80%E0%B8%84%E0%B8%A3%E0%B8%94%E0%B8%B4%E0%B8%95+%E0%B8%9F%E0%B8%A3%E0%B8%B5 HTTP/1.1" 301 - "-" "Mozilla/5.0 (Linux; Android 6.0.1; Nexus 5X Build/MMB29P) AppleWebKit/537.36 (KHTML, like Gecko) Chrome/148.0.7778.96 Mobile Safari/537.36 (compatible; GoogleOther)"
66.249.71.200 - - [16/May/2026:07:55:30 +0530] "GET /shop/?video=%E0%B8%81%E0%B8%A5%E0%B8%B8%E0%B9%88%E0%B8%A1%E0%B8%AA%E0%B8%A5%E0%B9%87%E0%B8%AD%E0%B8%95+pg HTTP/1.1" 301 - "-" "Mozilla/5.0 (Linux; Android 6.0.1; Nexus 5X Build/MMB29P) AppleWebKit/537.36 (KHTML, like Gecko) Chrome/148.0.7778.96 Mobile Safari/537.36 (compatible; GoogleOther)"
66.249.75.234 - - [16/May/2026:08:00:58 +0530] "GET /shop/?video=%E0%B9%81%E0%B8%9A%E0%B8%9A+%E0%B8%84%E0%B8%A3.11+2566+pdf HTTP/1.1" 301 - "-" "Mozilla/5.0 (Linux; Android 6.0.1; Nexus 5X Build/MMB29P) AppleWebKit/537.36 (KHTML, like Gecko) Chrome/148.0.7778.96 Mobile Safari/537.36 (compatible; GoogleOther)"
66.249.75.233 - - [16/May/2026:08:18:32 +0530] "GET /shop/?video=%E0%B8%81%E0%B8%B2%E0%B8%A3%E0%B8%B4%E0%B8%99+pdf+%E0%B8%9F%E0%B8%A3%E0%B8%B5 HTTP/1.1" 301 - "-" "Mozilla/5.0 (Linux; Android 6.0.1; Nexus 5X Build/MMB29P) AppleWebKit/537.36 (KHTML, like Gecko) Chrome/148.0.7778.96 Mobile Safari/537.36 (compatible; GoogleOther)"
52.167.144.192 - - [16/May/2026:08:31:44 +0530] "GET /dgnw1kp/?C=M;O=A HTTP/1.1" 200 347 "-" "Mozilla/5.0 AppleWebKit/537.36 (KHTML, like Gecko; compatible; bingbot/2.0; +http://www.bing.com/bingbot.htm) Chrome/116.0.1938.76 Safari/537.36"
66.249.75.233 - - [16/May/2026:08:33:50 +0530] "GET /shop/?video=fortune+ox HTTP/1.1" 301 - "-" "Mozilla/5.0 (Linux; Android 6.0.1; Nexus 5X Build/MMB29P) AppleWebKit/537.36 (KHTML, like Gecko) Chrome/148.0.7778.96 Mobile Safari/537.36 (compatible; GoogleOther)"
66.249.75.235 - - [16/May/2026:08:34:23 +0530] "GET /shop/?video=%E0%B8%A3%E0%B8%B0%E0%B8%9A%E0%B8%9A%E0%B8%A0%E0%B8%B9%E0%B8%A1%E0%B8%B4%E0%B8%84%E0%B8%B8%E0%B9%89%E0%B8%A1%E0%B8%81%E0%B8%B1%E0%B8%99+%E0%B8%A1.5+pdf HTTP/1.1" 301 - "-" "Mozilla/5.0 (Linux; Android 6.0.1; Nexus 5X Build/MMB29P) AppleWebKit/537.36 (KHTML, like Gecko) Chrome/148.0.7778.96 Mobile Safari/537.36 (compatible; GoogleOther)"
66.249.71.201 - - [16/May/2026:08:34:59 +0530] "GET /shop/?video=pg+799+%E0%B8%AA%E0%B8%A5%E0%B9%87%E0%B8%AD%E0%B8%95 HTTP/1.1" 301 - "-" "Mozilla/5.0 (Linux; Android 6.0.1; Nexus 5X Build/MMB29P) AppleWebKit/537.36 (KHTML, like Gecko) Chrome/148.0.7778.96 Mobile Safari/537.36 (compatible; GoogleOther)"
66.249.71.200 - - [16/May/2026:08:54:11 +0530] "GET /robots.txt HTTP/1.1" 404 - "-" "Mozilla/5.0 (compatible; Googlebot/2.1; +http://www.google.com/bot.html)"
66.132.195.98 - - [16/May/2026:08:57:28 +0530] "GET / HTTP/1.1" 200 - "-" "Mozilla/5.0 (compatible; CensysInspect/1.1; +https://about.censys.io/)"
66.249.75.235 - - [16/May/2026:09:08:24 +0530] "GET /shop/?video=%E0%B9%81%E0%B8%9C%E0%B8%99%E0%B8%97%E0%B8%B5%E0%B9%88%E0%B9%82%E0%B8%A5%E0%B8%81+pdf HTTP/1.1" 301 - "-" "Mozilla/5.0 (Linux; Android 6.0.1; Nexus 5X Build/MMB29P) AppleWebKit/537.36 (KHTML, like Gecko) Chrome/148.0.7778.96 Mobile Safari/537.36 (compatible; GoogleOther)"
66.249.75.233 - - [16/May/2026:09:14:33 +0530] "GET /shop/?video=%E0%B8%99%E0%B8%B5%E0%B9%80%E0%B8%A7%E0%B8%B5%E0%B8%A210+super HTTP/1.1" 301 - "-" "Mozilla/5.0 (Linux; Android 6.0.1; Nexus 5X Build/MMB29P) AppleWebKit/537.36 (KHTML, like Gecko) Chrome/148.0.7778.96 Mobile Safari/537.36 (compatible; GoogleOther)"
66.249.75.233 - - [16/May/2026:09:53:38 +0530] "GET /shop/?video=%E0%B9%82%E0%B8%A3%E0%B9%81%E0%B8%A1%E0%B8%99%E0%B8%8B%E0%B9%8C%E0%B8%AA%E0%B9%81%E0%B8%81%E0%B8%A1 HTTP/1.1" 301 - "-" "Mozilla/5.0 (Linux; Android 6.0.1; Nexus 5X Build/MMB29P) AppleWebKit/537.36 (KHTML, like Gecko) Chrome/148.0.7778.96 Mobile Safari/537.36 (compatible; GoogleOther)"
157.55.39.13 - - [16/May/2026:12:03:48 +0530] "GET /fcevidj/ijvohkw/ HTTP/1.1" 200 - "-" "Mozilla/5.0 AppleWebKit/537.36 (KHTML, like Gecko; compatible; bingbot/2.0; +http://www.bing.com/bingbot.htm) Chrome/116.0.1938.76 Safari/537.36"
5.255.121.146 - - [16/May/2026:12:45:40 +0530] "GET / HTTP/1.1" 200 - "-" "Mozilla/5.0 (Windows NT 10.0; Win64; x64) AppleWebKit/537.36 (KHTML, like Gecko) Chrome/146.0.0.0 Safari/537.36 Edg/146.0.0.0"
5.255.121.146 - - [16/May/2026:12:45:42 +0530] "GET /secrets.json HTTP/1.1" 404 - "-" "Mozilla/5.0 (Macintosh; Intel Mac OS X 10_15_7) AppleWebKit/537.36 (KHTML, like Gecko) Chrome/146.0.0.0 Safari/537.36"
5.255.121.146 - - [16/May/2026:12:45:42 +0530] "GET /.env HTTP/1.1" 404 - "-" "Mozilla/5.0 (Macintosh; Intel Mac OS X 10_15_7) AppleWebKit/537.36 (KHTML, like Gecko) Chrome/147.0.0.0 Safari/537.36 Edg/147.0.0.0"
5.255.121.146 - - [16/May/2026:12:45:42 +0530] "GET /.env.production HTTP/1.1" 404 - "-" "Mozilla/5.0 (Macintosh; Intel Mac OS X 10_15_7) AppleWebKit/605.1.15 (KHTML, like Gecko) Version/18.4 Safari/605.1.15"
5.255.121.146 - - [16/May/2026:12:45:43 +0530] "GET /backend/.env HTTP/1.1" 404 - "-" "Mozilla/5.0 (Macintosh; Intel Mac OS X 10_15_7) AppleWebKit/537.36 (KHTML, like Gecko) Chrome/147.0.0.0 Safari/537.36"
5.255.121.146 - - [16/May/2026:12:45:43 +0530] "GET /app/.env HTTP/1.1" 404 - "-" "Mozilla/5.0 (iPhone; CPU iPhone OS 18_4 like Mac OS X) AppleWebKit/605.1.15 (KHTML, like Gecko) Version/18.4 Mobile/15E148 Safari/604.1"
5.255.121.146 - - [16/May/2026:12:45:43 +0530] "GET /.env.local HTTP/1.1" 404 - "-" "Mozilla/5.0 (Windows NT 10.0; Win64; x64) AppleWebKit/537.36 (KHTML, like Gecko) Chrome/146.0.0.0 Safari/537.36 Edg/146.0.0.0"
5.255.121.146 - - [16/May/2026:12:45:43 +0530] "GET /serviceAccountKey.json HTTP/1.1" 404 - "-" "Mozilla/5.0 (X11; Linux x86_64) AppleWebKit/537.36 (KHTML, like Gecko) Chrome/146.0.0.0 Safari/537.36"
5.255.121.146 - - [16/May/2026:12:45:43 +0530] "GET /.aws/credentials HTTP/1.1" 404 - "-" "Mozilla/5.0 (X11; Linux x86_64) AppleWebKit/537.36 (KHTML, like Gecko) Chrome/147.0.0.0 Safari/537.36"
5.255.121.146 - - [16/May/2026:12:45:43 +0530] "GET /api/.env HTTP/1.1" 404 - "-" "Mozilla/5.0 (Windows NT 10.0; Win64; x64) AppleWebKit/537.36 (KHTML, like Gecko) Chrome/147.0.0.0 Safari/537.36"
5.255.121.146 - - [16/May/2026:12:45:43 +0530] "GET /credentials.json HTTP/1.1" 404 - "-" "Mozilla/5.0 (Macintosh; Intel Mac OS X 10_15_7) AppleWebKit/537.36 (KHTML, like Gecko) Chrome/146.0.0.0 Safari/537.36"
5.255.121.146 - - [16/May/2026:12:45:44 +0530] "GET / HTTP/1.1" 200 - "-" "Mozilla/5.0 (X11; Linux x86_64) AppleWebKit/537.36 (KHTML, like Gecko) Chrome/147.0.0.0 Safari/537.36"
5.255.121.146 - - [16/May/2026:12:45:45 +0530] "GET /.env.production.copy HTTP/1.1" 404 - "-" "Mozilla/5.0 (Windows NT 10.0; Win64; x64) AppleWebKit/537.36 (KHTML, like Gecko) Chrome/145.0.0.0 Safari/537.36"
5.255.121.146 - - [16/May/2026:12:45:45 +0530] "GET /.git/HEAD HTTP/1.1" 404 - "-" "Mozilla/5.0 (Windows NT 10.0; Win64; x64) AppleWebKit/537.36 (KHTML, like Gecko) Chrome/146.0.0.0 Safari/537.36 Edg/146.0.0.0"
5.255.121.146 - - [16/May/2026:12:45:45 +0530] "GET /.git/FETCH_HEAD HTTP/1.1" 404 - "-" "Mozilla/5.0 (iPhone; CPU iPhone OS 18_4 like Mac OS X) AppleWebKit/605.1.15 (KHTML, like Gecko) Version/18.4 Mobile/15E148 Safari/604.1"
5.255.121.146 - - [16/May/2026:12:45:45 +0530] "GET /.git/config HTTP/1.1" 404 - "-" "Mozilla/5.0 (Macintosh; Intel Mac OS X 10_15_7) AppleWebKit/605.1.15 (KHTML, like Gecko) Version/18.4 Safari/605.1.15"
5.255.121.146 - - [16/May/2026:12:45:45 +0530] "GET /.git/refs/heads/main HTTP/1.1" 404 - "-" "Mozilla/5.0 (Macintosh; Intel Mac OS X 10_15_7) AppleWebKit/605.1.15 (KHTML, like Gecko) Version/18.3 Safari/605.1.15"
5.255.121.146 - - [16/May/2026:12:45:45 +0530] "GET /.git/logs/HEAD HTTP/1.1" 404 - "-" "Mozilla/5.0 (Macintosh; Intel Mac OS X 10_15_7) AppleWebKit/537.36 (KHTML, like Gecko) Chrome/147.0.0.0 Safari/537.36"
5.255.121.146 - - [16/May/2026:12:45:45 +0530] "GET /.git/refs/heads/master HTTP/1.1" 404 - "-" "Mozilla/5.0 (Windows NT 10.0; Win64; x64) AppleWebKit/537.36 (KHTML, like Gecko) Chrome/147.0.0.0 Safari/537.36"
5.255.121.146 - - [16/May/2026:12:45:45 +0530] "GET /.env.bak HTTP/1.1" 404 - "-" "Mozilla/5.0 (X11; Linux x86_64) AppleWebKit/537.36 (KHTML, like Gecko) Chrome/147.0.0.0 Safari/537.36"
5.255.121.146 - - [16/May/2026:12:45:46 +0530] "GET /.env.local.swp HTTP/1.1" 404 - "-" "Mozilla/5.0 (Macintosh; Intel Mac OS X 10_15_7) AppleWebKit/605.1.15 (KHTML, like Gecko) Version/18.4 Safari/605.1.15"
5.255.121.146 - - [16/May/2026:12:45:46 +0530] "GET /.env.copy HTTP/1.1" 404 - "-" "Mozilla/5.0 (X11; Linux x86_64; rv:150.0) Gecko/20100101 Firefox/150.0"
5.255.121.146 - - [16/May/2026:12:45:46 +0530] "GET /.env.save HTTP/1.1" 404 - "-" "Mozilla/5.0 (X11; Linux x86_64) AppleWebKit/537.36 (KHTML, like Gecko) Chrome/146.0.0.0 Safari/537.36"
5.255.121.146 - - [16/May/2026:12:45:46 +0530] "GET /.env.local.old HTTP/1.1" 404 - "-" "Mozilla/5.0 (X11; Linux x86_64; rv:149.0) Gecko/20100101 Firefox/149.0"
5.255.121.146 - - [16/May/2026:12:45:46 +0530] "GET /.env.backup HTTP/1.1" 404 - "-" "Mozilla/5.0 (Macintosh; Intel Mac OS X 10_15_7) AppleWebKit/537.36 (KHTML, like Gecko) Chrome/146.0.0.0 Safari/537.36"
5.255.121.146 - - [16/May/2026:12:45:46 +0530] "GET /.env.old HTTP/1.1" 404 - "-" "Mozilla/5.0 (Windows NT 10.0; Win64; x64) AppleWebKit/537.36 (KHTML, like Gecko) Chrome/146.0.0.0 Safari/537.36"
5.255.121.146 - - [16/May/2026:12:45:46 +0530] "GET /.env~ HTTP/1.1" 404 - "-" "Mozilla/5.0 (Windows NT 10.0; Win64; x64) AppleWebKit/537.36 (KHTML, like Gecko) Chrome/145.0.0.0 Safari/537.36"
5.255.121.146 - - [16/May/2026:12:45:46 +0530] "GET /.env.production.orig HTTP/1.1" 404 - "-" "Mozilla/5.0 (Windows NT 10.0; Win64; x64) AppleWebKit/537.36 (KHTML, like Gecko) Chrome/145.0.0.0 Safari/537.36"
5.255.121.146 - - [16/May/2026:12:45:46 +0530] "GET /.env.local.bak HTTP/1.1" 404 - "-" "Mozilla/5.0 (Windows NT 10.0; Win64; x64; rv:149.0) Gecko/20100101 Firefox/149.0"
5.255.121.146 - - [16/May/2026:12:45:46 +0530] "GET /.env.swp HTTP/1.1" 404 - "-" "Mozilla/5.0 (Windows NT 10.0; Win64; x64; rv:150.0) Gecko/20100101 Firefox/150.0"
5.255.121.146 - - [16/May/2026:12:45:46 +0530] "GET /.env.orig HTTP/1.1" 404 - "-" "Mozilla/5.0 (Macintosh; Intel Mac OS X 10.15; rv:150.0) Gecko/20100101 Firefox/150.0"
5.255.121.146 - - [16/May/2026:12:45:46 +0530] "GET /.env.local.backup HTTP/1.1" 404 - "-" "Mozilla/5.0 (Windows NT 10.0; Win64; x64) AppleWebKit/537.36 (KHTML, like Gecko) Chrome/147.0.0.0 Safari/537.36 Edg/147.0.0.0"
5.255.121.146 - - [16/May/2026:12:45:46 +0530] "GET /.env.production.bak HTTP/1.1" 404 - "-" "Mozilla/5.0 (Windows NT 10.0; Win64; x64) AppleWebKit/537.36 (KHTML, like Gecko) Chrome/147.0.0.0 Safari/537.36"
5.255.121.146 - - [16/May/2026:12:45:46 +0530] "GET /.env.local.save HTTP/1.1" 404 - "-" "Mozilla/5.0 (Macintosh; Intel Mac OS X 10_15_7) AppleWebKit/537.36 (KHTML, like Gecko) Chrome/147.0.0.0 Safari/537.36 Edg/147.0.0.0"
5.255.121.146 - - [16/May/2026:12:45:46 +0530] "GET /.env.local~ HTTP/1.1" 404 - "-" "Mozilla/5.0 (Windows NT 10.0; Win64; x64) AppleWebKit/537.36 (KHTML, like Gecko) Chrome/146.0.0.0 Safari/537.36 Edg/146.0.0.0"
5.255.121.146 - - [16/May/2026:12:45:46 +0530] "GET /.env.production.save HTTP/1.1" 404 - "-" "Mozilla/5.0 (Windows NT 10.0; Win64; x64) AppleWebKit/537.36 (KHTML, like Gecko) Chrome/146.0.0.0 Safari/537.36"
5.255.121.146 - - [16/May/2026:12:45:47 +0530] "GET /.env.local.orig HTTP/1.1" 404 - "-" "Mozilla/5.0 (iPhone; CPU iPhone OS 18_4 like Mac OS X) AppleWebKit/605.1.15 (KHTML, like Gecko) Version/18.4 Mobile/15E148 Safari/604.1"
5.255.121.146 - - [16/May/2026:12:45:46 +0530] "GET /.env.production.swp HTTP/1.1" 404 - "-" "Mozilla/5.0 (X11; Linux x86_64) AppleWebKit/537.36 (KHTML, like Gecko) Chrome/146.0.0.0 Safari/537.36"
5.255.121.146 - - [16/May/2026:12:45:47 +0530] "GET /.env.production~ HTTP/1.1" 404 - "-" "Mozilla/5.0 (Macintosh; Intel Mac OS X 10_15_7) AppleWebKit/537.36 (KHTML, like Gecko) Chrome/146.0.0.0 Safari/537.36"
5.255.121.146 - - [16/May/2026:12:45:47 +0530] "GET /.env.local.copy HTTP/1.1" 404 - "-" "Mozilla/5.0 (Macintosh; Intel Mac OS X 10_15_7) AppleWebKit/605.1.15 (KHTML, like Gecko) Version/18.3 Safari/605.1.15"
5.255.121.146 - - [16/May/2026:12:45:47 +0530] "GET /.env.production.backup HTTP/1.1" 404 - "-" "Mozilla/5.0 (X11; Linux x86_64) AppleWebKit/537.36 (KHTML, like Gecko) Chrome/147.0.0.0 Safari/537.36"
5.255.121.146 - - [16/May/2026:12:45:47 +0530] "GET /.env.production.old HTTP/1.1" 404 - "-" "Mozilla/5.0 (Macintosh; Intel Mac OS X 10_15_7) AppleWebKit/537.36 (KHTML, like Gecko) Chrome/147.0.0.0 Safari/537.36"
5.255.121.146 - - [16/May/2026:12:45:47 +0530] "GET / HTTP/1.1" 200 - "-" "Mozilla/5.0 (Windows NT 10.0; Win64; x64) AppleWebKit/537.36 (KHTML, like Gecko) Chrome/147.0.0.0 Safari/537.36"
138.246.253.24 - - [16/May/2026:14:01:31 +0530] "GET /robots.txt HTTP/1.1" 404 - "-" "Mozilla/5.0 (Windows NT 10.0; Win64; x64) AppleWebKit/537.36 (KHTML, like Gecko) Chrome/103.0.5060.134 Safari/537.36"
203.83.39.87 - - [16/May/2026:14:22:49 +0530] "GET /shop HTTP/1.1" 301 246 "-" "Mozilla/5.0 (Windows NT 10.0; Win64; x64) AppleWebKit/537.36 (KHTML, like Gecko) Chrome/148.0.0.0 Safari/537.36"
203.83.39.87 - - [16/May/2026:14:22:49 +0530] "GET /shop/ HTTP/1.1" 301 - "-" "Mozilla/5.0 (Windows NT 10.0; Win64; x64) AppleWebKit/537.36 (KHTML, like Gecko) Chrome/148.0.0.0 Safari/537.36"
40.77.167.42 - - [16/May/2026:14:35:45 +0530] "GET /fcevidj/?C=S;O=A HTTP/1.1" 200 346 "-" "Mozilla/5.0 AppleWebKit/537.36 (KHTML, like Gecko; compatible; bingbot/2.0; +http://www.bing.com/bingbot.htm) Chrome/116.0.1938.76 Safari/537.36"
176.65.139.229 - - [16/May/2026:15:18:22 +0530] "GET /.env HTTP/1.1" 404 - "-" "Mozilla/5.0 (Windows NT 10.0; Win64; x64) AppleWebKit/537.36 (KHTML, like Gecko) Chrome/147.0.0.0 Safari/537.36"
176.65.139.236 - - [16/May/2026:15:18:32 +0530] "GET /.env HTTP/1.1" 404 - "-" "Mozilla/5.0 (Windows NT 10.0; Win64; x64) AppleWebKit/537.36 (KHTML, like Gecko) Chrome/147.0.0.0 Safari/537.36"
66.249.75.233 - - [16/May/2026:18:38:54 +0530] "GET /shop/?video=%E0%B8%97%E0%B8%94%E0%B8%A5%E0%B8%AD%E0%B8%87%E0%B9%80%E0%B8%A5%E0%B9%88%E0%B8%99%E0%B8%84%E0%B9%88%E0%B8%B2%E0%B8%A2pg HTTP/1.1" 301 - "-" "Mozilla/5.0 (Linux; Android 6.0.1; Nexus 5X Build/MMB29P) AppleWebKit/537.36 (KHTML, like Gecko) Chrome/148.0.7778.96 Mobile Safari/537.36 (compatible; GoogleOther)"
94.247.172.129 - - [16/May/2026:19:10:21 +0530] "GET / HTTP/1.1" 200 - "-" "Mozilla/5.0 (Macintosh; Intel Mac OS X 10_9_2)"
52.167.144.157 - - [16/May/2026:19:17:05 +0530] "GET /dgnw1kp/wq1ghca/ HTTP/1.1" 200 - "-" "Mozilla/5.0 AppleWebKit/537.36 (KHTML, like Gecko; compatible; bingbot/2.0; +http://www.bing.com/bingbot.htm) Chrome/116.0.1938.76 Safari/537.36"
66.249.75.233 - - [16/May/2026:19:21:51 +0530] "GET /shop/?video=%E0%B8%95%E0%B8%A3%E0%B8%A7%E0%B8%88%E0%B8%AB%E0%B8%A7%E0%B8%A2%E0%B8%A7%E0%B8%B1%E0%B8%99%E0%B8%99%E0%B8%B5%E0%B9%89%E0%B8%A5%E0%B9%88%E0%B8%B2%E0%B8%AA%E0%B8%B8%E0%B8%94+2564 HTTP/1.1" 301 - "-" "Mozilla/5.0 (Linux; Android 6.0.1; Nexus 5X Build/MMB29P) AppleWebKit/537.36 (KHTML, like Gecko) Chrome/148.0.7778.96 Mobile Safari/537.36 (compatible; GoogleOther)"
66.249.75.233 - - [16/May/2026:19:32:29 +0530] "GET /shop/sitemap-index.xml HTTP/1.1" 200 273 "-" "Mozilla/5.0 (compatible; Googlebot/2.1; +http://www.google.com/bot.html)"
52.167.144.208 - - [16/May/2026:19:41:36 +0530] "GET /?C=M;O=D HTTP/1.1" 200 - "-" "Mozilla/5.0 AppleWebKit/537.36 (KHTML, like Gecko; compatible; bingbot/2.0; +http://www.bing.com/bingbot.htm) Chrome/116.0.1938.76 Safari/537.36"
66.249.75.234 - - [16/May/2026:19:59:39 +0530] "GET /shop/?video=flight+to+bangkok HTTP/1.1" 301 - "-" "Mozilla/5.0 (Linux; Android 6.0.1; Nexus 5X Build/MMB29P) AppleWebKit/537.36 (KHTML, like Gecko) Chrome/148.0.7778.96 Mobile Safari/537.36 (compatible; GoogleOther)"
66.249.75.233 - - [16/May/2026:20:48:39 +0530] "GET /shop/?video=%E0%B8%9E%E0%B8%B4%E0%B8%A1%E0%B8%9E%E0%B9%8C%E0%B9%83%E0%B8%99+pdf HTTP/1.1" 301 - "-" "Mozilla/5.0 (Linux; Android 6.0.1; Nexus 5X Build/MMB29P) AppleWebKit/537.36 (KHTML, like Gecko) Chrome/148.0.7778.96 Mobile Safari/537.36 (compatible; GoogleOther)"
66.249.75.234 - - [16/May/2026:21:15:07 +0530] "GET /robots.txt HTTP/1.1" 404 - "-" "Mozilla/5.0 (compatible; Googlebot/2.1; +http://www.google.com/bot.html)"
66.249.71.201 - - [16/May/2026:21:15:39 +0530] "GET /shop/sitemap-4.xml HTTP/1.1" 200 76014 "-" "Mozilla/5.0 (compatible; Googlebot/2.1; +http://www.google.com/bot.html)"
66.132.195.70 - - [16/May/2026:21:23:55 +0530] "GET / HTTP/1.1" 200 - "-" "Mozilla/5.0 (compatible; CensysInspect/1.1; +https://about.censys.io/)"
66.249.75.235 - - [16/May/2026:21:24:09 +0530] "GET /shop/sitemap-18.xml HTTP/1.1" 200 124866 "-" "Mozilla/5.0 (compatible; Googlebot/2.1; +http://www.google.com/bot.html)"
66.249.71.202 - - [16/May/2026:22:11:30 +0530] "GET /shop/sitemap-10.xml HTTP/1.1" 200 125887 "-" "Mozilla/5.0 (compatible; Googlebot/2.1; +http://www.google.com/bot.html)"
157.55.39.10 - - [16/May/2026:22:21:10 +0530] "GET /fcevidj/?C=D;O=A HTTP/1.1" 200 346 "-" "Mozilla/5.0 AppleWebKit/537.36 (KHTML, like Gecko; compatible; bingbot/2.0; +http://www.bing.com/bingbot.htm) Chrome/116.0.1938.76 Safari/537.36"