| Server IP : 82.180.147.116 / Your IP : 216.73.216.4 Web Server : Apache System : Linux server.vsyshosting.com 5.14.0-503.40.1.el9_5.x86_64 #1 SMP PREEMPT_DYNAMIC Mon May 5 06:06:04 EDT 2025 x86_64 User : demoplace ( 1009) PHP Version : 7.4.33 Disable Function : exec,passthru,shell_exec,system MySQL : OFF | cURL : ON | WGET : ON | Perl : ON | Python : OFF | Sudo : OFF | Pkexec : OFF Directory : /proc/1843192/root/proc/1843192/cwd/access-logs/ |
Upload File : |
66.132.195.35 - - [15/May/2026:18:00:21 +0530] "GET / HTTP/1.1" 200 264 "-" "Mozilla/5.0 (compatible; CensysInspect/1.1; +https://about.censys.io/)"
77.68.2.199 - - [15/May/2026:18:14:53 +0530] "POST /9iwgxKG3FoV.php HTTP/1.1" 403 202 "www.google.com" "Mozlila/5.0 (Linux; Android 7.0; SM-G892A Bulid/NRD90M; wv) AppleWebKit/537.36 (KHTML, like Gecko) Version/4.0 Chrome/60.0.3112.107 Moblie Safari/537.36"
77.68.2.199 - - [15/May/2026:18:14:55 +0530] "GET /admin.php HTTP/1.1" 200 207 "www.google.com" "Mozlila/5.0 (Linux; Android 7.0; SM-G892A Bulid/NRD90M; wv) AppleWebKit/537.36 (KHTML, like Gecko) Version/4.0 Chrome/60.0.3112.107 Moblie Safari/537.36"
77.68.2.199 - - [15/May/2026:18:14:58 +0530] "POST /9iwgxKG3FoV.php HTTP/1.1" 403 202 "www.google.com" "Mozlila/5.0 (Linux; Android 7.0; SM-G892A Bulid/NRD90M; wv) AppleWebKit/537.36 (KHTML, like Gecko) Version/4.0 Chrome/60.0.3112.107 Moblie Safari/537.36"
77.68.2.199 - - [15/May/2026:18:15:00 +0530] "GET /admin.php HTTP/1.1" 200 207 "www.google.com" "Mozlila/5.0 (Linux; Android 7.0; SM-G892A Bulid/NRD90M; wv) AppleWebKit/537.36 (KHTML, like Gecko) Version/4.0 Chrome/60.0.3112.107 Moblie Safari/537.36"
136.112.220.178 - - [15/May/2026:18:26:29 +0530] "GET / HTTP/1.1" 200 264 "-" "Mozilla/5.0 (compatible; CMS-Checker/1.0; +https://example.com)"
34.122.135.59 - - [15/May/2026:18:27:11 +0530] "GET / HTTP/1.1" 200 264 "-" "Mozilla/5.0 (compatible; CMS-Checker/1.0; +https://example.com)"
43.131.36.84 - - [15/May/2026:18:30:00 +0530] "GET / HTTP/1.1" 200 264 "-" "Mozilla/5.0 (iPhone; CPU iPhone OS 13_2_3 like Mac OS X) AppleWebKit/605.1.15 (KHTML, like Gecko) Version/13.0.3 Mobile/15E148 Safari/604.1"
80.94.95.202 - - [15/May/2026:18:35:22 +0530] "GET / HTTP/1.0" 200 576 "http://krishnaagrosolutions.com/" "Mozilla/5.0 (Windows NT 10.0; Win64; x64) AppleWebKit/537.36 (KHTML, like Gecko) Chrome/131.0.0.0 Safari/537.36 Avast/131.0.0.0"
34.62.226.141 - - [15/May/2026:19:20:50 +0530] "GET / HTTP/1.1" 508 224 "-" "Mozilla/5.0 (compatible; VelenPublicWebCrawler/1.0; +https://velen.io)"
77.68.2.199 - - [15/May/2026:19:25:05 +0530] "POST /theme-insaoxn.php HTTP/1.1" 403 204 "www.google.com" "Mozlila/5.0 (Linux; Android 7.0; SM-G892A Bulid/NRD90M; wv) AppleWebKit/537.36 (KHTML, like Gecko) Version/4.0 Chrome/60.0.3112.107 Moblie Safari/537.36"
77.68.2.199 - - [15/May/2026:19:25:07 +0530] "GET /admin.php HTTP/1.1" 200 207 "www.google.com" "Mozlila/5.0 (Linux; Android 7.0; SM-G892A Bulid/NRD90M; wv) AppleWebKit/537.36 (KHTML, like Gecko) Version/4.0 Chrome/60.0.3112.107 Moblie Safari/537.36"
77.68.2.199 - - [15/May/2026:19:25:10 +0530] "POST /theme-insaoxn.php HTTP/1.1" 403 204 "www.google.com" "Mozlila/5.0 (Linux; Android 7.0; SM-G892A Bulid/NRD90M; wv) AppleWebKit/537.36 (KHTML, like Gecko) Version/4.0 Chrome/60.0.3112.107 Moblie Safari/537.36"
77.68.2.199 - - [15/May/2026:19:25:12 +0530] "GET /admin.php HTTP/1.1" 200 207 "www.google.com" "Mozlila/5.0 (Linux; Android 7.0; SM-G892A Bulid/NRD90M; wv) AppleWebKit/537.36 (KHTML, like Gecko) Version/4.0 Chrome/60.0.3112.107 Moblie Safari/537.36"
43.164.0.96 - - [15/May/2026:19:28:39 +0530] "GET / HTTP/1.1" 200 264 "-" "Mozilla/5.0 (iPhone; CPU iPhone OS 13_2_3 like Mac OS X) AppleWebKit/605.1.15 (KHTML, like Gecko) Version/13.0.3 Mobile/15E148 Safari/604.1"
77.68.2.199 - - [15/May/2026:19:31:47 +0530] "POST /9iwgxKG3FoV.php HTTP/1.1" 403 202 "www.google.com" "Mozlila/5.0 (Linux; Android 7.0; SM-G892A Bulid/NRD90M; wv) AppleWebKit/537.36 (KHTML, like Gecko) Version/4.0 Chrome/60.0.3112.107 Moblie Safari/537.36"
77.68.2.199 - - [15/May/2026:19:31:50 +0530] "GET /admin.php HTTP/1.1" 200 207 "www.google.com" "Mozlila/5.0 (Linux; Android 7.0; SM-G892A Bulid/NRD90M; wv) AppleWebKit/537.36 (KHTML, like Gecko) Version/4.0 Chrome/60.0.3112.107 Moblie Safari/537.36"
77.68.2.199 - - [15/May/2026:19:31:51 +0530] "POST /9iwgxKG3FoV.php HTTP/1.1" 403 202 "www.google.com" "Mozlila/5.0 (Linux; Android 7.0; SM-G892A Bulid/NRD90M; wv) AppleWebKit/537.36 (KHTML, like Gecko) Version/4.0 Chrome/60.0.3112.107 Moblie Safari/537.36"
77.68.2.199 - - [15/May/2026:19:31:53 +0530] "GET /admin.php HTTP/1.1" 200 207 "www.google.com" "Mozlila/5.0 (Linux; Android 7.0; SM-G892A Bulid/NRD90M; wv) AppleWebKit/537.36 (KHTML, like Gecko) Version/4.0 Chrome/60.0.3112.107 Moblie Safari/537.36"
35.196.209.107 - - [15/May/2026:19:46:32 +0530] "GET / HTTP/1.1" 200 264 "-" "Mozilla/5.0 (compatible; CMS-Checker/1.0; +https://example.com)"
54.175.105.124 - - [15/May/2026:19:55:35 +0530] "GET /robots.txt HTTP/1.1" 200 143 "-" "Mozilla/5.0 (Windows NT 10.0; Win64; x64) AppleWebKit/537.36 (KHTML, like Gecko) Chrome/86.0.4240.75 Safari/537.36"
54.175.105.124 - - [15/May/2026:19:55:35 +0530] "GET / HTTP/1.1" 200 264 "-" "Mozilla/5.0 (Windows NT 10.0; Win64; x64) AppleWebKit/537.36 (KHTML, like Gecko) Chrome/86.0.4240.75 Safari/537.36"
172.104.238.141 - - [15/May/2026:20:20:21 +0530] "GET /wp-login.php HTTP/1.1" 200 264 "-" "Mozilla/5.0"
147.182.240.11 - - [15/May/2026:20:37:00 +0530] "GET /wp-login.php HTTP/1.1" 200 264 "-" "Mozilla/5.0"
77.68.2.199 - - [15/May/2026:20:42:09 +0530] "POST /9iwgxKG3FoV.php HTTP/1.1" 403 202 "www.google.com" "Mozlila/5.0 (Linux; Android 7.0; SM-G892A Bulid/NRD90M; wv) AppleWebKit/537.36 (KHTML, like Gecko) Version/4.0 Chrome/60.0.3112.107 Moblie Safari/537.36"
77.68.2.199 - - [15/May/2026:20:42:12 +0530] "GET /admin.php HTTP/1.1" 200 207 "www.google.com" "Mozlila/5.0 (Linux; Android 7.0; SM-G892A Bulid/NRD90M; wv) AppleWebKit/537.36 (KHTML, like Gecko) Version/4.0 Chrome/60.0.3112.107 Moblie Safari/537.36"
77.68.2.199 - - [15/May/2026:20:42:14 +0530] "POST /9iwgxKG3FoV.php HTTP/1.1" 403 202 "www.google.com" "Mozlila/5.0 (Linux; Android 7.0; SM-G892A Bulid/NRD90M; wv) AppleWebKit/537.36 (KHTML, like Gecko) Version/4.0 Chrome/60.0.3112.107 Moblie Safari/537.36"
77.68.2.199 - - [15/May/2026:20:42:16 +0530] "GET /admin.php HTTP/1.1" 200 207 "www.google.com" "Mozlila/5.0 (Linux; Android 7.0; SM-G892A Bulid/NRD90M; wv) AppleWebKit/537.36 (KHTML, like Gecko) Version/4.0 Chrome/60.0.3112.107 Moblie Safari/537.36"
77.68.2.199 - - [15/May/2026:20:43:42 +0530] "POST /wp-head.php HTTP/1.1" 403 201 "www.google.com" "Mozlila/5.0 (Linux; Android 7.0; SM-G892A Bulid/NRD90M; wv) AppleWebKit/537.36 (KHTML, like Gecko) Version/4.0 Chrome/60.0.3112.107 Moblie Safari/537.36"
77.68.2.199 - - [15/May/2026:20:43:43 +0530] "GET /admin.php HTTP/1.1" 200 207 "www.google.com" "Mozlila/5.0 (Linux; Android 7.0; SM-G892A Bulid/NRD90M; wv) AppleWebKit/537.36 (KHTML, like Gecko) Version/4.0 Chrome/60.0.3112.107 Moblie Safari/537.36"
77.68.2.199 - - [15/May/2026:20:43:45 +0530] "POST /wp-head.php HTTP/1.1" 403 201 "www.google.com" "Mozlila/5.0 (Linux; Android 7.0; SM-G892A Bulid/NRD90M; wv) AppleWebKit/537.36 (KHTML, like Gecko) Version/4.0 Chrome/60.0.3112.107 Moblie Safari/537.36"
77.68.2.199 - - [15/May/2026:20:43:46 +0530] "GET /admin.php HTTP/1.1" 200 207 "www.google.com" "Mozlila/5.0 (Linux; Android 7.0; SM-G892A Bulid/NRD90M; wv) AppleWebKit/537.36 (KHTML, like Gecko) Version/4.0 Chrome/60.0.3112.107 Moblie Safari/537.36"
172.104.62.184 - - [15/May/2026:21:04:07 +0530] "GET /wp-login.php HTTP/1.1" 200 264 "-" "Mozilla/5.0"
77.68.2.199 - - [15/May/2026:21:28:02 +0530] "POST /wp-head.php HTTP/1.1" 403 201 "www.google.com" "Mozlila/5.0 (Linux; Android 7.0; SM-G892A Bulid/NRD90M; wv) AppleWebKit/537.36 (KHTML, like Gecko) Version/4.0 Chrome/60.0.3112.107 Moblie Safari/537.36"
77.68.2.199 - - [15/May/2026:21:28:05 +0530] "GET /admin.php HTTP/1.1" 200 207 "www.google.com" "Mozlila/5.0 (Linux; Android 7.0; SM-G892A Bulid/NRD90M; wv) AppleWebKit/537.36 (KHTML, like Gecko) Version/4.0 Chrome/60.0.3112.107 Moblie Safari/537.36"
77.68.2.199 - - [15/May/2026:21:28:08 +0530] "POST /wp-head.php HTTP/1.1" 403 201 "www.google.com" "Mozlila/5.0 (Linux; Android 7.0; SM-G892A Bulid/NRD90M; wv) AppleWebKit/537.36 (KHTML, like Gecko) Version/4.0 Chrome/60.0.3112.107 Moblie Safari/537.36"
77.68.2.199 - - [15/May/2026:21:28:11 +0530] "GET /admin.php HTTP/1.1" 200 207 "www.google.com" "Mozlila/5.0 (Linux; Android 7.0; SM-G892A Bulid/NRD90M; wv) AppleWebKit/537.36 (KHTML, like Gecko) Version/4.0 Chrome/60.0.3112.107 Moblie Safari/537.36"
34.31.21.37 - - [15/May/2026:21:35:56 +0530] "GET / HTTP/1.1" 200 264 "-" "Mozilla/5.0 (compatible; CMS-Checker/1.0; +https://example.com)"
77.68.2.199 - - [15/May/2026:21:53:23 +0530] "POST /assets/images/banner/23c48S_7Q46Id_6D5z3V_85d323_371300.php HTTP/1.1" 200 203 "www.google.com" "Mozlila/5.0 (Linux; Android 7.0; SM-G892A Bulid/NRD90M; wv) AppleWebKit/537.36 (KHTML, like Gecko) Version/4.0 Chrome/60.0.3112.107 Moblie Safari/537.36"
77.68.2.199 - - [15/May/2026:21:53:26 +0530] "GET /assets/images/banner/admin.php HTTP/1.1" 200 205 "www.google.com" "Mozlila/5.0 (Linux; Android 7.0; SM-G892A Bulid/NRD90M; wv) AppleWebKit/537.36 (KHTML, like Gecko) Version/4.0 Chrome/60.0.3112.107 Moblie Safari/537.36"
77.68.2.199 - - [15/May/2026:21:53:28 +0530] "POST /assets/images/banner/23c48S_7Q46Id_6D5z3V_85d323_371300.php HTTP/1.1" 200 203 "www.google.com" "Mozlila/5.0 (Linux; Android 7.0; SM-G892A Bulid/NRD90M; wv) AppleWebKit/537.36 (KHTML, like Gecko) Version/4.0 Chrome/60.0.3112.107 Moblie Safari/537.36"
77.68.2.199 - - [15/May/2026:21:53:30 +0530] "GET /assets/images/banner/admin.php HTTP/1.1" 200 205 "www.google.com" "Mozlila/5.0 (Linux; Android 7.0; SM-G892A Bulid/NRD90M; wv) AppleWebKit/537.36 (KHTML, like Gecko) Version/4.0 Chrome/60.0.3112.107 Moblie Safari/537.36"
77.68.2.199 - - [15/May/2026:22:12:26 +0530] "POST /SLPgQcmZdpM.php HTTP/1.1" 403 206 "www.google.com" "Mozlila/5.0 (Linux; Android 7.0; SM-G892A Bulid/NRD90M; wv) AppleWebKit/537.36 (KHTML, like Gecko) Version/4.0 Chrome/60.0.3112.107 Moblie Safari/537.36"
77.68.2.199 - - [15/May/2026:22:12:28 +0530] "GET /admin.php HTTP/1.1" 200 207 "www.google.com" "Mozlila/5.0 (Linux; Android 7.0; SM-G892A Bulid/NRD90M; wv) AppleWebKit/537.36 (KHTML, like Gecko) Version/4.0 Chrome/60.0.3112.107 Moblie Safari/537.36"
77.68.2.199 - - [15/May/2026:22:12:29 +0530] "POST /SLPgQcmZdpM.php HTTP/1.1" 403 206 "www.google.com" "Mozlila/5.0 (Linux; Android 7.0; SM-G892A Bulid/NRD90M; wv) AppleWebKit/537.36 (KHTML, like Gecko) Version/4.0 Chrome/60.0.3112.107 Moblie Safari/537.36"
77.68.2.199 - - [15/May/2026:22:12:32 +0530] "GET /admin.php HTTP/1.1" 200 207 "www.google.com" "Mozlila/5.0 (Linux; Android 7.0; SM-G892A Bulid/NRD90M; wv) AppleWebKit/537.36 (KHTML, like Gecko) Version/4.0 Chrome/60.0.3112.107 Moblie Safari/537.36"
77.68.2.199 - - [15/May/2026:22:12:44 +0530] "POST /bRSB2xMYkso.php HTTP/1.1" 403 205 "www.google.com" "Mozlila/5.0 (Linux; Android 7.0; SM-G892A Bulid/NRD90M; wv) AppleWebKit/537.36 (KHTML, like Gecko) Version/4.0 Chrome/60.0.3112.107 Moblie Safari/537.36"
77.68.2.199 - - [15/May/2026:22:12:46 +0530] "GET /admin.php HTTP/1.1" 200 207 "www.google.com" "Mozlila/5.0 (Linux; Android 7.0; SM-G892A Bulid/NRD90M; wv) AppleWebKit/537.36 (KHTML, like Gecko) Version/4.0 Chrome/60.0.3112.107 Moblie Safari/537.36"
77.68.2.199 - - [15/May/2026:22:12:49 +0530] "POST /bRSB2xMYkso.php HTTP/1.1" 403 205 "www.google.com" "Mozlila/5.0 (Linux; Android 7.0; SM-G892A Bulid/NRD90M; wv) AppleWebKit/537.36 (KHTML, like Gecko) Version/4.0 Chrome/60.0.3112.107 Moblie Safari/537.36"
77.68.2.199 - - [15/May/2026:22:12:53 +0530] "GET /admin.php HTTP/1.1" 200 207 "www.google.com" "Mozlila/5.0 (Linux; Android 7.0; SM-G892A Bulid/NRD90M; wv) AppleWebKit/537.36 (KHTML, like Gecko) Version/4.0 Chrome/60.0.3112.107 Moblie Safari/537.36"
43.165.65.117 - - [15/May/2026:22:17:06 +0530] "GET / HTTP/1.1" 200 264 "-" "Mozilla/5.0 (iPhone; CPU iPhone OS 13_2_3 like Mac OS X) AppleWebKit/605.1.15 (KHTML, like Gecko) Version/13.0.3 Mobile/15E148 Safari/604.1"
77.90.185.5 - - [15/May/2026:22:17:53 +0530] "GET / HTTP/1.0" 200 576 "http://krishnaagrosolutions.com/" "Mozilla/5.0 (Windows NT 10.0; Win64; x64) AppleWebKit/537.36 (KHTML, like Gecko) Chrome/131.0.0.0 Safari/537.36"
178.63.63.253 - - [15/May/2026:22:19:21 +0530] "GET / HTTP/1.1" 200 264 "-" "Mozilla/5.0 (Windows NT 10.0; Win64; x64) AppleWebKit/537.36 (KHTML, like Gecko) Chrome/109.0.0.0 Safari/537.36"
77.68.2.199 - - [15/May/2026:22:40:00 +0530] "POST /SLPgQcmZdpM.php HTTP/1.1" 403 206 "www.google.com" "Mozlila/5.0 (Linux; Android 7.0; SM-G892A Bulid/NRD90M; wv) AppleWebKit/537.36 (KHTML, like Gecko) Version/4.0 Chrome/60.0.3112.107 Moblie Safari/537.36"
77.68.2.199 - - [15/May/2026:22:40:04 +0530] "GET /admin.php HTTP/1.1" 200 207 "www.google.com" "Mozlila/5.0 (Linux; Android 7.0; SM-G892A Bulid/NRD90M; wv) AppleWebKit/537.36 (KHTML, like Gecko) Version/4.0 Chrome/60.0.3112.107 Moblie Safari/537.36"
77.68.2.199 - - [15/May/2026:22:40:08 +0530] "POST /SLPgQcmZdpM.php HTTP/1.1" 403 206 "www.google.com" "Mozlila/5.0 (Linux; Android 7.0; SM-G892A Bulid/NRD90M; wv) AppleWebKit/537.36 (KHTML, like Gecko) Version/4.0 Chrome/60.0.3112.107 Moblie Safari/537.36"
77.68.2.199 - - [15/May/2026:22:40:10 +0530] "GET /admin.php HTTP/1.1" 200 207 "www.google.com" "Mozlila/5.0 (Linux; Android 7.0; SM-G892A Bulid/NRD90M; wv) AppleWebKit/537.36 (KHTML, like Gecko) Version/4.0 Chrome/60.0.3112.107 Moblie Safari/537.36"
212.102.59.221 - - [15/May/2026:23:28:57 +0530] "GET / HTTP/1.1" 200 264 "-" "Mozilla/5.0 (X11; Linux x86_64) AppleWebKit/537.36 (KHTML, like Gecko) Chrome/138.0.0.0 Safari/537.36"
85.204.70.112 - - [15/May/2026:23:41:49 +0530] "GET / HTTP/1.1" 200 576 "-" "Mozilla/5.0 (Windows NT 10.0; Win64; x64) AppleWebKit/537.36 (KHTML, like Gecko) Chrome/78.0.3904.108 Safari/537.36"
85.204.70.112 - - [15/May/2026:23:41:50 +0530] "GET / HTTP/1.1" 200 576 "-" "Mozilla/5.0 (Windows NT 10.0; Win64; x64) AppleWebKit/537.36 (KHTML, like Gecko) Chrome/78.0.3904.108 Safari/537.36"
85.204.70.112 - - [15/May/2026:23:41:50 +0530] "GET /wp-includes/wlwmanifest.xml HTTP/1.1" 200 576 "-" "Mozilla/5.0 (Windows NT 10.0; Win64; x64) AppleWebKit/537.36 (KHTML, like Gecko) Chrome/78.0.3904.108 Safari/537.36"
85.204.70.112 - - [15/May/2026:23:41:52 +0530] "GET /xmlrpc.php?rsd HTTP/1.1" 403 576 "-" "Mozilla/5.0 (Windows NT 10.0; Win64; x64) AppleWebKit/537.36 (KHTML, like Gecko) Chrome/78.0.3904.108 Safari/537.36"
85.204.70.112 - - [15/May/2026:23:41:52 +0530] "GET / HTTP/1.1" 200 576 "-" "Mozilla/5.0 (Windows NT 10.0; Win64; x64) AppleWebKit/537.36 (KHTML, like Gecko) Chrome/78.0.3904.108 Safari/537.36"
85.204.70.112 - - [15/May/2026:23:41:52 +0530] "GET /blog/wp-includes/wlwmanifest.xml HTTP/1.1" 200 576 "-" "Mozilla/5.0 (Windows NT 10.0; Win64; x64) AppleWebKit/537.36 (KHTML, like Gecko) Chrome/78.0.3904.108 Safari/537.36"
85.204.70.112 - - [15/May/2026:23:41:52 +0530] "GET /web/wp-includes/wlwmanifest.xml HTTP/1.1" 200 576 "-" "Mozilla/5.0 (Windows NT 10.0; Win64; x64) AppleWebKit/537.36 (KHTML, like Gecko) Chrome/78.0.3904.108 Safari/537.36"
85.204.70.112 - - [15/May/2026:23:41:53 +0530] "GET /wordpress/wp-includes/wlwmanifest.xml HTTP/1.1" 200 576 "-" "Mozilla/5.0 (Windows NT 10.0; Win64; x64) AppleWebKit/537.36 (KHTML, like Gecko) Chrome/78.0.3904.108 Safari/537.36"
85.204.70.112 - - [15/May/2026:23:41:53 +0530] "GET /website/wp-includes/wlwmanifest.xml HTTP/1.1" 200 576 "-" "Mozilla/5.0 (Windows NT 10.0; Win64; x64) AppleWebKit/537.36 (KHTML, like Gecko) Chrome/78.0.3904.108 Safari/537.36"
85.204.70.112 - - [15/May/2026:23:41:53 +0530] "GET /wp/wp-includes/wlwmanifest.xml HTTP/1.1" 200 576 "-" "Mozilla/5.0 (Windows NT 10.0; Win64; x64) AppleWebKit/537.36 (KHTML, like Gecko) Chrome/78.0.3904.108 Safari/537.36"
85.204.70.112 - - [15/May/2026:23:41:54 +0530] "GET /news/wp-includes/wlwmanifest.xml HTTP/1.1" 200 576 "-" "Mozilla/5.0 (Windows NT 10.0; Win64; x64) AppleWebKit/537.36 (KHTML, like Gecko) Chrome/78.0.3904.108 Safari/537.36"
85.204.70.112 - - [15/May/2026:23:41:54 +0530] "GET /2018/wp-includes/wlwmanifest.xml HTTP/1.1" 200 576 "-" "Mozilla/5.0 (Windows NT 10.0; Win64; x64) AppleWebKit/537.36 (KHTML, like Gecko) Chrome/78.0.3904.108 Safari/537.36"
85.204.70.112 - - [15/May/2026:23:41:56 +0530] "GET /2019/wp-includes/wlwmanifest.xml HTTP/1.1" 200 576 "-" "Mozilla/5.0 (Windows NT 10.0; Win64; x64) AppleWebKit/537.36 (KHTML, like Gecko) Chrome/78.0.3904.108 Safari/537.36"
85.204.70.112 - - [15/May/2026:23:41:56 +0530] "GET /shop/wp-includes/wlwmanifest.xml HTTP/1.1" 200 576 "-" "Mozilla/5.0 (Windows NT 10.0; Win64; x64) AppleWebKit/537.36 (KHTML, like Gecko) Chrome/78.0.3904.108 Safari/537.36"
85.204.70.112 - - [15/May/2026:23:41:57 +0530] "GET /wp1/wp-includes/wlwmanifest.xml HTTP/1.1" 200 576 "-" "Mozilla/5.0 (Windows NT 10.0; Win64; x64) AppleWebKit/537.36 (KHTML, like Gecko) Chrome/78.0.3904.108 Safari/537.36"
85.204.70.112 - - [15/May/2026:23:41:57 +0530] "GET /test/wp-includes/wlwmanifest.xml HTTP/1.1" 200 576 "-" "Mozilla/5.0 (Windows NT 10.0; Win64; x64) AppleWebKit/537.36 (KHTML, like Gecko) Chrome/78.0.3904.108 Safari/537.36"
85.204.70.112 - - [15/May/2026:23:41:57 +0530] "GET /media/wp-includes/wlwmanifest.xml HTTP/1.1" 200 576 "-" "Mozilla/5.0 (Windows NT 10.0; Win64; x64) AppleWebKit/537.36 (KHTML, like Gecko) Chrome/78.0.3904.108 Safari/537.36"
85.204.70.112 - - [15/May/2026:23:41:57 +0530] "GET /wp2/wp-includes/wlwmanifest.xml HTTP/1.1" 200 576 "-" "Mozilla/5.0 (Windows NT 10.0; Win64; x64) AppleWebKit/537.36 (KHTML, like Gecko) Chrome/78.0.3904.108 Safari/537.36"
85.204.70.112 - - [15/May/2026:23:41:57 +0530] "GET /site/wp-includes/wlwmanifest.xml HTTP/1.1" 200 576 "-" "Mozilla/5.0 (Windows NT 10.0; Win64; x64) AppleWebKit/537.36 (KHTML, like Gecko) Chrome/78.0.3904.108 Safari/537.36"
85.204.70.112 - - [15/May/2026:23:41:58 +0530] "GET /cms/wp-includes/wlwmanifest.xml HTTP/1.1" 200 576 "-" "Mozilla/5.0 (Windows NT 10.0; Win64; x64) AppleWebKit/537.36 (KHTML, like Gecko) Chrome/78.0.3904.108 Safari/537.36"
85.204.70.112 - - [15/May/2026:23:41:58 +0530] "GET /sito/wp-includes/wlwmanifest.xml HTTP/1.1" 200 576 "-" "Mozilla/5.0 (Windows NT 10.0; Win64; x64) AppleWebKit/537.36 (KHTML, like Gecko) Chrome/78.0.3904.108 Safari/537.36"
77.68.2.199 - - [15/May/2026:23:55:31 +0530] "POST /wp-head.php HTTP/1.1" 403 201 "www.google.com" "Mozlila/5.0 (Linux; Android 7.0; SM-G892A Bulid/NRD90M; wv) AppleWebKit/537.36 (KHTML, like Gecko) Version/4.0 Chrome/60.0.3112.107 Moblie Safari/537.36"
77.68.2.199 - - [15/May/2026:23:55:35 +0530] "GET /admin.php HTTP/1.1" 200 207 "www.google.com" "Mozlila/5.0 (Linux; Android 7.0; SM-G892A Bulid/NRD90M; wv) AppleWebKit/537.36 (KHTML, like Gecko) Version/4.0 Chrome/60.0.3112.107 Moblie Safari/537.36"
77.68.2.199 - - [15/May/2026:23:55:38 +0530] "POST /wp-head.php HTTP/1.1" 403 201 "www.google.com" "Mozlila/5.0 (Linux; Android 7.0; SM-G892A Bulid/NRD90M; wv) AppleWebKit/537.36 (KHTML, like Gecko) Version/4.0 Chrome/60.0.3112.107 Moblie Safari/537.36"
77.68.2.199 - - [15/May/2026:23:55:41 +0530] "GET /admin.php HTTP/1.1" 200 207 "www.google.com" "Mozlila/5.0 (Linux; Android 7.0; SM-G892A Bulid/NRD90M; wv) AppleWebKit/537.36 (KHTML, like Gecko) Version/4.0 Chrome/60.0.3112.107 Moblie Safari/537.36"
43.134.177.47 - - [16/May/2026:00:00:36 +0530] "GET / HTTP/1.1" 200 264 "-" "Mozilla/5.0 (iPhone; CPU iPhone OS 13_2_3 like Mac OS X) AppleWebKit/605.1.15 (KHTML, like Gecko) Version/13.0.3 Mobile/15E148 Safari/604.1"
34.74.242.206 - - [16/May/2026:00:15:18 +0530] "GET /robots.txt HTTP/1.0" 200 143 "-" "ZoominfoBot (zoominfobot at zoominfo dot com)"
34.74.242.206 - - [16/May/2026:00:15:18 +0530] "GET / HTTP/1.0" 200 264 "-" "ZoominfoBot (zoominfobot at zoominfo dot com)"
77.68.2.199 - - [16/May/2026:00:18:54 +0530] "POST /wp-head.php HTTP/1.1" 403 201 "www.google.com" "Mozlila/5.0 (Linux; Android 7.0; SM-G892A Bulid/NRD90M; wv) AppleWebKit/537.36 (KHTML, like Gecko) Version/4.0 Chrome/60.0.3112.107 Moblie Safari/537.36"
77.68.2.199 - - [16/May/2026:00:18:56 +0530] "GET /admin.php HTTP/1.1" 200 207 "www.google.com" "Mozlila/5.0 (Linux; Android 7.0; SM-G892A Bulid/NRD90M; wv) AppleWebKit/537.36 (KHTML, like Gecko) Version/4.0 Chrome/60.0.3112.107 Moblie Safari/537.36"
77.68.2.199 - - [16/May/2026:00:18:58 +0530] "POST /wp-head.php HTTP/1.1" 403 201 "www.google.com" "Mozlila/5.0 (Linux; Android 7.0; SM-G892A Bulid/NRD90M; wv) AppleWebKit/537.36 (KHTML, like Gecko) Version/4.0 Chrome/60.0.3112.107 Moblie Safari/537.36"
77.68.2.199 - - [16/May/2026:00:19:01 +0530] "GET /admin.php HTTP/1.1" 200 207 "www.google.com" "Mozlila/5.0 (Linux; Android 7.0; SM-G892A Bulid/NRD90M; wv) AppleWebKit/537.36 (KHTML, like Gecko) Version/4.0 Chrome/60.0.3112.107 Moblie Safari/537.36"
34.74.242.206 - - [16/May/2026:00:45:47 +0530] "GET /robots.txt HTTP/1.0" 200 143 "-" "ZoominfoBot (zoominfobot at zoominfo dot com)"
34.74.242.206 - - [16/May/2026:00:45:48 +0530] "GET / HTTP/1.0" 200 264 "-" "ZoominfoBot (zoominfobot at zoominfo dot com)"
77.68.2.199 - - [16/May/2026:01:07:36 +0530] "POST /theme-insaoxn.php HTTP/1.1" 403 204 "www.google.com" "Mozlila/5.0 (Linux; Android 7.0; SM-G892A Bulid/NRD90M; wv) AppleWebKit/537.36 (KHTML, like Gecko) Version/4.0 Chrome/60.0.3112.107 Moblie Safari/537.36"
77.68.2.199 - - [16/May/2026:01:07:37 +0530] "GET /admin.php HTTP/1.1" 200 207 "www.google.com" "Mozlila/5.0 (Linux; Android 7.0; SM-G892A Bulid/NRD90M; wv) AppleWebKit/537.36 (KHTML, like Gecko) Version/4.0 Chrome/60.0.3112.107 Moblie Safari/537.36"
77.68.2.199 - - [16/May/2026:01:07:39 +0530] "POST /theme-insaoxn.php HTTP/1.1" 403 204 "www.google.com" "Mozlila/5.0 (Linux; Android 7.0; SM-G892A Bulid/NRD90M; wv) AppleWebKit/537.36 (KHTML, like Gecko) Version/4.0 Chrome/60.0.3112.107 Moblie Safari/537.36"
77.68.2.199 - - [16/May/2026:01:07:40 +0530] "GET /admin.php HTTP/1.1" 200 207 "www.google.com" "Mozlila/5.0 (Linux; Android 7.0; SM-G892A Bulid/NRD90M; wv) AppleWebKit/537.36 (KHTML, like Gecko) Version/4.0 Chrome/60.0.3112.107 Moblie Safari/537.36"
77.68.2.199 - - [16/May/2026:01:44:40 +0530] "POST /SLPgQcmZdpM.php HTTP/1.1" 403 206 "www.google.com" "Mozlila/5.0 (Linux; Android 7.0; SM-G892A Bulid/NRD90M; wv) AppleWebKit/537.36 (KHTML, like Gecko) Version/4.0 Chrome/60.0.3112.107 Moblie Safari/537.36"
77.68.2.199 - - [16/May/2026:01:44:42 +0530] "GET /admin.php HTTP/1.1" 200 207 "www.google.com" "Mozlila/5.0 (Linux; Android 7.0; SM-G892A Bulid/NRD90M; wv) AppleWebKit/537.36 (KHTML, like Gecko) Version/4.0 Chrome/60.0.3112.107 Moblie Safari/537.36"
77.68.2.199 - - [16/May/2026:01:44:45 +0530] "POST /SLPgQcmZdpM.php HTTP/1.1" 403 206 "www.google.com" "Mozlila/5.0 (Linux; Android 7.0; SM-G892A Bulid/NRD90M; wv) AppleWebKit/537.36 (KHTML, like Gecko) Version/4.0 Chrome/60.0.3112.107 Moblie Safari/537.36"
77.68.2.199 - - [16/May/2026:01:44:47 +0530] "GET /admin.php HTTP/1.1" 200 207 "www.google.com" "Mozlila/5.0 (Linux; Android 7.0; SM-G892A Bulid/NRD90M; wv) AppleWebKit/537.36 (KHTML, like Gecko) Version/4.0 Chrome/60.0.3112.107 Moblie Safari/537.36"
77.68.2.199 - - [16/May/2026:01:45:00 +0530] "POST /bRSB2xMYkso.php HTTP/1.1" 403 205 "www.google.com" "Mozlila/5.0 (Linux; Android 7.0; SM-G892A Bulid/NRD90M; wv) AppleWebKit/537.36 (KHTML, like Gecko) Version/4.0 Chrome/60.0.3112.107 Moblie Safari/537.36"
77.68.2.199 - - [16/May/2026:01:45:01 +0530] "GET /admin.php HTTP/1.1" 200 207 "www.google.com" "Mozlila/5.0 (Linux; Android 7.0; SM-G892A Bulid/NRD90M; wv) AppleWebKit/537.36 (KHTML, like Gecko) Version/4.0 Chrome/60.0.3112.107 Moblie Safari/537.36"
77.68.2.199 - - [16/May/2026:01:45:03 +0530] "POST /bRSB2xMYkso.php HTTP/1.1" 403 205 "www.google.com" "Mozlila/5.0 (Linux; Android 7.0; SM-G892A Bulid/NRD90M; wv) AppleWebKit/537.36 (KHTML, like Gecko) Version/4.0 Chrome/60.0.3112.107 Moblie Safari/537.36"
77.68.2.199 - - [16/May/2026:01:45:05 +0530] "GET /admin.php HTTP/1.1" 200 207 "www.google.com" "Mozlila/5.0 (Linux; Android 7.0; SM-G892A Bulid/NRD90M; wv) AppleWebKit/537.36 (KHTML, like Gecko) Version/4.0 Chrome/60.0.3112.107 Moblie Safari/537.36"
46.105.39.50 - - [16/May/2026:02:12:05 +0530] "GET /robots.txt HTTP/1.1" 200 143 "-" "Mozilla/5.0 (compatible; MJ12bot/v2.0.5; http://mj12bot.com/)"
46.105.39.50 - - [16/May/2026:02:12:06 +0530] "GET / HTTP/1.1" 200 264 "-" "Mozilla/5.0 (compatible; MJ12bot/v2.0.5; http://mj12bot.com/)"
46.105.39.50 - - [16/May/2026:02:12:07 +0530] "GET /robots.txt HTTP/1.1" 200 143 "-" "Mozilla/5.0 (compatible; MJ12bot/v2.0.5; http://mj12bot.com/)"
46.105.39.50 - - [16/May/2026:02:12:07 +0530] "GET / HTTP/1.1" 200 264 "-" "Mozilla/5.0 (compatible; MJ12bot/v2.0.5; http://mj12bot.com/)"
77.68.2.199 - - [16/May/2026:02:45:21 +0530] "POST /wp-head.php HTTP/1.1" 403 201 "www.google.com" "Mozlila/5.0 (Linux; Android 7.0; SM-G892A Bulid/NRD90M; wv) AppleWebKit/537.36 (KHTML, like Gecko) Version/4.0 Chrome/60.0.3112.107 Moblie Safari/537.36"
77.68.2.199 - - [16/May/2026:02:45:24 +0530] "GET /admin.php HTTP/1.1" 200 207 "www.google.com" "Mozlila/5.0 (Linux; Android 7.0; SM-G892A Bulid/NRD90M; wv) AppleWebKit/537.36 (KHTML, like Gecko) Version/4.0 Chrome/60.0.3112.107 Moblie Safari/537.36"
77.68.2.199 - - [16/May/2026:02:45:26 +0530] "POST /wp-head.php HTTP/1.1" 403 201 "www.google.com" "Mozlila/5.0 (Linux; Android 7.0; SM-G892A Bulid/NRD90M; wv) AppleWebKit/537.36 (KHTML, like Gecko) Version/4.0 Chrome/60.0.3112.107 Moblie Safari/537.36"
77.68.2.199 - - [16/May/2026:02:45:27 +0530] "GET /admin.php HTTP/1.1" 200 207 "www.google.com" "Mozlila/5.0 (Linux; Android 7.0; SM-G892A Bulid/NRD90M; wv) AppleWebKit/537.36 (KHTML, like Gecko) Version/4.0 Chrome/60.0.3112.107 Moblie Safari/537.36"
101.99.88.90 - - [16/May/2026:03:47:31 +0530] "GET / HTTP/1.1" 200 158408 "-" "Mozilla/5.0 (compatible; Googlebot/2.1; +http://www.google.com/bot.html)"
114.119.155.236 - - [16/May/2026:03:49:11 +0530] "GET /assets/images/product/0006.jpg HTTP/1.1" 200 264 "http://krishnaagrosolutions.com/views/products.php" "Mozilla/5.0 (Linux; Android 7.0;) AppleWebKit/537.36 (HTML, like Gecko) Mobile Safari/537.36 (compatible; PetalBot;+https://webmaster.petalsearch.com/site/petalbot)"
8.230.101.95 - - [16/May/2026:03:54:30 +0530] "HEAD /wp/ HTTP/1.1" 200 - "-" "Mozilla/5.0 (Linux; Android 14; Xiaomi 14 Pro) AppleWebKit/537.36 (KHTML, like Gecko) Chrome/126.0.6478.33 Mobile Safari/537.36"
8.230.101.95 - - [16/May/2026:03:54:31 +0530] "HEAD /new/ HTTP/1.1" 200 - "-" "Mozilla/5.0 (Linux; Android 11; moto g31) AppleWebKit/537.36 (KHTML, like Gecko) Chrome/122.0.6261.96 Mobile Safari/537.36"
8.230.101.95 - - [16/May/2026:03:54:31 +0530] "HEAD /old/ HTTP/1.1" 200 - "-" "Mozilla/5.0 (Linux; Android 14; SM-A146P) AppleWebKit/537.36 (KHTML, like Gecko) SamsungBrowser/25.0 Chrome/123.0.6312.120 Mobile Safari/537.36"
8.230.101.95 - - [16/May/2026:03:54:32 +0530] "HEAD /wordpress/ HTTP/1.1" 200 - "-" "Mozilla/5.0 (Macintosh; Intel Mac OS X 14_5) AppleWebKit/605.1.15 (KHTML, like Gecko) Version/17.5 Safari/605.1.15"
8.230.101.95 - - [16/May/2026:03:54:32 +0530] "HEAD /backup/ HTTP/1.1" 200 - "-" "Mozilla/5.0 (Linux; Android 14; OnePlus 12) AppleWebKit/537.36 (KHTML, like Gecko) Chrome/125.0.6422.102 Mobile Safari/537.36"
8.230.101.95 - - [16/May/2026:03:54:32 +0530] "HEAD /blog/ HTTP/1.1" 200 - "-" "Mozilla/5.0 (Linux; Android 14; OnePlus 12) AppleWebKit/537.36 (KHTML, like Gecko) Chrome/125.0.6422.102 Mobile Safari/537.36"
8.230.101.95 - - [16/May/2026:03:54:33 +0530] "HEAD / HTTP/1.1" 200 - "-" "Mozilla/5.0 (X11; Linux x86_64) AppleWebKit/537.36 (KHTML, like Gecko) Chrome/125.0.6422.76 Safari/537.36"
77.68.2.199 - - [16/May/2026:04:23:23 +0530] "POST /theme-insaoxn.php HTTP/1.1" 403 204 "www.google.com" "Mozlila/5.0 (Linux; Android 7.0; SM-G892A Bulid/NRD90M; wv) AppleWebKit/537.36 (KHTML, like Gecko) Version/4.0 Chrome/60.0.3112.107 Moblie Safari/537.36"
77.68.2.199 - - [16/May/2026:04:23:24 +0530] "GET /admin.php HTTP/1.1" 200 207 "www.google.com" "Mozlila/5.0 (Linux; Android 7.0; SM-G892A Bulid/NRD90M; wv) AppleWebKit/537.36 (KHTML, like Gecko) Version/4.0 Chrome/60.0.3112.107 Moblie Safari/537.36"
77.68.2.199 - - [16/May/2026:04:23:26 +0530] "POST /theme-insaoxn.php HTTP/1.1" 403 204 "www.google.com" "Mozlila/5.0 (Linux; Android 7.0; SM-G892A Bulid/NRD90M; wv) AppleWebKit/537.36 (KHTML, like Gecko) Version/4.0 Chrome/60.0.3112.107 Moblie Safari/537.36"
77.68.2.199 - - [16/May/2026:04:23:28 +0530] "GET /admin.php HTTP/1.1" 200 207 "www.google.com" "Mozlila/5.0 (Linux; Android 7.0; SM-G892A Bulid/NRD90M; wv) AppleWebKit/537.36 (KHTML, like Gecko) Version/4.0 Chrome/60.0.3112.107 Moblie Safari/537.36"
150.109.46.88 - - [16/May/2026:04:55:02 +0530] "GET / HTTP/1.1" 200 264 "-" "Mozilla/5.0 (iPhone; CPU iPhone OS 13_2_3 like Mac OS X) AppleWebKit/605.1.15 (KHTML, like Gecko) Version/13.0.3 Mobile/15E148 Safari/604.1"
77.68.2.199 - - [16/May/2026:05:24:33 +0530] "POST /theme-insaoxn.php HTTP/1.1" 403 204 "www.google.com" "Mozlila/5.0 (Linux; Android 7.0; SM-G892A Bulid/NRD90M; wv) AppleWebKit/537.36 (KHTML, like Gecko) Version/4.0 Chrome/60.0.3112.107 Moblie Safari/537.36"
77.68.2.199 - - [16/May/2026:05:24:34 +0530] "GET /admin.php HTTP/1.1" 200 207 "www.google.com" "Mozlila/5.0 (Linux; Android 7.0; SM-G892A Bulid/NRD90M; wv) AppleWebKit/537.36 (KHTML, like Gecko) Version/4.0 Chrome/60.0.3112.107 Moblie Safari/537.36"
77.68.2.199 - - [16/May/2026:05:24:36 +0530] "POST /theme-insaoxn.php HTTP/1.1" 403 204 "www.google.com" "Mozlila/5.0 (Linux; Android 7.0; SM-G892A Bulid/NRD90M; wv) AppleWebKit/537.36 (KHTML, like Gecko) Version/4.0 Chrome/60.0.3112.107 Moblie Safari/537.36"
77.68.2.199 - - [16/May/2026:05:24:37 +0530] "GET /admin.php HTTP/1.1" 200 207 "www.google.com" "Mozlila/5.0 (Linux; Android 7.0; SM-G892A Bulid/NRD90M; wv) AppleWebKit/537.36 (KHTML, like Gecko) Version/4.0 Chrome/60.0.3112.107 Moblie Safari/537.36"
64.40.151.47 - - [16/May/2026:05:25:49 +0530] "GET / HTTP/1.1" 200 264 "-" "Mozilla/5.0 (X11; Linux x86_64) AppleWebKit/537.36 (KHTML, like Gecko) Chrome/138.0.0.0 Safari/537.36"
77.68.2.199 - - [16/May/2026:05:46:35 +0530] "POST /wp-head.php HTTP/1.1" 403 201 "www.google.com" "Mozlila/5.0 (Linux; Android 7.0; SM-G892A Bulid/NRD90M; wv) AppleWebKit/537.36 (KHTML, like Gecko) Version/4.0 Chrome/60.0.3112.107 Moblie Safari/537.36"
77.68.2.199 - - [16/May/2026:05:46:37 +0530] "GET /admin.php HTTP/1.1" 200 207 "www.google.com" "Mozlila/5.0 (Linux; Android 7.0; SM-G892A Bulid/NRD90M; wv) AppleWebKit/537.36 (KHTML, like Gecko) Version/4.0 Chrome/60.0.3112.107 Moblie Safari/537.36"
77.68.2.199 - - [16/May/2026:05:46:40 +0530] "POST /wp-head.php HTTP/1.1" 403 201 "www.google.com" "Mozlila/5.0 (Linux; Android 7.0; SM-G892A Bulid/NRD90M; wv) AppleWebKit/537.36 (KHTML, like Gecko) Version/4.0 Chrome/60.0.3112.107 Moblie Safari/537.36"
77.68.2.199 - - [16/May/2026:05:46:42 +0530] "GET /admin.php HTTP/1.1" 200 207 "www.google.com" "Mozlila/5.0 (Linux; Android 7.0; SM-G892A Bulid/NRD90M; wv) AppleWebKit/537.36 (KHTML, like Gecko) Version/4.0 Chrome/60.0.3112.107 Moblie Safari/537.36"
170.106.165.186 - - [16/May/2026:06:15:05 +0530] "GET / HTTP/1.1" 200 264 "-" "Mozilla/5.0 (iPhone; CPU iPhone OS 13_2_3 like Mac OS X) AppleWebKit/605.1.15 (KHTML, like Gecko) Version/13.0.3 Mobile/15E148 Safari/604.1"
77.68.2.199 - - [16/May/2026:06:18:50 +0530] "POST /bRSB2xMYkso.php HTTP/1.1" 403 205 "www.google.com" "Mozlila/5.0 (Linux; Android 7.0; SM-G892A Bulid/NRD90M; wv) AppleWebKit/537.36 (KHTML, like Gecko) Version/4.0 Chrome/60.0.3112.107 Moblie Safari/537.36"
77.68.2.199 - - [16/May/2026:06:18:51 +0530] "GET /admin.php HTTP/1.1" 200 207 "www.google.com" "Mozlila/5.0 (Linux; Android 7.0; SM-G892A Bulid/NRD90M; wv) AppleWebKit/537.36 (KHTML, like Gecko) Version/4.0 Chrome/60.0.3112.107 Moblie Safari/537.36"
77.68.2.199 - - [16/May/2026:06:18:53 +0530] "POST /bRSB2xMYkso.php HTTP/1.1" 403 205 "www.google.com" "Mozlila/5.0 (Linux; Android 7.0; SM-G892A Bulid/NRD90M; wv) AppleWebKit/537.36 (KHTML, like Gecko) Version/4.0 Chrome/60.0.3112.107 Moblie Safari/537.36"
77.68.2.199 - - [16/May/2026:06:18:54 +0530] "GET /admin.php HTTP/1.1" 200 207 "www.google.com" "Mozlila/5.0 (Linux; Android 7.0; SM-G892A Bulid/NRD90M; wv) AppleWebKit/537.36 (KHTML, like Gecko) Version/4.0 Chrome/60.0.3112.107 Moblie Safari/537.36"
199.244.88.227 - - [16/May/2026:06:45:29 +0530] "GET / HTTP/1.1" 200 264 "-" "Mozilla/5.0 (X11; Linux x86_64) AppleWebKit/537.36 (KHTML, like Gecko) Chrome/105.0.0.0 Safari/537.36"
2.58.56.42 - - [16/May/2026:07:06:44 +0530] "GET //.env HTTP/1.1" 200 264 "-" "Go-http-client/1.1"
87.236.176.103 - - [16/May/2026:08:02:52 +0530] "GET / HTTP/1.1" 200 264 "-" "Mozilla/5.0 (compatible; InternetMeasurement/1.0; +https://internet-measurement.com/)"
188.120.250.100 - - [16/May/2026:08:23:29 +0530] "GET / HTTP/1.1" 200 264 "-" "Mozilla/5.0 (Windows NT 10.0; Win64; x64) AppleWebKit/537.36 (KHTML, like Gecko) Chrome/120.0.0.0 Safari/537.36"
17.246.23.145 - - [16/May/2026:08:26:52 +0530] "GET /robots.txt HTTP/1.1" 200 143 "-" "Mozilla/5.0 (Macintosh; Intel Mac OS X 10_15_7) AppleWebKit/605.1.15 (KHTML, like Gecko) Version/17.4 Safari/605.1.15 (Applebot/0.1; +http://www.apple.com/go/applebot)"
17.246.23.145 - - [16/May/2026:08:26:53 +0530] "GET / HTTP/1.1" 200 264 "-" "Mozilla/5.0 (Macintosh; Intel Mac OS X 10_15_7) AppleWebKit/605.1.15 (KHTML, like Gecko) Version/17.4 Safari/605.1.15 (Applebot/0.1; +http://www.apple.com/go/applebot)"
17.246.15.7 - - [16/May/2026:08:26:54 +0530] "GET /robots.txt HTTP/1.1" 200 143 "-" "Mozilla/5.0 (Macintosh; Intel Mac OS X 10_15_7) AppleWebKit/605.1.15 (KHTML, like Gecko) Version/17.4 Safari/605.1.15 (Applebot/0.1; +http://www.apple.com/go/applebot)"
17.246.15.7 - - [16/May/2026:08:26:55 +0530] "GET /robots.txt HTTP/1.1" 200 143 "-" "Mozilla/5.0 (Macintosh; Intel Mac OS X 10_15_7) AppleWebKit/605.1.15 (KHTML, like Gecko) Version/17.4 Safari/605.1.15 (Applebot/0.1; +http://www.apple.com/go/applebot)"
17.246.15.7 - - [16/May/2026:08:26:56 +0530] "GET /robots.txt HTTP/1.1" 200 143 "-" "Mozilla/5.0 (Macintosh; Intel Mac OS X 10_15_7) AppleWebKit/605.1.15 (KHTML, like Gecko) Version/17.4 Safari/605.1.15 (Applebot/0.1; +http://www.apple.com/go/applebot)"
17.246.15.7 - - [16/May/2026:08:26:58 +0530] "GET /robots.txt HTTP/1.1" 200 143 "-" "Mozilla/5.0 (Macintosh; Intel Mac OS X 10_15_7) AppleWebKit/605.1.15 (KHTML, like Gecko) Version/17.4 Safari/605.1.15 (Applebot/0.1; +http://www.apple.com/go/applebot)"
17.246.15.7 - - [16/May/2026:08:26:59 +0530] "GET /robots.txt HTTP/1.1" 200 143 "-" "Mozilla/5.0 (Macintosh; Intel Mac OS X 10_15_7) AppleWebKit/605.1.15 (KHTML, like Gecko) Version/17.4 Safari/605.1.15 (Applebot/0.1; +http://www.apple.com/go/applebot)"
17.246.15.7 - - [16/May/2026:08:27:01 +0530] "GET /robots.txt HTTP/1.1" 200 143 "-" "Mozilla/5.0 (Macintosh; Intel Mac OS X 10_15_7) AppleWebKit/605.1.15 (KHTML, like Gecko) Version/17.4 Safari/605.1.15 (Applebot/0.1; +http://www.apple.com/go/applebot)"
17.246.15.7 - - [16/May/2026:08:27:03 +0530] "GET /robots.txt HTTP/1.1" 200 143 "-" "Mozilla/5.0 (Macintosh; Intel Mac OS X 10_15_7) AppleWebKit/605.1.15 (KHTML, like Gecko) Version/17.4 Safari/605.1.15 (Applebot/0.1; +http://www.apple.com/go/applebot)"
43.135.145.77 - - [16/May/2026:09:38:40 +0530] "GET / HTTP/1.1" 200 264 "-" "Mozilla/5.0 (iPhone; CPU iPhone OS 13_2_3 like Mac OS X) AppleWebKit/605.1.15 (KHTML, like Gecko) Version/13.0.3 Mobile/15E148 Safari/604.1"
77.68.2.199 - - [16/May/2026:09:45:19 +0530] "POST /9iwgxKG3FoV.php HTTP/1.1" 403 202 "www.google.com" "Mozlila/5.0 (Linux; Android 7.0; SM-G892A Bulid/NRD90M; wv) AppleWebKit/537.36 (KHTML, like Gecko) Version/4.0 Chrome/60.0.3112.107 Moblie Safari/537.36"
77.68.2.199 - - [16/May/2026:09:45:21 +0530] "GET /admin.php HTTP/1.1" 200 207 "www.google.com" "Mozlila/5.0 (Linux; Android 7.0; SM-G892A Bulid/NRD90M; wv) AppleWebKit/537.36 (KHTML, like Gecko) Version/4.0 Chrome/60.0.3112.107 Moblie Safari/537.36"
77.68.2.199 - - [16/May/2026:09:45:23 +0530] "POST /9iwgxKG3FoV.php HTTP/1.1" 403 202 "www.google.com" "Mozlila/5.0 (Linux; Android 7.0; SM-G892A Bulid/NRD90M; wv) AppleWebKit/537.36 (KHTML, like Gecko) Version/4.0 Chrome/60.0.3112.107 Moblie Safari/537.36"
77.68.2.199 - - [16/May/2026:09:45:25 +0530] "GET /admin.php HTTP/1.1" 200 207 "www.google.com" "Mozlila/5.0 (Linux; Android 7.0; SM-G892A Bulid/NRD90M; wv) AppleWebKit/537.36 (KHTML, like Gecko) Version/4.0 Chrome/60.0.3112.107 Moblie Safari/537.36"
185.220.100.243 - - [16/May/2026:10:27:30 +0530] "GET / HTTP/1.1" 200 264 "krishnaagrosolutions.com" "Mozilla/5.0 (Windows NT 10.0; Win64; x64) AppleWebKit/537.36 (KHTML, like Gecko) Chrome/125.0.0.0 Safari/537.36"
43.167.239.66 - - [16/May/2026:10:30:46 +0530] "GET / HTTP/1.1" 200 264 "-" "Mozilla/5.0 (iPhone; CPU iPhone OS 13_2_3 like Mac OS X) AppleWebKit/605.1.15 (KHTML, like Gecko) Version/13.0.3 Mobile/15E148 Safari/604.1"
114.119.157.24 - - [16/May/2026:10:36:45 +0530] "GET / HTTP/1.1" 200 264 "http://krishnaagrosolutions.com/" "Mozilla/5.0 (Linux; Android 7.0;) AppleWebKit/537.36 (HTML, like Gecko) Mobile Safari/537.36 (compatible; PetalBot;+https://webmaster.petalsearch.com/site/petalbot)"
77.68.2.199 - - [16/May/2026:11:08:04 +0530] "POST /theme-insaoxn.php HTTP/1.1" 403 204 "www.google.com" "Mozlila/5.0 (Linux; Android 7.0; SM-G892A Bulid/NRD90M; wv) AppleWebKit/537.36 (KHTML, like Gecko) Version/4.0 Chrome/60.0.3112.107 Moblie Safari/537.36"
77.68.2.199 - - [16/May/2026:11:08:06 +0530] "GET /admin.php HTTP/1.1" 200 207 "www.google.com" "Mozlila/5.0 (Linux; Android 7.0; SM-G892A Bulid/NRD90M; wv) AppleWebKit/537.36 (KHTML, like Gecko) Version/4.0 Chrome/60.0.3112.107 Moblie Safari/537.36"
77.68.2.199 - - [16/May/2026:11:08:08 +0530] "POST /theme-insaoxn.php HTTP/1.1" 403 204 "www.google.com" "Mozlila/5.0 (Linux; Android 7.0; SM-G892A Bulid/NRD90M; wv) AppleWebKit/537.36 (KHTML, like Gecko) Version/4.0 Chrome/60.0.3112.107 Moblie Safari/537.36"
77.68.2.199 - - [16/May/2026:11:08:10 +0530] "GET /admin.php HTTP/1.1" 200 207 "www.google.com" "Mozlila/5.0 (Linux; Android 7.0; SM-G892A Bulid/NRD90M; wv) AppleWebKit/537.36 (KHTML, like Gecko) Version/4.0 Chrome/60.0.3112.107 Moblie Safari/537.36"
114.119.139.166 - - [16/May/2026:12:18:24 +0530] "GET /krishnaagrosolutions@gmail.com HTTP/1.1" 200 264 "http://krishnaagrosolutions.com/" "Mozilla/5.0 (Linux; Android 7.0;) AppleWebKit/537.36 (HTML, like Gecko) Mobile Safari/537.36 (compatible; PetalBot;+https://webmaster.petalsearch.com/site/petalbot)"
77.68.2.199 - - [16/May/2026:12:24:16 +0530] "POST /theme-insaoxn.php HTTP/1.1" 403 204 "www.google.com" "Mozlila/5.0 (Linux; Android 7.0; SM-G892A Bulid/NRD90M; wv) AppleWebKit/537.36 (KHTML, like Gecko) Version/4.0 Chrome/60.0.3112.107 Moblie Safari/537.36"
77.68.2.199 - - [16/May/2026:12:24:19 +0530] "GET /admin.php HTTP/1.1" 200 207 "www.google.com" "Mozlila/5.0 (Linux; Android 7.0; SM-G892A Bulid/NRD90M; wv) AppleWebKit/537.36 (KHTML, like Gecko) Version/4.0 Chrome/60.0.3112.107 Moblie Safari/537.36"
77.68.2.199 - - [16/May/2026:12:24:22 +0530] "POST /theme-insaoxn.php HTTP/1.1" 403 204 "www.google.com" "Mozlila/5.0 (Linux; Android 7.0; SM-G892A Bulid/NRD90M; wv) AppleWebKit/537.36 (KHTML, like Gecko) Version/4.0 Chrome/60.0.3112.107 Moblie Safari/537.36"
77.68.2.199 - - [16/May/2026:12:24:25 +0530] "GET /admin.php HTTP/1.1" 200 207 "www.google.com" "Mozlila/5.0 (Linux; Android 7.0; SM-G892A Bulid/NRD90M; wv) AppleWebKit/537.36 (KHTML, like Gecko) Version/4.0 Chrome/60.0.3112.107 Moblie Safari/537.36"
170.106.72.178 - - [16/May/2026:13:41:27 +0530] "GET / HTTP/1.1" 200 264 "-" "Mozilla/5.0 (iPhone; CPU iPhone OS 13_2_3 like Mac OS X) AppleWebKit/605.1.15 (KHTML, like Gecko) Version/13.0.3 Mobile/15E148 Safari/604.1"
198.235.24.177 - - [16/May/2026:13:42:22 +0530] "GET / HTTP/1.1" 200 576 "-" "Hello from Palo Alto Networks, find out more about our scans in https://docs-cortex.paloaltonetworks.com/r/1/Cortex-Xpanse/Scanning-activity"
77.68.2.199 - - [16/May/2026:14:07:30 +0530] "POST /theme-insaoxn.php HTTP/1.1" 403 204 "www.google.com" "Mozlila/5.0 (Linux; Android 7.0; SM-G892A Bulid/NRD90M; wv) AppleWebKit/537.36 (KHTML, like Gecko) Version/4.0 Chrome/60.0.3112.107 Moblie Safari/537.36"
77.68.2.199 - - [16/May/2026:14:07:32 +0530] "GET /admin.php HTTP/1.1" 200 207 "www.google.com" "Mozlila/5.0 (Linux; Android 7.0; SM-G892A Bulid/NRD90M; wv) AppleWebKit/537.36 (KHTML, like Gecko) Version/4.0 Chrome/60.0.3112.107 Moblie Safari/537.36"
77.68.2.199 - - [16/May/2026:14:07:35 +0530] "POST /theme-insaoxn.php HTTP/1.1" 403 204 "www.google.com" "Mozlila/5.0 (Linux; Android 7.0; SM-G892A Bulid/NRD90M; wv) AppleWebKit/537.36 (KHTML, like Gecko) Version/4.0 Chrome/60.0.3112.107 Moblie Safari/537.36"
77.68.2.199 - - [16/May/2026:14:07:37 +0530] "GET /admin.php HTTP/1.1" 200 207 "www.google.com" "Mozlila/5.0 (Linux; Android 7.0; SM-G892A Bulid/NRD90M; wv) AppleWebKit/537.36 (KHTML, like Gecko) Version/4.0 Chrome/60.0.3112.107 Moblie Safari/537.36"
77.68.2.199 - - [16/May/2026:14:14:17 +0530] "POST /9iwgxKG3FoV.php HTTP/1.1" 403 202 "www.google.com" "Mozlila/5.0 (Linux; Android 7.0; SM-G892A Bulid/NRD90M; wv) AppleWebKit/537.36 (KHTML, like Gecko) Version/4.0 Chrome/60.0.3112.107 Moblie Safari/537.36"
77.68.2.199 - - [16/May/2026:14:14:19 +0530] "GET /admin.php HTTP/1.1" 200 207 "www.google.com" "Mozlila/5.0 (Linux; Android 7.0; SM-G892A Bulid/NRD90M; wv) AppleWebKit/537.36 (KHTML, like Gecko) Version/4.0 Chrome/60.0.3112.107 Moblie Safari/537.36"
77.68.2.199 - - [16/May/2026:14:14:22 +0530] "POST /9iwgxKG3FoV.php HTTP/1.1" 403 202 "www.google.com" "Mozlila/5.0 (Linux; Android 7.0; SM-G892A Bulid/NRD90M; wv) AppleWebKit/537.36 (KHTML, like Gecko) Version/4.0 Chrome/60.0.3112.107 Moblie Safari/537.36"
77.68.2.199 - - [16/May/2026:14:14:25 +0530] "GET /admin.php HTTP/1.1" 200 207 "www.google.com" "Mozlila/5.0 (Linux; Android 7.0; SM-G892A Bulid/NRD90M; wv) AppleWebKit/537.36 (KHTML, like Gecko) Version/4.0 Chrome/60.0.3112.107 Moblie Safari/537.36"
170.106.37.134 - - [16/May/2026:14:40:28 +0530] "GET / HTTP/1.1" 200 264 "-" "Mozilla/5.0 (iPhone; CPU iPhone OS 13_2_3 like Mac OS X) AppleWebKit/605.1.15 (KHTML, like Gecko) Version/13.0.3 Mobile/15E148 Safari/604.1"
23.178.112.219 - - [16/May/2026:14:41:57 +0530] "GET /.well-known/acme-challenge/5rATj8bCCNBzIuFpEaIkld-n70BXVgSRV0kHNz8oO4w HTTP/1.1" 404 - "-" "Mozilla/5.0 (compatible; Let's Encrypt validation server; +https://www.letsencrypt.org)"
192.36.109.73 - - [16/May/2026:15:03:04 +0530] "GET / HTTP/1.1" 200 264 "-" "Mozilla/5.0 (iPhone; CPU iPhone OS 16_3 like Mac OS X) AppleWebKit/605.1.15 (KHTML, like Gecko) CriOS/122.0.6261.89 Mobile/15E148 Safari/604"
77.68.2.199 - - [16/May/2026:16:04:59 +0530] "POST /wp-head.php HTTP/1.1" 403 201 "www.google.com" "Mozlila/5.0 (Linux; Android 7.0; SM-G892A Bulid/NRD90M; wv) AppleWebKit/537.36 (KHTML, like Gecko) Version/4.0 Chrome/60.0.3112.107 Moblie Safari/537.36"
77.68.2.199 - - [16/May/2026:16:05:02 +0530] "GET /admin.php HTTP/1.1" 200 207 "www.google.com" "Mozlila/5.0 (Linux; Android 7.0; SM-G892A Bulid/NRD90M; wv) AppleWebKit/537.36 (KHTML, like Gecko) Version/4.0 Chrome/60.0.3112.107 Moblie Safari/537.36"
77.68.2.199 - - [16/May/2026:16:05:05 +0530] "POST /wp-head.php HTTP/1.1" 403 201 "www.google.com" "Mozlila/5.0 (Linux; Android 7.0; SM-G892A Bulid/NRD90M; wv) AppleWebKit/537.36 (KHTML, like Gecko) Version/4.0 Chrome/60.0.3112.107 Moblie Safari/537.36"
77.68.2.199 - - [16/May/2026:16:05:07 +0530] "GET /admin.php HTTP/1.1" 200 207 "www.google.com" "Mozlila/5.0 (Linux; Android 7.0; SM-G892A Bulid/NRD90M; wv) AppleWebKit/537.36 (KHTML, like Gecko) Version/4.0 Chrome/60.0.3112.107 Moblie Safari/537.36"
165.22.237.190 - - [16/May/2026:16:16:54 +0530] "GET /app-ads.txt HTTP/1.1" 200 264 "-" "Mozilla/5.0 (Windows NT 10.0; Win64; x64) AppleWebKit/537.36 (KHTML, like Gecko) Chrome/137.0.0.0 Safari/537.36"
165.22.237.190 - - [16/May/2026:16:16:56 +0530] "GET /app-ads.txt HTTP/1.1" 200 264 "-" "Mozilla/5.0 (Windows NT 10.0; Win64; x64) AppleWebKit/537.36 (KHTML, like Gecko) Chrome/137.0.0.0 Safari/537.36"
77.68.2.199 - - [16/May/2026:16:30:48 +0530] "POST /wp-head.php HTTP/1.1" 403 201 "www.google.com" "Mozlila/5.0 (Linux; Android 7.0; SM-G892A Bulid/NRD90M; wv) AppleWebKit/537.36 (KHTML, like Gecko) Version/4.0 Chrome/60.0.3112.107 Moblie Safari/537.36"
77.68.2.199 - - [16/May/2026:16:30:50 +0530] "GET /admin.php HTTP/1.1" 200 207 "www.google.com" "Mozlila/5.0 (Linux; Android 7.0; SM-G892A Bulid/NRD90M; wv) AppleWebKit/537.36 (KHTML, like Gecko) Version/4.0 Chrome/60.0.3112.107 Moblie Safari/537.36"
77.68.2.199 - - [16/May/2026:16:30:52 +0530] "POST /wp-head.php HTTP/1.1" 403 201 "www.google.com" "Mozlila/5.0 (Linux; Android 7.0; SM-G892A Bulid/NRD90M; wv) AppleWebKit/537.36 (KHTML, like Gecko) Version/4.0 Chrome/60.0.3112.107 Moblie Safari/537.36"
77.68.2.199 - - [16/May/2026:16:30:54 +0530] "GET /admin.php HTTP/1.1" 200 207 "www.google.com" "Mozlila/5.0 (Linux; Android 7.0; SM-G892A Bulid/NRD90M; wv) AppleWebKit/537.36 (KHTML, like Gecko) Version/4.0 Chrome/60.0.3112.107 Moblie Safari/537.36"
84.19.51.118 - - [16/May/2026:16:33:01 +0530] "GET / HTTP/1.1" 200 264 "-" "Mozilla/5.0 (Windows NT 10.0; Win64; x64) AppleWebKit/537.36 (KHTML, like Gecko) Chrome/133.0.0.0 Safari/537.36"
66.249.72.67 - - [16/May/2026:16:45:50 +0530] "GET /app-ads.txt HTTP/1.1" 200 20444 "-" "Google-adstxt"
172.212.217.10 - - [16/May/2026:16:57:11 +0530] "GET /wp-content/plugins/hellopress/wp_filemanager.php HTTP/1.1" 200 576 "-" "-"
172.212.217.10 - - [16/May/2026:16:57:12 +0530] "GET /wander.php HTTP/1.1" 403 576 "-" "-"
172.212.217.10 - - [16/May/2026:16:57:13 +0530] "GET /minishell.php HTTP/1.1" 403 576 "-" "-"
172.212.217.10 - - [16/May/2026:16:57:14 +0530] "GET /local.php HTTP/1.1" 403 576 "-" "-"
172.212.217.10 - - [16/May/2026:16:57:14 +0530] "GET /size.php HTTP/1.1" 403 576 "-" "-"
172.212.217.10 - - [16/May/2026:16:57:15 +0530] "GET /222.php HTTP/1.1" 403 576 "-" "-"
172.212.217.10 - - [16/May/2026:16:57:17 +0530] "GET /abcd.php HTTP/1.1" 403 576 "-" "-"
172.212.217.10 - - [16/May/2026:16:57:19 +0530] "GET /ahax.php HTTP/1.1" 403 576 "-" "-"
172.212.217.10 - - [16/May/2026:16:57:20 +0530] "GET /k.php HTTP/1.1" 403 576 "-" "-"
172.212.217.10 - - [16/May/2026:16:57:21 +0530] "GET /server.php HTTP/1.1" 403 576 "-" "-"
172.212.217.10 - - [16/May/2026:16:57:21 +0530] "GET /phpinfo HTTP/1.1" 200 576 "-" "-"
172.212.217.10 - - [16/May/2026:16:57:21 +0530] "GET /lite.php HTTP/1.1" 403 576 "-" "-"
77.68.2.199 - - [16/May/2026:17:20:35 +0530] "POST /9iwgxKG3FoV.php HTTP/1.1" 403 202 "www.google.com" "Mozlila/5.0 (Linux; Android 7.0; SM-G892A Bulid/NRD90M; wv) AppleWebKit/537.36 (KHTML, like Gecko) Version/4.0 Chrome/60.0.3112.107 Moblie Safari/537.36"
77.68.2.199 - - [16/May/2026:17:20:37 +0530] "GET /admin.php HTTP/1.1" 200 207 "www.google.com" "Mozlila/5.0 (Linux; Android 7.0; SM-G892A Bulid/NRD90M; wv) AppleWebKit/537.36 (KHTML, like Gecko) Version/4.0 Chrome/60.0.3112.107 Moblie Safari/537.36"
77.68.2.199 - - [16/May/2026:17:20:39 +0530] "POST /9iwgxKG3FoV.php HTTP/1.1" 403 202 "www.google.com" "Mozlila/5.0 (Linux; Android 7.0; SM-G892A Bulid/NRD90M; wv) AppleWebKit/537.36 (KHTML, like Gecko) Version/4.0 Chrome/60.0.3112.107 Moblie Safari/537.36"
77.68.2.199 - - [16/May/2026:17:20:41 +0530] "GET /admin.php HTTP/1.1" 200 207 "www.google.com" "Mozlila/5.0 (Linux; Android 7.0; SM-G892A Bulid/NRD90M; wv) AppleWebKit/537.36 (KHTML, like Gecko) Version/4.0 Chrome/60.0.3112.107 Moblie Safari/537.36"
43.128.67.187 - - [16/May/2026:17:27:25 +0530] "GET / HTTP/1.1" 200 264 "-" "Mozilla/5.0 (iPhone; CPU iPhone OS 13_2_3 like Mac OS X) AppleWebKit/605.1.15 (KHTML, like Gecko) Version/13.0.3 Mobile/15E148 Safari/604.1"
114.119.140.107 - - [16/May/2026:17:31:19 +0530] "GET /assets/images/Gallery/10.jpg HTTP/1.1" 200 264 "http://krishnaagrosolutions.com/views/gallery.php" "Mozilla/5.0 (Linux; Android 7.0;) AppleWebKit/537.36 (HTML, like Gecko) Mobile Safari/537.36 (compatible; PetalBot;+https://webmaster.petalsearch.com/site/petalbot)"
34.156.110.192 - - [16/May/2026:18:00:21 +0530] "GET /product/green-house-shade-net-house-poly-house HTTP/1.1" 200 264 "-" "Mozilla/5.0 (compatible; VelenPublicWebCrawler/1.0; +https://velen.io)"
51.68.107.137 - - [16/May/2026:18:07:57 +0530] "GET /robots.txt HTTP/1.1" 200 143 "-" "Mozilla/5.0 (compatible; MJ12bot/v2.0.5; http://mj12bot.com/)"
51.68.107.137 - - [16/May/2026:18:07:57 +0530] "GET / HTTP/1.1" 200 264 "-" "Mozilla/5.0 (compatible; MJ12bot/v2.0.5; http://mj12bot.com/)"
51.68.107.137 - - [16/May/2026:18:07:57 +0530] "GET /robots.txt HTTP/1.1" 200 143 "-" "Mozilla/5.0 (compatible; MJ12bot/v2.0.5; http://mj12bot.com/)"
51.68.107.137 - - [16/May/2026:18:07:58 +0530] "GET / HTTP/1.1" 200 264 "-" "Mozilla/5.0 (compatible; MJ12bot/v2.0.5; http://mj12bot.com/)"
43.153.86.78 - - [16/May/2026:18:19:43 +0530] "GET / HTTP/1.1" 200 264 "-" "Mozilla/5.0 (iPhone; CPU iPhone OS 13_2_3 like Mac OS X) AppleWebKit/605.1.15 (KHTML, like Gecko) Version/13.0.3 Mobile/15E148 Safari/604.1"
101.99.88.90 - - [16/May/2026:18:33:22 +0530] "GET / HTTP/1.1" 200 158909 "-" "Mozilla/5.0 (compatible; Googlebot/2.1; +http://www.google.com/bot.html)"
77.68.2.199 - - [16/May/2026:18:45:26 +0530] "POST /theme-insaoxn.php HTTP/1.1" 403 204 "www.google.com" "Mozlila/5.0 (Linux; Android 7.0; SM-G892A Bulid/NRD90M; wv) AppleWebKit/537.36 (KHTML, like Gecko) Version/4.0 Chrome/60.0.3112.107 Moblie Safari/537.36"
77.68.2.199 - - [16/May/2026:18:45:27 +0530] "GET /admin.php HTTP/1.1" 200 207 "www.google.com" "Mozlila/5.0 (Linux; Android 7.0; SM-G892A Bulid/NRD90M; wv) AppleWebKit/537.36 (KHTML, like Gecko) Version/4.0 Chrome/60.0.3112.107 Moblie Safari/537.36"
