| Server IP : 82.180.147.116 / Your IP : 216.73.216.4 Web Server : Apache System : Linux server.vsyshosting.com 5.14.0-503.40.1.el9_5.x86_64 #1 SMP PREEMPT_DYNAMIC Mon May 5 06:06:04 EDT 2025 x86_64 User : demoplace ( 1009) PHP Version : 7.4.33 Disable Function : exec,passthru,shell_exec,system MySQL : OFF | cURL : ON | WGET : ON | Perl : ON | Python : OFF | Sudo : OFF | Pkexec : OFF Directory : /proc/1843192/root/proc/1843192/cwd/access-logs/ |
Upload File : |
72.60.40.175 - - [12/May/2026:21:07:45 +0530] "GET /shop/ HTTP/1.1" 404 - "-" "Mozilla/5.0 (Windows NT 10.0; Win64; x64) AppleWebKit/537.36"
72.60.40.175 - - [12/May/2026:21:17:51 +0530] "GET /shop/ HTTP/1.1" 404 - "-" "Mozilla/5.0 (Windows NT 10.0; Win64; x64) AppleWebKit/537.36"
72.60.40.175 - - [12/May/2026:21:31:14 +0530] "GET /shop/ HTTP/1.1" 404 - "-" "Mozilla/5.0 (Windows NT 10.0; Win64; x64) AppleWebKit/537.36"
72.60.40.175 - - [12/May/2026:21:36:50 +0530] "GET /shop/ HTTP/1.1" 404 - "-" "Mozilla/5.0 (Windows NT 10.0; Win64; x64) AppleWebKit/537.36"
66.249.72.32 - - [12/May/2026:21:45:07 +0530] "GET /shop/sitemap-2.xml HTTP/1.1" 404 - "-" "Mozilla/5.0 (compatible; Googlebot/2.1; +http://www.google.com/bot.html)"
72.60.40.175 - - [12/May/2026:21:50:33 +0530] "GET /shop/ HTTP/1.1" 404 - "-" "Mozilla/5.0 (Windows NT 10.0; Win64; x64) AppleWebKit/537.36"
66.249.72.32 - - [12/May/2026:21:55:40 +0530] "GET /shop/sitemap-24.xml HTTP/1.1" 404 - "-" "Mozilla/5.0 (compatible; Googlebot/2.1; +http://www.google.com/bot.html)"
72.60.40.175 - - [12/May/2026:21:55:48 +0530] "GET /shop/ HTTP/1.1" 404 - "-" "Mozilla/5.0 (Windows NT 10.0; Win64; x64) AppleWebKit/537.36"
72.60.40.175 - - [12/May/2026:22:08:43 +0530] "GET /shop/ HTTP/1.1" 404 - "-" "Mozilla/5.0 (Windows NT 10.0; Win64; x64) AppleWebKit/537.36"
72.60.40.175 - - [12/May/2026:22:17:50 +0530] "GET /shop/ HTTP/1.1" 404 - "-" "Mozilla/5.0 (Windows NT 10.0; Win64; x64) AppleWebKit/537.36"
72.60.40.175 - - [12/May/2026:22:28:09 +0530] "GET /shop/ HTTP/1.1" 404 - "-" "Mozilla/5.0 (Windows NT 10.0; Win64; x64) AppleWebKit/537.36"
72.60.40.175 - - [12/May/2026:22:36:16 +0530] "GET /shop/ HTTP/1.1" 404 - "-" "Mozilla/5.0 (Windows NT 10.0; Win64; x64) AppleWebKit/537.36"
72.60.40.175 - - [12/May/2026:22:47:27 +0530] "GET /shop/ HTTP/1.1" 404 - "-" "Mozilla/5.0 (Windows NT 10.0; Win64; x64) AppleWebKit/537.36"
72.60.40.175 - - [12/May/2026:22:56:47 +0530] "GET /shop/ HTTP/1.1" 404 - "-" "Mozilla/5.0 (Windows NT 10.0; Win64; x64) AppleWebKit/537.36"
205.210.31.248 - - [12/May/2026:23:04:18 +0530] "GET / HTTP/1.1" 200 2737 "-" "Hello from Palo Alto Networks, find out more about our scans in https://docs-cortex.paloaltonetworks.com/r/1/Cortex-Xpanse/Scanning-activity"
72.60.40.175 - - [12/May/2026:23:07:53 +0530] "GET /shop/ HTTP/1.1" 404 - "-" "Mozilla/5.0 (Windows NT 10.0; Win64; x64) AppleWebKit/537.36"
72.60.40.175 - - [12/May/2026:23:17:47 +0530] "GET /shop/ HTTP/1.1" 404 - "-" "Mozilla/5.0 (Windows NT 10.0; Win64; x64) AppleWebKit/537.36"
72.60.40.175 - - [12/May/2026:23:25:44 +0530] "GET /shop/ HTTP/1.1" 404 - "-" "Mozilla/5.0 (Windows NT 10.0; Win64; x64) AppleWebKit/537.36"
72.60.40.175 - - [12/May/2026:23:35:08 +0530] "GET /shop/ HTTP/1.1" 404 - "-" "Mozilla/5.0 (Windows NT 10.0; Win64; x64) AppleWebKit/537.36"
72.60.40.175 - - [12/May/2026:23:43:50 +0530] "GET /shop/ HTTP/1.1" 404 - "-" "Mozilla/5.0 (Windows NT 10.0; Win64; x64) AppleWebKit/537.36"
74.7.242.18 - - [12/May/2026:23:51:34 +0530] "GET / HTTP/1.1" 200 489 "-" "Mozilla/5.0 AppleWebKit/537.36 (KHTML, like Gecko; compatible; GPTBot/1.3; +https://openai.com/gptbot)"
74.7.242.18 - - [12/May/2026:23:51:36 +0530] "GET /?C=N;O=D HTTP/1.1" 200 487 "https://www.bafanvihir.in.demoplace.in/" "Mozilla/5.0 AppleWebKit/537.36 (KHTML, like Gecko; compatible; GPTBot/1.3; +https://openai.com/gptbot)"
74.7.175.174 - - [12/May/2026:23:51:38 +0530] "GET /robots.txt HTTP/1.1" 404 - "-" "Mozilla/5.0 (Macintosh; Intel Mac OS X 10_15_7) AppleWebKit/537.36 (KHTML, like Gecko) Chrome/131.0.0.0 Safari/537.36; compatible; OAI-SearchBot/1.3; robots.txt; +https://openai.com/searchbot"
74.7.242.18 - - [12/May/2026:23:51:39 +0530] "GET /?C=D;O=A HTTP/1.1" 200 489 "https://www.bafanvihir.in.demoplace.in/" "Mozilla/5.0 AppleWebKit/537.36 (KHTML, like Gecko; compatible; GPTBot/1.3; +https://openai.com/gptbot)"
74.7.242.18 - - [12/May/2026:23:51:42 +0530] "GET /?C=S;O=A HTTP/1.1" 200 489 "https://www.bafanvihir.in.demoplace.in/" "Mozilla/5.0 AppleWebKit/537.36 (KHTML, like Gecko; compatible; GPTBot/1.3; +https://openai.com/gptbot)"
74.7.242.18 - - [12/May/2026:23:51:44 +0530] "GET /?C=M;O=A HTTP/1.1" 200 485 "https://www.bafanvihir.in.demoplace.in/" "Mozilla/5.0 AppleWebKit/537.36 (KHTML, like Gecko; compatible; GPTBot/1.3; +https://openai.com/gptbot)"
74.7.242.18 - - [12/May/2026:23:51:46 +0530] "GET /?C=N;O=A HTTP/1.1" 200 489 "https://www.bafanvihir.in.demoplace.in/?C=N;O=D" "Mozilla/5.0 AppleWebKit/537.36 (KHTML, like Gecko; compatible; GPTBot/1.3; +https://openai.com/gptbot)"
74.7.242.18 - - [12/May/2026:23:51:48 +0530] "GET /?C=D;O=D HTTP/1.1" 200 487 "https://www.bafanvihir.in.demoplace.in/?C=D;O=A" "Mozilla/5.0 AppleWebKit/537.36 (KHTML, like Gecko; compatible; GPTBot/1.3; +https://openai.com/gptbot)"
74.7.242.18 - - [12/May/2026:23:51:49 +0530] "GET /?C=S;O=D HTTP/1.1" 200 487 "https://www.bafanvihir.in.demoplace.in/?C=S;O=A" "Mozilla/5.0 AppleWebKit/537.36 (KHTML, like Gecko; compatible; GPTBot/1.3; +https://openai.com/gptbot)"
74.7.242.18 - - [12/May/2026:23:51:51 +0530] "GET /?C=M;O=D HTTP/1.1" 200 482 "https://www.bafanvihir.in.demoplace.in/?C=M;O=A" "Mozilla/5.0 AppleWebKit/537.36 (KHTML, like Gecko; compatible; GPTBot/1.3; +https://openai.com/gptbot)"
72.60.40.175 - - [12/May/2026:23:54:26 +0530] "GET /shop/ HTTP/1.1" 404 - "-" "Mozilla/5.0 (Windows NT 10.0; Win64; x64) AppleWebKit/537.36"
72.60.40.175 - - [13/May/2026:00:04:38 +0530] "GET /shop/ HTTP/1.1" 404 - "-" "Mozilla/5.0 (Windows NT 10.0; Win64; x64) AppleWebKit/537.36"
72.60.40.175 - - [13/May/2026:00:13:24 +0530] "GET /shop/ HTTP/1.1" 404 - "-" "Mozilla/5.0 (Windows NT 10.0; Win64; x64) AppleWebKit/537.36"
72.60.40.175 - - [13/May/2026:00:24:14 +0530] "GET /shop/ HTTP/1.1" 404 - "-" "Mozilla/5.0 (Windows NT 10.0; Win64; x64) AppleWebKit/537.36"
72.60.40.175 - - [13/May/2026:00:34:36 +0530] "GET /shop/ HTTP/1.1" 404 - "-" "Mozilla/5.0 (Windows NT 10.0; Win64; x64) AppleWebKit/537.36"
66.249.72.32 - - [13/May/2026:00:34:57 +0530] "GET /shop/sitemap-33.xml HTTP/1.1" 404 - "-" "Mozilla/5.0 (compatible; Googlebot/2.1; +http://www.google.com/bot.html)"
72.60.40.175 - - [13/May/2026:00:43:58 +0530] "GET /shop/ HTTP/1.1" 404 - "-" "Mozilla/5.0 (Windows NT 10.0; Win64; x64) AppleWebKit/537.36"
72.60.40.175 - - [13/May/2026:00:54:30 +0530] "GET /shop/ HTTP/1.1" 404 - "-" "Mozilla/5.0 (Windows NT 10.0; Win64; x64) AppleWebKit/537.36"
72.60.40.175 - - [13/May/2026:01:04:50 +0530] "GET /shop/ HTTP/1.1" 404 - "-" "Mozilla/5.0 (Windows NT 10.0; Win64; x64) AppleWebKit/537.36"
72.60.40.175 - - [13/May/2026:01:13:58 +0530] "GET /shop/ HTTP/1.1" 404 - "-" "Mozilla/5.0 (Windows NT 10.0; Win64; x64) AppleWebKit/537.36"
72.60.40.175 - - [13/May/2026:01:24:39 +0530] "GET /shop/ HTTP/1.1" 404 - "-" "Mozilla/5.0 (Windows NT 10.0; Win64; x64) AppleWebKit/537.36"
72.60.40.175 - - [13/May/2026:01:35:14 +0530] "GET /shop/ HTTP/1.1" 404 - "-" "Mozilla/5.0 (Windows NT 10.0; Win64; x64) AppleWebKit/537.36"
72.60.40.175 - - [13/May/2026:01:44:25 +0530] "GET /shop/ HTTP/1.1" 404 - "-" "Mozilla/5.0 (Windows NT 10.0; Win64; x64) AppleWebKit/537.36"
72.60.40.175 - - [13/May/2026:01:54:13 +0530] "GET /shop/ HTTP/1.1" 404 - "-" "Mozilla/5.0 (Windows NT 10.0; Win64; x64) AppleWebKit/537.36"
66.249.72.33 - - [13/May/2026:02:04:38 +0530] "GET /shop/sitemap-5.xml HTTP/1.1" 404 - "-" "Mozilla/5.0 (compatible; Googlebot/2.1; +http://www.google.com/bot.html)"
72.60.40.175 - - [13/May/2026:02:04:45 +0530] "GET /shop/ HTTP/1.1" 404 - "-" "Mozilla/5.0 (Windows NT 10.0; Win64; x64) AppleWebKit/537.36"
72.60.40.175 - - [13/May/2026:02:15:36 +0530] "GET /shop/ HTTP/1.1" 404 - "-" "Mozilla/5.0 (Windows NT 10.0; Win64; x64) AppleWebKit/537.36"
72.60.40.175 - - [13/May/2026:02:26:05 +0530] "GET /shop/ HTTP/1.1" 404 - "-" "Mozilla/5.0 (Windows NT 10.0; Win64; x64) AppleWebKit/537.36"
72.60.40.175 - - [13/May/2026:02:35:51 +0530] "GET /shop/ HTTP/1.1" 404 - "-" "Mozilla/5.0 (Windows NT 10.0; Win64; x64) AppleWebKit/537.36"
72.60.40.175 - - [13/May/2026:02:44:01 +0530] "GET /shop/ HTTP/1.1" 404 - "-" "Mozilla/5.0 (Windows NT 10.0; Win64; x64) AppleWebKit/537.36"
72.60.40.175 - - [13/May/2026:02:55:01 +0530] "GET /shop/ HTTP/1.1" 404 - "-" "Mozilla/5.0 (Windows NT 10.0; Win64; x64) AppleWebKit/537.36"
72.60.40.175 - - [13/May/2026:03:05:37 +0530] "GET /shop/ HTTP/1.1" 404 - "-" "Mozilla/5.0 (Windows NT 10.0; Win64; x64) AppleWebKit/537.36"
72.60.40.175 - - [13/May/2026:03:13:30 +0530] "GET /shop/ HTTP/1.1" 404 - "-" "Mozilla/5.0 (Windows NT 10.0; Win64; x64) AppleWebKit/537.36"
72.60.40.175 - - [13/May/2026:03:24:20 +0530] "GET /shop/ HTTP/1.1" 404 - "-" "Mozilla/5.0 (Windows NT 10.0; Win64; x64) AppleWebKit/537.36"
72.60.40.175 - - [13/May/2026:03:35:09 +0530] "GET /shop/ HTTP/1.1" 404 - "-" "Mozilla/5.0 (Windows NT 10.0; Win64; x64) AppleWebKit/537.36"
72.60.40.175 - - [13/May/2026:03:44:05 +0530] "GET /shop/ HTTP/1.1" 404 - "-" "Mozilla/5.0 (Windows NT 10.0; Win64; x64) AppleWebKit/537.36"
66.249.72.34 - - [13/May/2026:03:44:35 +0530] "GET /shop/sitemap-21.xml HTTP/1.1" 404 - "-" "Mozilla/5.0 (compatible; Googlebot/2.1; +http://www.google.com/bot.html)"
13.206.188.69 - - [13/May/2026:03:45:20 +0530] "GET /wp-json/gravitysmtp/v1/tests/mock-data?page=gravitysmtp-settings HTTP/1.1" 404 - "-" "Mozilla/5.0 (Windows NT 10.0; Win64; x64) AppleWebKit/537.36"
72.60.40.175 - - [13/May/2026:03:54:48 +0530] "GET /shop/ HTTP/1.1" 404 - "-" "Mozilla/5.0 (Windows NT 10.0; Win64; x64) AppleWebKit/537.36"
72.60.40.175 - - [13/May/2026:04:04:26 +0530] "GET /shop/ HTTP/1.1" 404 - "-" "Mozilla/5.0 (Windows NT 10.0; Win64; x64) AppleWebKit/537.36"
72.60.40.175 - - [13/May/2026:04:15:01 +0530] "GET /shop/ HTTP/1.1" 404 - "-" "Mozilla/5.0 (Windows NT 10.0; Win64; x64) AppleWebKit/537.36"
72.60.40.175 - - [13/May/2026:04:23:29 +0530] "GET /shop/ HTTP/1.1" 404 - "-" "Mozilla/5.0 (Windows NT 10.0; Win64; x64) AppleWebKit/537.36"
72.60.40.175 - - [13/May/2026:04:34:45 +0530] "GET /shop/ HTTP/1.1" 404 - "-" "Mozilla/5.0 (Windows NT 10.0; Win64; x64) AppleWebKit/537.36"
72.60.40.175 - - [13/May/2026:04:44:03 +0530] "GET /shop/ HTTP/1.1" 404 - "-" "Mozilla/5.0 (Windows NT 10.0; Win64; x64) AppleWebKit/537.36"
176.65.139.236 - - [13/May/2026:04:49:45 +0530] "GET / HTTP/1.1" 200 2737 "-" "Mozilla/5.0 (Windows NT 10.0; Win64; x64) AppleWebKit/537.36 (KHTML, like Gecko) Chrome/147.0.0.0 Safari/537.36"
176.65.139.239 - - [13/May/2026:04:49:55 +0530] "GET / HTTP/1.1" 200 2737 "-" "Mozilla/5.0 (Windows NT 10.0; Win64; x64) AppleWebKit/537.36 (KHTML, like Gecko) Chrome/147.0.0.0 Safari/537.36"
72.60.40.175 - - [13/May/2026:04:55:11 +0530] "GET /shop/ HTTP/1.1" 404 - "-" "Mozilla/5.0 (Windows NT 10.0; Win64; x64) AppleWebKit/537.36"
72.60.40.175 - - [13/May/2026:05:05:06 +0530] "GET /shop/ HTTP/1.1" 404 - "-" "Mozilla/5.0 (Windows NT 10.0; Win64; x64) AppleWebKit/537.36"
72.60.40.175 - - [13/May/2026:05:13:52 +0530] "GET /shop/ HTTP/1.1" 404 - "-" "Mozilla/5.0 (Windows NT 10.0; Win64; x64) AppleWebKit/537.36"
72.60.40.175 - - [13/May/2026:05:23:22 +0530] "GET /shop/ HTTP/1.1" 404 - "-" "Mozilla/5.0 (Windows NT 10.0; Win64; x64) AppleWebKit/537.36"
66.249.77.96 - - [13/May/2026:05:34:19 +0530] "GET /shop/sitemap-12.xml HTTP/1.1" 404 - "-" "Mozilla/5.0 (compatible; Googlebot/2.1; +http://www.google.com/bot.html)"
72.60.40.175 - - [13/May/2026:05:34:58 +0530] "GET /shop/ HTTP/1.1" 404 - "-" "Mozilla/5.0 (Windows NT 10.0; Win64; x64) AppleWebKit/537.36"
72.60.40.175 - - [13/May/2026:05:44:46 +0530] "GET /shop/ HTTP/1.1" 404 - "-" "Mozilla/5.0 (Windows NT 10.0; Win64; x64) AppleWebKit/537.36"
72.60.40.175 - - [13/May/2026:05:54:53 +0530] "GET /shop/ HTTP/1.1" 404 - "-" "Mozilla/5.0 (Windows NT 10.0; Win64; x64) AppleWebKit/537.36"
72.60.40.175 - - [13/May/2026:06:04:48 +0530] "GET /shop/ HTTP/1.1" 404 - "-" "Mozilla/5.0 (Windows NT 10.0; Win64; x64) AppleWebKit/537.36"
72.60.40.175 - - [13/May/2026:06:14:16 +0530] "GET /shop/ HTTP/1.1" 404 - "-" "Mozilla/5.0 (Windows NT 10.0; Win64; x64) AppleWebKit/537.36"
72.60.40.175 - - [13/May/2026:06:24:48 +0530] "GET /shop/ HTTP/1.1" 404 - "-" "Mozilla/5.0 (Windows NT 10.0; Win64; x64) AppleWebKit/537.36"
72.60.40.175 - - [13/May/2026:06:34:05 +0530] "GET /shop/ HTTP/1.1" 404 - "-" "Mozilla/5.0 (Windows NT 10.0; Win64; x64) AppleWebKit/537.36"
72.60.40.175 - - [13/May/2026:06:45:19 +0530] "GET /shop/ HTTP/1.1" 404 - "-" "Mozilla/5.0 (Windows NT 10.0; Win64; x64) AppleWebKit/537.36"
72.60.40.175 - - [13/May/2026:06:54:57 +0530] "GET /shop/ HTTP/1.1" 404 - "-" "Mozilla/5.0 (Windows NT 10.0; Win64; x64) AppleWebKit/537.36"
72.60.40.175 - - [13/May/2026:07:04:35 +0530] "GET /shop/ HTTP/1.1" 404 - "-" "Mozilla/5.0 (Windows NT 10.0; Win64; x64) AppleWebKit/537.36"
72.60.40.175 - - [13/May/2026:07:14:54 +0530] "GET /shop/ HTTP/1.1" 404 - "-" "Mozilla/5.0 (Windows NT 10.0; Win64; x64) AppleWebKit/537.36"
72.60.40.175 - - [13/May/2026:07:25:00 +0530] "GET /shop/ HTTP/1.1" 404 - "-" "Mozilla/5.0 (Windows NT 10.0; Win64; x64) AppleWebKit/537.36"
72.60.40.175 - - [13/May/2026:07:36:31 +0530] "GET /shop/ HTTP/1.1" 404 - "-" "Mozilla/5.0 (Windows NT 10.0; Win64; x64) AppleWebKit/537.36"
72.60.40.175 - - [13/May/2026:07:46:39 +0530] "GET /shop/ HTTP/1.1" 404 - "-" "Mozilla/5.0 (Windows NT 10.0; Win64; x64) AppleWebKit/537.36"
72.60.40.175 - - [13/May/2026:07:54:36 +0530] "GET /shop/ HTTP/1.1" 404 - "-" "Mozilla/5.0 (Windows NT 10.0; Win64; x64) AppleWebKit/537.36"
72.60.40.175 - - [13/May/2026:08:04:38 +0530] "GET /shop/ HTTP/1.1" 404 - "-" "Mozilla/5.0 (Windows NT 10.0; Win64; x64) AppleWebKit/537.36"
72.60.40.175 - - [13/May/2026:08:14:14 +0530] "GET /shop/ HTTP/1.1" 404 - "-" "Mozilla/5.0 (Windows NT 10.0; Win64; x64) AppleWebKit/537.36"
72.60.40.175 - - [13/May/2026:08:23:48 +0530] "GET /shop/ HTTP/1.1" 404 - "-" "Mozilla/5.0 (Windows NT 10.0; Win64; x64) AppleWebKit/537.36"
72.60.40.175 - - [13/May/2026:08:33:58 +0530] "GET /shop/ HTTP/1.1" 404 - "-" "Mozilla/5.0 (Windows NT 10.0; Win64; x64) AppleWebKit/537.36"
72.60.40.175 - - [13/May/2026:08:43:20 +0530] "GET /shop/ HTTP/1.1" 404 - "-" "Mozilla/5.0 (Windows NT 10.0; Win64; x64) AppleWebKit/537.36"
72.60.40.175 - - [13/May/2026:08:54:09 +0530] "GET /shop/ HTTP/1.1" 404 - "-" "Mozilla/5.0 (Windows NT 10.0; Win64; x64) AppleWebKit/537.36"
72.60.40.175 - - [13/May/2026:09:03:29 +0530] "GET /shop/ HTTP/1.1" 404 - "-" "Mozilla/5.0 (Windows NT 10.0; Win64; x64) AppleWebKit/537.36"
72.60.40.175 - - [13/May/2026:09:14:46 +0530] "GET /shop/ HTTP/1.1" 404 - "-" "Mozilla/5.0 (Windows NT 10.0; Win64; x64) AppleWebKit/537.36"
72.60.40.175 - - [13/May/2026:09:24:26 +0530] "GET /shop/ HTTP/1.1" 404 - "-" "Mozilla/5.0 (Windows NT 10.0; Win64; x64) AppleWebKit/537.36"
72.60.40.175 - - [13/May/2026:09:35:03 +0530] "GET /shop/ HTTP/1.1" 404 - "-" "Mozilla/5.0 (Windows NT 10.0; Win64; x64) AppleWebKit/537.36"
72.60.40.175 - - [13/May/2026:09:47:14 +0530] "GET /shop/ HTTP/1.1" 404 - "-" "Mozilla/5.0 (Windows NT 10.0; Win64; x64) AppleWebKit/537.36"
72.60.40.175 - - [13/May/2026:09:56:35 +0530] "GET /shop/ HTTP/1.1" 404 - "-" "Mozilla/5.0 (Windows NT 10.0; Win64; x64) AppleWebKit/537.36"
72.60.40.175 - - [13/May/2026:10:03:56 +0530] "GET /shop/ HTTP/1.1" 404 - "-" "Mozilla/5.0 (Windows NT 10.0; Win64; x64) AppleWebKit/537.36"
72.60.40.175 - - [13/May/2026:10:14:48 +0530] "GET /shop/ HTTP/1.1" 404 - "-" "Mozilla/5.0 (Windows NT 10.0; Win64; x64) AppleWebKit/537.36"
66.249.77.96 - - [13/May/2026:10:15:49 +0530] "GET /robots.txt HTTP/1.1" 404 - "-" "Mozilla/5.0 (compatible; Googlebot/2.1; +http://www.google.com/bot.html)"
66.249.71.162 - - [13/May/2026:10:15:50 +0530] "GET /shop/?video=1900190010 HTTP/1.1" 404 - "-" "Mozilla/5.0 (compatible; Googlebot/2.1; +http://www.google.com/bot.html)"
72.60.40.175 - - [13/May/2026:10:24:44 +0530] "GET /shop/ HTTP/1.1" 404 - "-" "Mozilla/5.0 (Windows NT 10.0; Win64; x64) AppleWebKit/537.36"
72.60.40.175 - - [13/May/2026:10:34:28 +0530] "GET /shop/ HTTP/1.1" 404 - "-" "Mozilla/5.0 (Windows NT 10.0; Win64; x64) AppleWebKit/537.36"
72.60.40.175 - - [13/May/2026:10:44:00 +0530] "GET /shop/ HTTP/1.1" 404 - "-" "Mozilla/5.0 (Windows NT 10.0; Win64; x64) AppleWebKit/537.36"
72.60.40.175 - - [13/May/2026:10:54:53 +0530] "GET /shop/ HTTP/1.1" 404 - "-" "Mozilla/5.0 (Windows NT 10.0; Win64; x64) AppleWebKit/537.36"
72.60.40.175 - - [13/May/2026:11:05:56 +0530] "GET /shop/ HTTP/1.1" 404 - "-" "Mozilla/5.0 (Windows NT 10.0; Win64; x64) AppleWebKit/537.36"
72.60.40.175 - - [13/May/2026:11:13:57 +0530] "GET /shop/ HTTP/1.1" 404 - "-" "Mozilla/5.0 (Windows NT 10.0; Win64; x64) AppleWebKit/537.36"
72.60.40.175 - - [13/May/2026:11:24:44 +0530] "GET /shop/ HTTP/1.1" 404 - "-" "Mozilla/5.0 (Windows NT 10.0; Win64; x64) AppleWebKit/537.36"
72.60.40.175 - - [13/May/2026:11:34:42 +0530] "GET /shop/ HTTP/1.1" 404 - "-" "Mozilla/5.0 (Windows NT 10.0; Win64; x64) AppleWebKit/537.36"
72.60.40.175 - - [13/May/2026:11:45:43 +0530] "GET /shop/ HTTP/1.1" 404 - "-" "Mozilla/5.0 (Windows NT 10.0; Win64; x64) AppleWebKit/537.36"
72.60.40.175 - - [13/May/2026:11:54:45 +0530] "GET /shop/ HTTP/1.1" 404 - "-" "Mozilla/5.0 (Windows NT 10.0; Win64; x64) AppleWebKit/537.36"
72.60.40.175 - - [13/May/2026:12:05:54 +0530] "GET /shop/ HTTP/1.1" 404 - "-" "Mozilla/5.0 (Windows NT 10.0; Win64; x64) AppleWebKit/537.36"
72.60.40.175 - - [13/May/2026:12:17:01 +0530] "GET /shop/ HTTP/1.1" 404 - "-" "Mozilla/5.0 (Windows NT 10.0; Win64; x64) AppleWebKit/537.36"
72.60.40.175 - - [13/May/2026:12:25:33 +0530] "GET /shop/ HTTP/1.1" 404 - "-" "Mozilla/5.0 (Windows NT 10.0; Win64; x64) AppleWebKit/537.36"
72.60.40.175 - - [13/May/2026:12:35:00 +0530] "GET /shop/ HTTP/1.1" 404 - "-" "Mozilla/5.0 (Windows NT 10.0; Win64; x64) AppleWebKit/537.36"
142.93.144.134 - - [13/May/2026:12:42:58 +0530] "GET / HTTP/1.1" 200 465 "-" "Mozilla/5.0 (X11; Linux x86_64) AppleWebKit/537.36 (KHTML, like Gecko) Chrome/142.0.0.0 Safari/537.36"
142.93.144.134 - - [13/May/2026:12:43:04 +0530] "GET /favicon.ico HTTP/1.1" 404 - "https://www.bafanvihir.in.demoplace.in/" "Mozilla/5.0 (X11; Linux x86_64) AppleWebKit/537.36 (KHTML, like Gecko) Chrome/142.0.0.0 Safari/537.36"
72.60.40.175 - - [13/May/2026:12:45:18 +0530] "GET /shop/ HTTP/1.1" 404 - "-" "Mozilla/5.0 (Windows NT 10.0; Win64; x64) AppleWebKit/537.36"
72.60.40.175 - - [13/May/2026:12:55:03 +0530] "GET /shop/ HTTP/1.1" 404 - "-" "Mozilla/5.0 (Windows NT 10.0; Win64; x64) AppleWebKit/537.36"
72.60.40.175 - - [13/May/2026:13:05:32 +0530] "GET /shop/ HTTP/1.1" 404 - "-" "Mozilla/5.0 (Windows NT 10.0; Win64; x64) AppleWebKit/537.36"
152.58.31.122 - - [13/May/2026:13:13:49 +0530] "GET / HTTP/1.1" 200 465 "https://www.demoplace.in:2083/" "Mozilla/5.0 (Windows NT 10.0; Win64; x64) AppleWebKit/537.36 (KHTML, like Gecko) Chrome/148.0.0.0 Safari/537.36"
152.58.31.122 - - [13/May/2026:13:13:50 +0530] "GET /favicon.ico HTTP/1.1" 404 - "https://bafanvihir.in/" "Mozilla/5.0 (Windows NT 10.0; Win64; x64) AppleWebKit/537.36 (KHTML, like Gecko) Chrome/148.0.0.0 Safari/537.36"
72.60.40.175 - - [13/May/2026:13:15:18 +0530] "GET /shop/ HTTP/1.1" 404 - "-" "Mozilla/5.0 (Windows NT 10.0; Win64; x64) AppleWebKit/537.36"