51.83.100.230 - - [16/May/2026:10:03:20 +0530] "GET /z.php?lokasie=/tmp/tmp.9stusJYJMa&loknya=/tmp HTTP/1.1" 200 1566 "-" "Mozilla/5.0 (compatible; MJ12bot/v1.4.8; http://mj12bot.com/)"
51.83.100.230 - - [16/May/2026:10:03:23 +0530] "GET /z.php?lokasie=/tmp/tmp.IprdlgMAbP&loknya=/tmp HTTP/1.1" 200 1565 "-" "Mozilla/5.0 (compatible; MJ12bot/v1.4.8; http://mj12bot.com/)"
51.83.100.230 - - [16/May/2026:10:03:24 +0530] "GET /z.php?lokasie=/tmp/tmp.MmvuuIWjJm&loknya=/tmp HTTP/1.1" 200 1566 "-" "Mozilla/5.0 (compatible; MJ12bot/v1.4.8; http://mj12bot.com/)"
51.83.100.230 - - [16/May/2026:10:03:26 +0530] "GET /z.php?lokasie=/tmp/tmp.MrOV4WMtQ7&loknya=/tmp HTTP/1.1" 200 1565 "-" "Mozilla/5.0 (compatible; MJ12bot/v1.4.8; http://mj12bot.com/)"
51.83.100.230 - - [16/May/2026:10:03:28 +0530] "GET /z.php?lokasie=/tmp/tmp.Pt3lE7fOXF&loknya=/tmp HTTP/1.1" 200 1566 "-" "Mozilla/5.0 (compatible; MJ12bot/v1.4.8; http://mj12bot.com/)"
51.83.100.230 - - [16/May/2026:10:03:29 +0530] "GET /z.php?lokasie=/tmp/tmp.bLAnOIEltL&loknya=/tmp HTTP/1.1" 200 1566 "-" "Mozilla/5.0 (compatible; MJ12bot/v1.4.8; http://mj12bot.com/)"
51.83.100.230 - - [16/May/2026:10:03:31 +0530] "GET /z.php?lokasie=/tmp/tmp.uOA9FbB7FA&loknya=/tmp HTTP/1.1" 200 1567 "-" "Mozilla/5.0 (compatible; MJ12bot/v1.4.8; http://mj12bot.com/)"
51.83.100.230 - - [16/May/2026:10:03:33 +0530] "GET /z.php?lokasie=/tmp/tmp.zBeNj2UlNR&loknya=/tmp HTTP/1.1" 200 1566 "-" "Mozilla/5.0 (compatible; MJ12bot/v1.4.8; http://mj12bot.com/)"
51.83.100.230 - - [16/May/2026:10:03:35 +0530] "GET /z.php?loknya=/dev/pts HTTP/1.1" 200 1802 "-" "Mozilla/5.0 (compatible; MJ12bot/v1.4.8; http://mj12bot.com/)"
51.83.100.230 - - [16/May/2026:10:03:36 +0530] "GET /z.php?loknya=/dev/shm HTTP/1.1" 200 1952 "-" "Mozilla/5.0 (compatible; MJ12bot/v1.4.8; http://mj12bot.com/)"
51.83.100.230 - - [16/May/2026:10:03:39 +0530] "GET /z.php?loknya=/etc/alternatives HTTP/1.1" 200 2815 "-" "Mozilla/5.0 (compatible; MJ12bot/v1.4.8; http://mj12bot.com/)"
51.83.100.230 - - [16/May/2026:10:03:40 +0530] "GET /z.php?loknya=/etc/apache2 HTTP/1.1" 200 1939 "-" "Mozilla/5.0 (compatible; MJ12bot/v1.4.8; http://mj12bot.com/)"
51.83.100.230 - - [16/May/2026:10:03:42 +0530] "GET /z.php?loknya=/etc/bash_completion.d HTTP/1.1" 200 1994 "-" "Mozilla/5.0 (compatible; MJ12bot/v1.4.8; http://mj12bot.com/)"
51.83.100.230 - - [16/May/2026:10:03:44 +0530] "GET /z.php?loknya=/etc/cl.nodejs HTTP/1.1" 200 1809 "-" "Mozilla/5.0 (compatible; MJ12bot/v1.4.8; http://mj12bot.com/)"
51.83.100.230 - - [16/May/2026:10:03:46 +0530] "GET /z.php?loknya=/etc/cl.php.d HTTP/1.1" 200 2248 "-" "Mozilla/5.0 (compatible; MJ12bot/v1.4.8; http://mj12bot.com/)"
51.83.100.230 - - [16/May/2026:10:03:48 +0530] "GET /z.php?loknya=/etc/cl.python HTTP/1.1" 200 1990 "-" "Mozilla/5.0 (compatible; MJ12bot/v1.4.8; http://mj12bot.com/)"
51.83.100.230 - - [16/May/2026:10:03:50 +0530] "GET /z.php?loknya=/etc/cl.selector HTTP/1.1" 200 2247 "-" "Mozilla/5.0 (compatible; MJ12bot/v1.4.8; http://mj12bot.com/)"
51.83.100.230 - - [16/May/2026:10:03:51 +0530] "GET /z.php?loknya=/etc/cl.selector.conf.d HTTP/1.1" 200 2433 "-" "Mozilla/5.0 (compatible; MJ12bot/v1.4.8; http://mj12bot.com/)"
51.83.100.230 - - [16/May/2026:10:03:53 +0530] "GET /z.php?loknya=/etc/cpanel HTTP/1.1" 200 1805 "-" "Mozilla/5.0 (compatible; MJ12bot/v1.4.8; http://mj12bot.com/)"
51.83.100.230 - - [16/May/2026:10:03:55 +0530] "GET /z.php?loknya=/etc/crypto-policies HTTP/1.1" 200 2184 "-" "Mozilla/5.0 (compatible; MJ12bot/v1.4.8; http://mj12bot.com/)"
51.83.100.230 - - [16/May/2026:10:03:57 +0530] "GET /z.php?loknya=/etc/default HTTP/1.1" 200 2056 "-" "Mozilla/5.0 (compatible; MJ12bot/v1.4.8; http://mj12bot.com/)"
51.83.100.230 - - [16/May/2026:10:03:58 +0530] "GET /z.php?loknya=/etc/environment-modules HTTP/1.1" 200 2111 "-" "Mozilla/5.0 (compatible; MJ12bot/v1.4.8; http://mj12bot.com/)"
51.83.100.230 - - [16/May/2026:10:04:00 +0530] "GET /z.php?loknya=/etc/fonts HTTP/1.1" 200 2075 "-" "Mozilla/5.0 (compatible; MJ12bot/v1.4.8; http://mj12bot.com/)"
51.83.100.230 - - [16/May/2026:10:04:02 +0530] "GET /z.php?loknya=/etc/gcrypt HTTP/1.1" 200 1806 "-" "Mozilla/5.0 (compatible; MJ12bot/v1.4.8; http://mj12bot.com/)"
51.83.100.230 - - [16/May/2026:10:04:04 +0530] "GET /z.php?loknya=/etc/imunify360 HTTP/1.1" 200 1956 "-" "Mozilla/5.0 (compatible; MJ12bot/v1.4.8; http://mj12bot.com/)"
51.83.100.230 - - [16/May/2026:10:04:06 +0530] "GET /z.php?loknya=/etc/ld.so.conf.d HTTP/1.1" 200 2007 "-" "Mozilla/5.0 (compatible; MJ12bot/v1.4.8; http://mj12bot.com/)"
51.83.100.230 - - [16/May/2026:10:04:08 +0530] "GET /z.php?loknya=/etc/mail HTTP/1.1" 200 1939 "-" "Mozilla/5.0 (compatible; MJ12bot/v1.4.8; http://mj12bot.com/)"
51.83.100.230 - - [16/May/2026:10:04:12 +0530] "GET /z.php?loknya=/etc/modulefiles HTTP/1.1" 200 1808 "-" "Mozilla/5.0 (compatible; MJ12bot/v1.4.8; http://mj12bot.com/)"
51.83.100.230 - - [16/May/2026:10:04:14 +0530] "GET /z.php?loknya=/etc/motd.d HTTP/1.1" 200 1805 "-" "Mozilla/5.0 (compatible; MJ12bot/v1.4.8; http://mj12bot.com/)"
51.83.100.230 - - [16/May/2026:10:04:16 +0530] "GET /z.php?loknya=/etc/my.cnf.d HTTP/1.1" 200 2163 "-" "Mozilla/5.0 (compatible; MJ12bot/v1.4.8; http://mj12bot.com/)"
51.83.100.230 - - [16/May/2026:10:04:18 +0530] "GET /z.php?loknya=/etc/openldap HTTP/1.1" 200 2077 "-" "Mozilla/5.0 (compatible; MJ12bot/v1.4.8; http://mj12bot.com/)"
51.83.100.230 - - [16/May/2026:10:04:19 +0530] "GET /z.php?loknya=/etc/pam.d HTTP/1.1" 200 2482 "-" "Mozilla/5.0 (compatible; MJ12bot/v1.4.8; http://mj12bot.com/)"
51.83.100.230 - - [16/May/2026:10:04:22 +0530] "GET /z.php?loknya=/etc/pki HTTP/1.1" 200 2255 "-" "Mozilla/5.0 (compatible; MJ12bot/v1.4.8; http://mj12bot.com/)"
51.83.100.230 - - [16/May/2026:10:04:24 +0530] "GET /z.php?loknya=/etc/profile.d HTTP/1.1" 200 3205 "-" "Mozilla/5.0 (compatible; MJ12bot/v1.4.8; http://mj12bot.com/)"
51.83.100.230 - - [16/May/2026:10:04:26 +0530] "GET /z.php?loknya=/etc/sasl2 HTTP/1.1" 200 1807 "-" "Mozilla/5.0 (compatible; MJ12bot/v1.4.8; http://mj12bot.com/)"
51.83.100.230 - - [16/May/2026:10:04:27 +0530] "GET /z.php?loknya=/etc/scl HTTP/1.1" 200 2170 "-" "Mozilla/5.0 (compatible; MJ12bot/v1.4.8; http://mj12bot.com/)"
51.83.100.230 - - [16/May/2026:10:04:30 +0530] "GET /z.php?loknya=/etc/security HTTP/1.1" 200 2744 "-" "Mozilla/5.0 (compatible; MJ12bot/v1.4.8; http://mj12bot.com/)"
51.83.100.230 - - [16/May/2026:10:04:32 +0530] "GET /z.php?loknya=/etc/skel HTTP/1.1" 200 2065 "-" "Mozilla/5.0 (compatible; MJ12bot/v1.4.8; http://mj12bot.com/)"
51.83.100.230 - - [16/May/2026:10:04:34 +0530] "GET /z.php?loknya=/etc/ssh HTTP/1.1" 200 2033 "-" "Mozilla/5.0 (compatible; MJ12bot/v1.4.8; http://mj12bot.com/)"
51.83.100.230 - - [16/May/2026:10:04:36 +0530] "GET /z.php?loknya=/etc/ssl HTTP/1.1" 200 1937 "-" "Mozilla/5.0 (compatible; MJ12bot/v1.4.8; http://mj12bot.com/)"
51.83.100.230 - - [16/May/2026:10:04:40 +0530] "GET /z.php?loknya=/etc/sysconfig HTTP/1.1" 200 1997 "-" "Mozilla/5.0 (compatible; MJ12bot/v1.4.8; http://mj12bot.com/)"
51.83.100.230 - - [16/May/2026:10:04:42 +0530] "GET /z.php?loknya=/home/demoplace/.cagefs/opt HTTP/1.1" 200 1971 "-" "Mozilla/5.0 (compatible; MJ12bot/v1.4.8; http://mj12bot.com/)"
51.83.100.230 - - [16/May/2026:10:04:44 +0530] "GET /z.php?loknya=/home/demoplace/.cagefs/tmp HTTP/1.1" 200 24259 "-" "Mozilla/5.0 (compatible; MJ12bot/v1.4.8; http://mj12bot.com/)"
51.83.100.230 - - [16/May/2026:10:04:49 +0530] "GET /z.php?loknya=/home/demoplace/.cagefs/var HTTP/1.1" 200 2114 "-" "Mozilla/5.0 (compatible; MJ12bot/v1.4.8; http://mj12bot.com/)"
51.83.100.230 - - [16/May/2026:10:04:51 +0530] "GET /z.php?loknya=/home/demoplace/.caldav/aaseem.khan@classystay.in HTTP/1.1" 200 2160 "-" "Mozilla/5.0 (compatible; MJ12bot/v1.4.8; http://mj12bot.com/)"
51.83.100.230 - - [16/May/2026:10:04:53 +0530] "GET /z.php?loknya=/home/demoplace/.caldav/accounts@classystay.in HTTP/1.1" 200 2175 "-" "Mozilla/5.0 (compatible; MJ12bot/v1.4.8; http://mj12bot.com/)"
51.83.100.230 - - [16/May/2026:10:04:55 +0530] "GET /z.php?loknya=/home/demoplace/.caldav/adarsh.noolkar@classystay.in HTTP/1.1" 200 2180 "-" "Mozilla/5.0 (compatible; MJ12bot/v1.4.8; http://mj12bot.com/)"
51.83.100.230 - - [16/May/2026:10:04:57 +0530] "GET /z.php?loknya=/home/demoplace/.caldav/ajinkya.wagh@classystay.in HTTP/1.1" 200 2180 "-" "Mozilla/5.0 (compatible; MJ12bot/v1.4.8; http://mj12bot.com/)"
51.83.100.230 - - [16/May/2026:10:05:00 +0530] "GET /z.php?loknya=/home/demoplace/.caldav/demoplace HTTP/1.1" 200 2185 "-" "Mozilla/5.0 (compatible; MJ12bot/v1.4.8; http://mj12bot.com/)"
51.83.100.230 - - [16/May/2026:10:05:01 +0530] "GET /z.php?loknya=/home/demoplace/.caldav/dinesh.chavan@classystay.in HTTP/1.1" 200 2180 "-" "Mozilla/5.0 (compatible; MJ12bot/v1.4.8; http://mj12bot.com/)"
51.83.100.230 - - [16/May/2026:10:05:03 +0530] "GET /z.php?loknya=/home/demoplace/.caldav/founder@classystay.in HTTP/1.1" 200 2285 "-" "Mozilla/5.0 (compatible; MJ12bot/v1.4.8; http://mj12bot.com/)"
51.83.100.230 - - [16/May/2026:10:05:05 +0530] "GET /z.php?loknya=/home/demoplace/.caldav/hr@classystay.in HTTP/1.1" 200 2174 "-" "Mozilla/5.0 (compatible; MJ12bot/v1.4.8; http://mj12bot.com/)"
51.83.100.230 - - [16/May/2026:10:05:07 +0530] "GET /z.php?loknya=/home/demoplace/.caldav/info@prcompany.demoplace.in HTTP/1.1" 200 2179 "-" "Mozilla/5.0 (compatible; MJ12bot/v1.4.8; http://mj12bot.com/)"
51.83.100.230 - - [16/May/2026:10:05:08 +0530] "GET /z.php?loknya=/home/demoplace/.caldav/info@reportbuzz.in HTTP/1.1" 200 2174 "-" "Mozilla/5.0 (compatible; MJ12bot/v1.4.8; http://mj12bot.com/)"
51.83.100.230 - - [16/May/2026:10:05:11 +0530] "GET /z.php?loknya=/home/demoplace/.caldav/noel@classystay.in HTTP/1.1" 200 2169 "-" "Mozilla/5.0 (compatible; MJ12bot/v1.4.8; http://mj12bot.com/)"
51.83.100.230 - - [16/May/2026:10:05:13 +0530] "GET /z.php?loknya=/home/demoplace/.caldav/padharinath.ragi@classystay.in HTTP/1.1" 200 2182 "-" "Mozilla/5.0 (compatible; MJ12bot/v1.4.8; http://mj12bot.com/)"
51.83.100.230 - - [16/May/2026:10:05:15 +0530] "GET /z.php?loknya=/home/demoplace/.caldav/pandharinath.ragi@demoplace.in HTTP/1.1" 200 2178 "-" "Mozilla/5.0 (compatible; MJ12bot/v1.4.8; http://mj12bot.com/)"
51.83.100.230 - - [16/May/2026:10:05:17 +0530] "GET /z.php?loknya=/home/demoplace/.caldav/parmeshwar.gaddi@classystay.in HTTP/1.1" 200 2181 "-" "Mozilla/5.0 (compatible; MJ12bot/v1.4.8; http://mj12bot.com/)"
51.83.100.230 - - [16/May/2026:10:05:20 +0530] "GET /z.php?loknya=/home/demoplace/.caldav/rafiq.shaikh@classystay.in HTTP/1.1" 200 2179 "-" "Mozilla/5.0 (compatible; MJ12bot/v1.4.8; http://mj12bot.com/)"
51.83.100.230 - - [16/May/2026:10:05:22 +0530] "GET /z.php?loknya=/home/demoplace/.caldav/rahul.adkhale@classystay.in HTTP/1.1" 200 2179 "-" "Mozilla/5.0 (compatible; MJ12bot/v1.4.8; http://mj12bot.com/)"
51.83.100.230 - - [16/May/2026:10:05:25 +0530] "GET /z.php?loknya=/home/demoplace/.caldav/siddarth@classystay.in HTTP/1.1" 200 2177 "-" "Mozilla/5.0 (compatible; MJ12bot/v1.4.8; http://mj12bot.com/)"
51.83.100.230 - - [16/May/2026:10:05:27 +0530] "GET /z.php?loknya=/home/demoplace/.caldav/support@demoplace.in HTTP/1.1" 200 2168 "-" "Mozilla/5.0 (compatible; MJ12bot/v1.4.8; http://mj12bot.com/)"
51.83.100.230 - - [16/May/2026:10:05:28 +0530] "GET /z.php?loknya=/home/demoplace/.caldav/support@mtwo.in HTTP/1.1" 200 2174 "-" "Mozilla/5.0 (compatible; MJ12bot/v1.4.8; http://mj12bot.com/)"
51.83.100.230 - - [16/May/2026:10:05:30 +0530] "GET /z.php?loknya=/home/demoplace/.caldav/wahid@demoplace.in HTTP/1.1" 200 2165 "-" "Mozilla/5.0 (compatible; MJ12bot/v1.4.8; http://mj12bot.com/)"
51.83.100.230 - - [16/May/2026:10:05:32 +0530] "GET /z.php?loknya=/home/demoplace/.config/htop HTTP/1.1" 200 2073 "-" "Mozilla/5.0 (compatible; MJ12bot/v1.4.8; http://mj12bot.com/)"
51.83.100.230 - - [16/May/2026:10:05:34 +0530] "GET /z.php?loknya=/home/demoplace/.config/procps HTTP/1.1" 200 1843 "-" "Mozilla/5.0 (compatible; MJ12bot/v1.4.8; http://mj12bot.com/)"
51.83.100.230 - - [16/May/2026:10:05:36 +0530] "GET /z.php?loknya=/home/demoplace/.cpanel/caches HTTP/1.1" 200 2186 "-" "Mozilla/5.0 (compatible; MJ12bot/v1.4.8; http://mj12bot.com/)"
51.83.100.230 - - [16/May/2026:10:05:39 +0530] "GET /z.php?loknya=/home/demoplace/.cpanel/datastore HTTP/1.1" 200 3015 "-" "Mozilla/5.0 (compatible; MJ12bot/v1.4.8; http://mj12bot.com/)"
51.83.100.230 - - [16/May/2026:10:05:40 +0530] "GET /z.php?loknya=/home/demoplace/.cpanel/ea-php-cli HTTP/1.1" 200 1984 "-" "Mozilla/5.0 (compatible; MJ12bot/v1.4.8; http://mj12bot.com/)"
51.83.100.230 - - [16/May/2026:10:05:42 +0530] "GET /z.php?loknya=/home/demoplace/.cpanel/icals HTTP/1.1" 200 2444 "-" "Mozilla/5.0 (compatible; MJ12bot/v1.4.8; http://mj12bot.com/)"
51.83.100.230 - - [16/May/2026:10:05:44 +0530] "GET /z.php?loknya=/home/demoplace/.cpanel/nvdata HTTP/1.1" 200 3839 "-" "Mozilla/5.0 (compatible; MJ12bot/v1.4.8; http://mj12bot.com/)"
51.83.100.230 - - [16/May/2026:10:05:45 +0530] "GET /z.php?loknya=/home/demoplace/.cpanel/vcards HTTP/1.1" 200 2445 "-" "Mozilla/5.0 (compatible; MJ12bot/v1.4.8; http://mj12bot.com/)"
101.32.239.179 - - [16/May/2026:10:11:22 +0530] "GET /lpo1mzn/ HTTP/1.1" 200 346 "-" "Mozilla/5.0 (iPhone; CPU iPhone OS 13_2_3 like Mac OS X) AppleWebKit/605.1.15 (KHTML, like Gecko) Version/13.0.3 Mobile/15E148 Safari/604.1"
43.157.98.187 - - [16/May/2026:10:20:55 +0530] "GET /vuqnhzo/ HTTP/1.1" 200 346 "-" "Mozilla/5.0 (iPhone; CPU iPhone OS 13_2_3 like Mac OS X) AppleWebKit/605.1.15 (KHTML, like Gecko) Version/13.0.3 Mobile/15E148 Safari/604.1"
43.130.78.203 - - [16/May/2026:10:31:14 +0530] "GET /assets/?C=N;O=D HTTP/1.1" 200 359 "-" "Mozilla/5.0 (iPhone; CPU iPhone OS 13_2_3 like Mac OS X) AppleWebKit/605.1.15 (KHTML, like Gecko) Version/13.0.3 Mobile/15E148 Safari/604.1"
46.105.42.96 - - [16/May/2026:10:38:58 +0530] "GET /robots.txt HTTP/1.1" 404 - "-" "Mozilla/5.0 (compatible; MJ12bot/v2.0.5; http://mj12bot.com/)"
46.105.42.96 - - [16/May/2026:10:38:58 +0530] "GET / HTTP/1.1" 200 553 "-" "Mozilla/5.0 (compatible; MJ12bot/v2.0.5; http://mj12bot.com/)"
43.165.2.110 - - [16/May/2026:10:40:32 +0530] "GET /ax1rtqk/?C=M;O=A HTTP/1.1" 200 346 "-" "Mozilla/5.0 (iPhone; CPU iPhone OS 13_2_3 like Mac OS X) AppleWebKit/605.1.15 (KHTML, like Gecko) Version/13.0.3 Mobile/15E148 Safari/604.1"
43.135.133.194 - - [16/May/2026:10:50:54 +0530] "GET /kcdvwmg/?C=M;O=A HTTP/1.1" 200 347 "-" "Mozilla/5.0 (iPhone; CPU iPhone OS 13_2_3 like Mac OS X) AppleWebKit/605.1.15 (KHTML, like Gecko) Version/13.0.3 Mobile/15E148 Safari/604.1"
82.180.147.116 - - [16/May/2026:11:03:22 +0530] "GET /.well-known/acme-challenge/809IR8TO9NFNDIHKFU773T_1ZK21_K2A HTTP/1.1" 200 64 "-" "Cpanel-HTTP-Client/1.0"
82.180.147.116 - - [16/May/2026:11:03:22 +0530] "GET /.well-known/acme-challenge/IQ7D6GSRINGDIH9NJKSWN5DSDMVM2OQM HTTP/1.1" 200 64 "-" "Cpanel-HTTP-Client/1.0"
82.180.147.116 - - [16/May/2026:11:03:23 +0530] "GET /.well-known/acme-challenge/0MA6OFN_4HXXYR461RY7LVXVMO475KDI HTTP/1.1" 200 64 "-" "Cpanel-HTTP-Client/1.0"
82.180.147.116 - - [16/May/2026:11:03:23 +0530] "GET /.well-known/acme-challenge/30LVHHISJ5YAL2SRT04VBRZH2P3W-F34 HTTP/1.1" 200 64 "-" "Cpanel-HTTP-Client/1.0"
82.180.147.116 - - [16/May/2026:11:03:23 +0530] "GET /.well-known/acme-challenge/B948358H8HP62W6PNQEBBDJ4FDV6S_A1 HTTP/1.1" 200 64 "-" "Cpanel-HTTP-Client/1.0"
23.178.112.211 - - [16/May/2026:11:03:40 +0530] "GET /.well-known/acme-challenge/hz67CZLkUNYT1FKyd7juy-1k18XAJwEI1SDNwyd043M HTTP/1.1" 200 107 "-" "Mozilla/5.0 (compatible; Let's Encrypt validation server; +https://www.letsencrypt.org)"
23.178.112.211 - - [16/May/2026:11:03:41 +0530] "GET /.well-known/acme-challenge/xaqaa3vbwuykGSANuevuAMTUyGGKHb8z7O4U-a5XZ2g HTTP/1.1" 200 107 "-" "Mozilla/5.0 (compatible; Let's Encrypt validation server; +https://www.letsencrypt.org)"
13.214.139.119 - - [16/May/2026:11:03:41 +0530] "GET /.well-known/acme-challenge/hz67CZLkUNYT1FKyd7juy-1k18XAJwEI1SDNwyd043M HTTP/1.1" 200 107 "-" "Mozilla/5.0 (compatible; Let's Encrypt validation server; +https://www.letsencrypt.org)"
23.178.112.213 - - [16/May/2026:11:03:42 +0530] "GET /.well-known/acme-challenge/-KuN-DvScB12jH6bO9UQ18yAEF-9p8GCNAOtKquJsTo HTTP/1.1" 200 107 "-" "Mozilla/5.0 (compatible; Let's Encrypt validation server; +https://www.letsencrypt.org)"
47.129.204.251 - - [16/May/2026:11:03:42 +0530] "GET /.well-known/acme-challenge/xaqaa3vbwuykGSANuevuAMTUyGGKHb8z7O4U-a5XZ2g HTTP/1.1" 200 107 "-" "Mozilla/5.0 (compatible; Let's Encrypt validation server; +https://www.letsencrypt.org)"
3.139.89.144 - - [16/May/2026:11:03:42 +0530] "GET /.well-known/acme-challenge/hz67CZLkUNYT1FKyd7juy-1k18XAJwEI1SDNwyd043M HTTP/1.1" 200 107 "-" "Mozilla/5.0 (compatible; Let's Encrypt validation server; +https://www.letsencrypt.org)"
16.170.220.8 - - [16/May/2026:11:03:42 +0530] "GET /.well-known/acme-challenge/hz67CZLkUNYT1FKyd7juy-1k18XAJwEI1SDNwyd043M HTTP/1.1" 200 107 "-" "Mozilla/5.0 (compatible; Let's Encrypt validation server; +https://www.letsencrypt.org)"
44.248.8.118 - - [16/May/2026:11:03:42 +0530] "GET /.well-known/acme-challenge/hz67CZLkUNYT1FKyd7juy-1k18XAJwEI1SDNwyd043M HTTP/1.1" 200 107 "-" "Mozilla/5.0 (compatible; Let's Encrypt validation server; +https://www.letsencrypt.org)"
13.62.227.138 - - [16/May/2026:11:03:42 +0530] "GET /.well-known/acme-challenge/xaqaa3vbwuykGSANuevuAMTUyGGKHb8z7O4U-a5XZ2g HTTP/1.1" 200 107 "-" "Mozilla/5.0 (compatible; Let's Encrypt validation server; +https://www.letsencrypt.org)"
3.147.72.71 - - [16/May/2026:11:03:42 +0530] "GET /.well-known/acme-challenge/xaqaa3vbwuykGSANuevuAMTUyGGKHb8z7O4U-a5XZ2g HTTP/1.1" 200 107 "-" "Mozilla/5.0 (compatible; Let's Encrypt validation server; +https://www.letsencrypt.org)"
13.212.62.34 - - [16/May/2026:11:03:42 +0530] "GET /.well-known/acme-challenge/-KuN-DvScB12jH6bO9UQ18yAEF-9p8GCNAOtKquJsTo HTTP/1.1" 200 107 "-" "Mozilla/5.0 (compatible; Let's Encrypt validation server; +https://www.letsencrypt.org)"
54.185.156.55 - - [16/May/2026:11:03:42 +0530] "GET /.well-known/acme-challenge/xaqaa3vbwuykGSANuevuAMTUyGGKHb8z7O4U-a5XZ2g HTTP/1.1" 200 107 "-" "Mozilla/5.0 (compatible; Let's Encrypt validation server; +https://www.letsencrypt.org)"
13.62.227.138 - - [16/May/2026:11:03:42 +0530] "GET /.well-known/acme-challenge/-KuN-DvScB12jH6bO9UQ18yAEF-9p8GCNAOtKquJsTo HTTP/1.1" 200 107 "-" "Mozilla/5.0 (compatible; Let's Encrypt validation server; +https://www.letsencrypt.org)"
18.118.29.74 - - [16/May/2026:11:03:43 +0530] "GET /.well-known/acme-challenge/-KuN-DvScB12jH6bO9UQ18yAEF-9p8GCNAOtKquJsTo HTTP/1.1" 200 107 "-" "Mozilla/5.0 (compatible; Let's Encrypt validation server; +https://www.letsencrypt.org)"
16.144.243.252 - - [16/May/2026:11:03:44 +0530] "GET /.well-known/acme-challenge/-KuN-DvScB12jH6bO9UQ18yAEF-9p8GCNAOtKquJsTo HTTP/1.1" 200 107 "-" "Mozilla/5.0 (compatible; Let's Encrypt validation server; +https://www.letsencrypt.org)"
64.225.75.246 - - [16/May/2026:11:05:26 +0530] "GET / HTTP/1.1" 200 3435 "-" "Mozilla/5.0 (l9scan/2.0.631313e2734313e2038313e22383; +https://leakix.net)"
165.227.173.41 - - [16/May/2026:11:05:26 +0530] "GET / HTTP/1.1" 200 3435 "-" "Mozilla/5.0 (l9scan/2.0.631313e2734313e2038313e22383; +https://leakix.net)"
64.225.75.246 - - [16/May/2026:11:05:27 +0530] "GET /console/ HTTP/1.1" 404 - "-" "Mozilla/5.0 (l9scan/2.0.631313e2734313e2038313e22383; +https://leakix.net)"
165.227.173.41 - - [16/May/2026:11:05:27 +0530] "GET /console/ HTTP/1.1" 404 - "-" "Mozilla/5.0 (l9scan/2.0.631313e2734313e2038313e22383; +https://leakix.net)"
139.59.143.102 - - [16/May/2026:11:05:28 +0530] "GET / HTTP/1.1" 200 3435 "-" "Mozilla/5.0 (l9scan/2.0.631313e2734313e2038313e22383; +https://leakix.net)"
64.225.75.246 - - [16/May/2026:11:05:28 +0530] "GET /server HTTP/1.1" 404 - "-" "Mozilla/5.0 (l9scan/2.0.631313e2734313e2038313e22383; +https://leakix.net)"
139.59.143.102 - - [16/May/2026:11:05:29 +0530] "GET /console/ HTTP/1.1" 404 - "-" "Mozilla/5.0 (l9scan/2.0.631313e2734313e2038313e22383; +https://leakix.net)"
165.227.173.41 - - [16/May/2026:11:05:29 +0530] "GET /server HTTP/1.1" 404 - "-" "Mozilla/5.0 (l9scan/2.0.631313e2734313e2038313e22383; +https://leakix.net)"
51.89.167.1 - - [16/May/2026:11:05:29 +0530] "GET / HTTP/1.1" 200 553 "-" "Go-http-client/1.1"
64.225.75.246 - - [16/May/2026:11:05:29 +0530] "GET /server-status HTTP/1.1" 404 - "-" "Mozilla/5.0 (l9scan/2.0.631313e2734313e2038313e22383; +https://leakix.net)"
51.89.167.1 - - [16/May/2026:11:05:30 +0530] "GET /1uofhcr/ HTTP/1.1" 200 346 "-" "Go-http-client/1.1"
51.89.167.1 - - [16/May/2026:11:05:30 +0530] "GET / HTTP/1.1" 200 553 "-" "Go-http-client/1.1"
51.89.167.1 - - [16/May/2026:11:05:30 +0530] "GET /1uofhcr/lmzucpn/ HTTP/1.1" 200 - "-" "Go-http-client/1.1"
51.89.167.1 - - [16/May/2026:11:05:30 +0530] "GET /1uofhcr/ HTTP/1.1" 200 346 "-" "Go-http-client/1.1"
51.89.167.1 - - [16/May/2026:11:05:30 +0530] "GET /application/ HTTP/1.1" 200 360 "-" "Go-http-client/1.1"
51.89.167.1 - - [16/May/2026:11:05:30 +0530] "GET /1uofhcr/lmzucpn/ HTTP/1.1" 200 - "-" "Go-http-client/1.1"
139.59.143.102 - - [16/May/2026:11:05:30 +0530] "GET /server HTTP/1.1" 404 - "-" "Mozilla/5.0 (l9scan/2.0.631313e2734313e2038313e22383; +https://leakix.net)"
165.227.173.41 - - [16/May/2026:11:05:30 +0530] "GET /server-status HTTP/1.1" 404 - "-" "Mozilla/5.0 (l9scan/2.0.631313e2734313e2038313e22383; +https://leakix.net)"
51.89.167.1 - - [16/May/2026:11:05:30 +0530] "GET /application/libraries/ HTTP/1.1" 200 360 "-" "Go-http-client/1.1"
51.89.167.1 - - [16/May/2026:11:05:30 +0530] "GET /application/ HTTP/1.1" 200 360 "-" "Go-http-client/1.1"
51.89.167.1 - - [16/May/2026:11:05:31 +0530] "GET /application/libraries/easebuzzdemo/ HTTP/1.1" 200 327 "-" "Go-http-client/1.1"
51.89.167.1 - - [16/May/2026:11:05:31 +0530] "GET / HTTP/1.1" 200 553 "-" "Go-http-client/1.1"
51.89.167.1 - - [16/May/2026:11:05:31 +0530] "GET /application/libraries/ HTTP/1.1" 200 360 "-" "Go-http-client/1.1"
51.89.167.1 - - [16/May/2026:11:05:31 +0530] "GET /application/views/ HTTP/1.1" 200 364 "-" "Go-http-client/1.1"
51.89.167.1 - - [16/May/2026:11:05:31 +0530] "GET /1uofhcr/ HTTP/1.1" 200 346 "-" "Go-http-client/1.1"
51.89.167.1 - - [16/May/2026:11:05:31 +0530] "GET /application/libraries/easebuzzdemo/ HTTP/1.1" 200 327 "-" "Go-http-client/1.1"
51.89.167.1 - - [16/May/2026:11:05:31 +0530] "GET /application/views/admin/ HTTP/1.1" 200 318 "-" "Go-http-client/1.1"
51.89.167.1 - - [16/May/2026:11:05:31 +0530] "GET /1uofhcr/lmzucpn/ HTTP/1.1" 200 - "-" "Go-http-client/1.1"
64.225.75.246 - - [16/May/2026:11:05:31 +0530] "GET /about HTTP/1.1" 404 - "-" "Mozilla/5.0 (l9scan/2.0.631313e2734313e2038313e22383; +https://leakix.net)"
51.89.167.1 - - [16/May/2026:11:05:31 +0530] "GET /application/views/ HTTP/1.1" 200 364 "-" "Go-http-client/1.1"
51.89.167.1 - - [16/May/2026:11:05:31 +0530] "GET /application/views/errors/ HTTP/1.1" 200 354 "-" "Go-http-client/1.1"
51.89.167.1 - - [16/May/2026:11:05:31 +0530] "GET /application/ HTTP/1.1" 200 360 "-" "Go-http-client/1.1"
51.89.167.1 - - [16/May/2026:11:05:31 +0530] "GET /application/views/admin/ HTTP/1.1" 200 318 "-" "Go-http-client/1.1"
139.59.143.102 - - [16/May/2026:11:05:31 +0530] "GET /server-status HTTP/1.1" 404 - "-" "Mozilla/5.0 (l9scan/2.0.631313e2734313e2038313e22383; +https://leakix.net)"
51.89.167.1 - - [16/May/2026:11:05:31 +0530] "GET /application/views/errors/html/ HTTP/1.1" 200 120 "-" "Go-http-client/1.1"
51.89.167.1 - - [16/May/2026:11:05:31 +0530] "GET /application/libraries/ HTTP/1.1" 200 360 "-" "Go-http-client/1.1"
165.227.173.41 - - [16/May/2026:11:05:31 +0530] "GET /about HTTP/1.1" 404 - "-" "Mozilla/5.0 (l9scan/2.0.631313e2734313e2038313e22383; +https://leakix.net)"
51.89.167.1 - - [16/May/2026:11:05:31 +0530] "GET /application/views/errors/ HTTP/1.1" 200 354 "-" "Go-http-client/1.1"
51.89.167.1 - - [16/May/2026:11:05:32 +0530] "GET /assets/ HTTP/1.1" 200 359 "-" "Go-http-client/1.1"
51.89.167.1 - - [16/May/2026:11:05:32 +0530] "GET /application/libraries/easebuzzdemo/ HTTP/1.1" 200 327 "-" "Go-http-client/1.1"
51.89.167.1 - - [16/May/2026:11:05:32 +0530] "GET /application/views/errors/html/ HTTP/1.1" 200 120 "-" "Go-http-client/1.1"
51.89.167.1 - - [16/May/2026:11:05:32 +0530] "GET /assets/ckeditor/ HTTP/1.1" 200 349 "-" "Go-http-client/1.1"
51.89.167.1 - - [16/May/2026:11:05:32 +0530] "GET /application/views/ HTTP/1.1" 200 364 "-" "Go-http-client/1.1"
51.89.167.1 - - [16/May/2026:11:05:32 +0530] "GET /assets/ HTTP/1.1" 200 359 "-" "Go-http-client/1.1"
64.225.75.246 - - [16/May/2026:11:05:32 +0530] "GET /login.action HTTP/1.1" 404 - "-" "Mozilla/5.0 (l9scan/2.0.631313e2734313e2038313e22383; +https://leakix.net)"
51.89.167.1 - - [16/May/2026:11:05:32 +0530] "GET /assets/ckeditor/skins/ HTTP/1.1" 200 317 "-" "Go-http-client/1.1"
51.89.167.1 - - [16/May/2026:11:05:32 +0530] "GET /application/views/admin/ HTTP/1.1" 200 318 "-" "Go-http-client/1.1"
51.89.167.1 - - [16/May/2026:11:05:32 +0530] "GET /assets/ckeditor/ HTTP/1.1" 200 349 "-" "Go-http-client/1.1"
51.89.167.1 - - [16/May/2026:11:05:33 +0530] "GET /application/views/errors/ HTTP/1.1" 200 354 "-" "Go-http-client/1.1"
51.89.167.1 - - [16/May/2026:11:05:33 +0530] "GET /assets/ckeditor/skins/ HTTP/1.1" 200 317 "-" "Go-http-client/1.1"
51.89.167.1 - - [16/May/2026:11:05:32 +0530] "GET /assets/plugins/ HTTP/1.1" 200 376 "-" "Go-http-client/1.1"
165.227.173.41 - - [16/May/2026:11:05:33 +0530] "GET /login.action HTTP/1.1" 404 - "-" "Mozilla/5.0 (l9scan/2.0.631313e2734313e2038313e22383; +https://leakix.net)"
51.89.167.1 - - [16/May/2026:11:05:33 +0530] "GET /application/views/errors/html/ HTTP/1.1" 200 120 "-" "Go-http-client/1.1"
51.89.167.1 - - [16/May/2026:11:05:33 +0530] "GET /assets/plugins/ HTTP/1.1" 200 376 "-" "Go-http-client/1.1"
51.89.167.1 - - [16/May/2026:11:05:33 +0530] "GET /assets/plugins/bootstrap-datepicker/ HTTP/1.1" 200 364 "-" "Go-http-client/1.1"
51.89.167.1 - - [16/May/2026:11:05:33 +0530] "GET /assets/plugins/bootstrap-datepicker/ HTTP/1.1" 200 364 "-" "Go-http-client/1.1"
139.59.143.102 - - [16/May/2026:11:05:33 +0530] "GET /about HTTP/1.1" 404 - "-" "Mozilla/5.0 (l9scan/2.0.631313e2734313e2038313e22383; +https://leakix.net)"
51.89.167.1 - - [16/May/2026:11:05:33 +0530] "GET /assets/plugins/bootstrap-datepicker/js/ HTTP/1.1" 200 5057 "-" "Go-http-client/1.1"
51.89.167.1 - - [16/May/2026:11:05:33 +0530] "GET /assets/ HTTP/1.1" 200 359 "-" "Go-http-client/1.1"
51.89.167.1 - - [16/May/2026:11:05:33 +0530] "GET /assets/plugins/bootstrap-datepicker/js/ HTTP/1.1" 200 5057 "-" "Go-http-client/1.1"
51.89.167.1 - - [16/May/2026:11:05:33 +0530] "GET /assets/ckeditor/ HTTP/1.1" 200 349 "-" "Go-http-client/1.1"
51.89.167.1 - - [16/May/2026:11:05:33 +0530] "GET /assets/plugins/jqvmap/ HTTP/1.1" 200 318 "-" "Go-http-client/1.1"
64.225.75.246 - - [16/May/2026:11:05:33 +0530] "GET / HTTP/1.1" 200 553 "-" "Mozilla/5.0 (l9scan/2.0.631313e2734313e2038313e22383; +https://leakix.net)"
51.89.167.1 - - [16/May/2026:11:05:34 +0530] "GET /assets/plugins/jqvmap/ HTTP/1.1" 200 318 "-" "Go-http-client/1.1"
51.89.167.1 - - [16/May/2026:11:05:34 +0530] "GET /assets/ckeditor/skins/ HTTP/1.1" 200 317 "-" "Go-http-client/1.1"
139.59.143.102 - - [16/May/2026:11:05:34 +0530] "GET /login.action HTTP/1.1" 404 - "-" "Mozilla/5.0 (l9scan/2.0.631313e2734313e2038313e22383; +https://leakix.net)"
51.89.167.1 - - [16/May/2026:11:05:34 +0530] "GET /ax1rtqk/ HTTP/1.1" 200 346 "-" "Go-http-client/1.1"
51.89.167.1 - - [16/May/2026:11:05:34 +0530] "GET /ax1rtqk/ HTTP/1.1" 200 346 "-" "Go-http-client/1.1"
51.89.167.1 - - [16/May/2026:11:05:34 +0530] "GET /assets/plugins/ HTTP/1.1" 200 376 "-" "Go-http-client/1.1"
165.227.173.41 - - [16/May/2026:11:05:34 +0530] "GET / HTTP/1.1" 200 553 "-" "Mozilla/5.0 (l9scan/2.0.631313e2734313e2038313e22383; +https://leakix.net)"
64.225.75.246 - - [16/May/2026:11:05:34 +0530] "GET /___proxy_subdomain_whm/login HTTP/1.1" 404 - "-" "Mozilla/5.0 (l9scan/2.0.631313e2734313e2038313e22383; +https://leakix.net)"
51.89.167.1 - - [16/May/2026:11:05:34 +0530] "GET /ax1rtqk/bfelycd/ HTTP/1.1" 200 - "-" "Go-http-client/1.1"
51.89.167.1 - - [16/May/2026:11:05:34 +0530] "GET /assets/plugins/bootstrap-datepicker/ HTTP/1.1" 200 364 "-" "Go-http-client/1.1"
51.89.167.1 - - [16/May/2026:11:05:34 +0530] "GET /ax1rtqk/bfelycd/ HTTP/1.1" 200 - "-" "Go-http-client/1.1"
51.89.167.1 - - [16/May/2026:11:05:35 +0530] "GET /fsgycvi/ HTTP/1.1" 200 346 "-" "Go-http-client/1.1"
51.89.167.1 - - [16/May/2026:11:05:35 +0530] "GET /fsgycvi/ HTTP/1.1" 200 346 "-" "Go-http-client/1.1"
51.89.167.1 - - [16/May/2026:11:05:35 +0530] "GET /assets/plugins/bootstrap-datepicker/js/ HTTP/1.1" 200 5057 "-" "Go-http-client/1.1"
51.89.167.1 - - [16/May/2026:11:05:35 +0530] "GET /fsgycvi/odkwmza/ HTTP/1.1" 200 - "-" "Go-http-client/1.1"
165.227.173.41 - - [16/May/2026:11:05:35 +0530] "GET /___proxy_subdomain_whm/login HTTP/1.1" 404 - "-" "Mozilla/5.0 (l9scan/2.0.631313e2734313e2038313e22383; +https://leakix.net)"
51.89.167.1 - - [16/May/2026:11:05:35 +0530] "GET /fsgycvi/odkwmza/ HTTP/1.1" 200 - "-" "Go-http-client/1.1"
51.89.167.1 - - [16/May/2026:11:05:35 +0530] "GET /assets/plugins/jqvmap/ HTTP/1.1" 200 318 "-" "Go-http-client/1.1"
64.225.75.246 - - [16/May/2026:11:05:35 +0530] "GET /___proxy_subdomain_cpanel HTTP/1.1" 404 - "-" "Mozilla/5.0 (l9scan/2.0.631313e2734313e2038313e22383; +https://leakix.net)"
139.59.143.102 - - [16/May/2026:11:05:35 +0530] "GET / HTTP/1.1" 200 553 "-" "Mozilla/5.0 (l9scan/2.0.631313e2734313e2038313e22383; +https://leakix.net)"
51.89.167.1 - - [16/May/2026:11:05:35 +0530] "GET /fxwvtik/ HTTP/1.1" 200 347 "-" "Go-http-client/1.1"
51.89.167.1 - - [16/May/2026:11:05:35 +0530] "GET /fxwvtik/ HTTP/1.1" 200 347 "-" "Go-http-client/1.1"
51.89.167.1 - - [16/May/2026:11:05:35 +0530] "GET /ax1rtqk/ HTTP/1.1" 200 346 "-" "Go-http-client/1.1"
51.89.167.1 - - [16/May/2026:11:05:35 +0530] "GET /fxwvtik/ircumlj/ HTTP/1.1" 200 - "-" "Go-http-client/1.1"
51.89.167.1 - - [16/May/2026:11:05:36 +0530] "GET /fxwvtik/ircumlj/ HTTP/1.1" 200 - "-" "Go-http-client/1.1"
64.225.75.246 - - [16/May/2026:11:05:36 +0530] "GET /v2/_catalog HTTP/1.1" 404 - "-" "Mozilla/5.0 (l9scan/2.0.631313e2734313e2038313e22383; +https://leakix.net)"
165.227.173.41 - - [16/May/2026:11:05:36 +0530] "GET /___proxy_subdomain_cpanel HTTP/1.1" 404 - "-" "Mozilla/5.0 (l9scan/2.0.631313e2734313e2038313e22383; +https://leakix.net)"
51.89.167.1 - - [16/May/2026:11:05:36 +0530] "GET /kcdvwmg/ HTTP/1.1" 200 347 "-" "Go-http-client/1.1"
51.89.167.1 - - [16/May/2026:11:05:36 +0530] "GET /kcdvwmg/ HTTP/1.1" 200 347 "-" "Go-http-client/1.1"
51.89.167.1 - - [16/May/2026:11:05:36 +0530] "GET /kcdvwmg/bfgr1qv/ HTTP/1.1" 200 - "-" "Go-http-client/1.1"
139.59.143.102 - - [16/May/2026:11:05:36 +0530] "GET /___proxy_subdomain_whm/login HTTP/1.1" 404 - "-" "Mozilla/5.0 (l9scan/2.0.631313e2734313e2038313e22383; +https://leakix.net)"
51.89.167.1 - - [16/May/2026:11:05:36 +0530] "GET /ax1rtqk/bfelycd/ HTTP/1.1" 200 - "-" "Go-http-client/1.1"
51.89.167.1 - - [16/May/2026:11:05:36 +0530] "GET /kcdvwmg/bfgr1qv/ HTTP/1.1" 200 - "-" "Go-http-client/1.1"
51.89.167.1 - - [16/May/2026:11:05:36 +0530] "GET /lpo1mzn/ HTTP/1.1" 200 346 "-" "Go-http-client/1.1"
51.89.167.1 - - [16/May/2026:11:05:36 +0530] "GET /fsgycvi/ HTTP/1.1" 200 346 "-" "Go-http-client/1.1"
51.89.167.1 - - [16/May/2026:11:05:36 +0530] "GET /lpo1mzn/ HTTP/1.1" 200 346 "-" "Go-http-client/1.1"
165.227.173.41 - - [16/May/2026:11:05:36 +0530] "GET /v2/_catalog HTTP/1.1" 404 - "-" "Mozilla/5.0 (l9scan/2.0.631313e2734313e2038313e22383; +https://leakix.net)"
64.225.75.246 - - [16/May/2026:11:05:37 +0530] "GET /.DS_Store HTTP/1.1" 404 - "-" "Mozilla/5.0 (l9scan/2.0.631313e2734313e2038313e22383; +https://leakix.net)"
51.89.167.1 - - [16/May/2026:11:05:36 +0530] "GET /lpo1mzn/sbfmzce/ HTTP/1.1" 200 - "-" "Go-http-client/1.1"
51.89.167.1 - - [16/May/2026:11:05:37 +0530] "GET /fsgycvi/odkwmza/ HTTP/1.1" 200 - "-" "Go-http-client/1.1"
51.89.167.1 - - [16/May/2026:11:05:37 +0530] "GET /lpo1mzn/sbfmzce/ HTTP/1.1" 200 - "-" "Go-http-client/1.1"
51.89.167.1 - - [16/May/2026:11:05:37 +0530] "GET /mscqhbl/ HTTP/1.1" 200 347 "-" "Go-http-client/1.1"
51.89.167.1 - - [16/May/2026:11:05:37 +0530] "GET /mscqhbl/ HTTP/1.1" 200 347 "-" "Go-http-client/1.1"
51.89.167.1 - - [16/May/2026:11:05:37 +0530] "GET /fxwvtik/ HTTP/1.1" 200 347 "-" "Go-http-client/1.1"
139.59.143.102 - - [16/May/2026:11:05:37 +0530] "GET /___proxy_subdomain_cpanel HTTP/1.1" 404 - "-" "Mozilla/5.0 (l9scan/2.0.631313e2734313e2038313e22383; +https://leakix.net)"
195.123.244.84 - - [16/May/2026:11:05:37 +0530] "HEAD / HTTP/1.1" 200 - "-" "Mozilla/5.0 (Windows NT 10.0; Win64; x64) AppleWebKit/537.36 (KHTML, like Gecko) Chrome/121.0.0.0 Safari/537.36 OPR/107.0.0.0"
51.89.167.1 - - [16/May/2026:11:05:37 +0530] "GET /fxwvtik/ircumlj/ HTTP/1.1" 200 - "-" "Go-http-client/1.1"
51.89.167.1 - - [16/May/2026:11:05:37 +0530] "GET /mscqhbl/ewvlzch/ HTTP/1.1" 200 - "-" "Go-http-client/1.1"
51.89.167.1 - - [16/May/2026:11:05:37 +0530] "GET /mscqhbl/ewvlzch/ HTTP/1.1" 200 - "-" "Go-http-client/1.1"
165.227.173.41 - - [16/May/2026:11:05:37 +0530] "GET /.DS_Store HTTP/1.1" 404 - "-" "Mozilla/5.0 (l9scan/2.0.631313e2734313e2038313e22383; +https://leakix.net)"
51.89.167.1 - - [16/May/2026:11:05:37 +0530] "GET /kcdvwmg/ HTTP/1.1" 200 347 "-" "Go-http-client/1.1"
51.89.167.1 - - [16/May/2026:11:05:37 +0530] "GET /pnhjkml/ HTTP/1.1" 200 346 "-" "Go-http-client/1.1"
51.89.167.1 - - [16/May/2026:11:05:37 +0530] "GET /pnhjkml/ HTTP/1.1" 200 346 "-" "Go-http-client/1.1"
51.89.167.1 - - [16/May/2026:11:05:38 +0530] "GET /pnhjkml/ltd1ajf/ HTTP/1.1" 200 - "-" "Go-http-client/1.1"
51.89.167.1 - - [16/May/2026:11:05:38 +0530] "GET /kcdvwmg/bfgr1qv/ HTTP/1.1" 200 - "-" "Go-http-client/1.1"
64.225.75.246 - - [16/May/2026:11:05:38 +0530] "GET /.env HTTP/1.1" 404 - "-" "Mozilla/5.0 (l9scan/2.0.631313e2734313e2038313e22383; +https://leakix.net)"
139.59.143.102 - - [16/May/2026:11:05:38 +0530] "GET /v2/_catalog HTTP/1.1" 404 - "-" "Mozilla/5.0 (l9scan/2.0.631313e2734313e2038313e22383; +https://leakix.net)"
195.123.244.84 - - [16/May/2026:11:05:38 +0530] "GET / HTTP/1.1" 200 553 "-" "Mozilla/5.0 (X11; Linux x86_64) AppleWebKit/537.36 (KHTML, like Gecko) Chrome/123.0.0.0 Safari/537.36"
51.89.167.1 - - [16/May/2026:11:05:38 +0530] "GET /pnhjkml/ltd1ajf/ HTTP/1.1" 200 - "-" "Go-http-client/1.1"
51.89.167.1 - - [16/May/2026:11:05:38 +0530] "GET /lpo1mzn/ HTTP/1.1" 200 346 "-" "Go-http-client/1.1"
51.89.167.1 - - [16/May/2026:11:05:38 +0530] "GET /sbrcky1/ HTTP/1.1" 200 346 "-" "Go-http-client/1.1"
165.227.173.41 - - [16/May/2026:11:05:38 +0530] "GET /.env HTTP/1.1" 404 - "-" "Mozilla/5.0 (l9scan/2.0.631313e2734313e2038313e22383; +https://leakix.net)"
51.89.167.1 - - [16/May/2026:11:05:38 +0530] "GET /sbrcky1/ HTTP/1.1" 200 346 "-" "Go-http-client/1.1"
51.89.167.1 - - [16/May/2026:11:05:38 +0530] "GET /sbrcky1/fjtgboi/ HTTP/1.1" 200 - "-" "Go-http-client/1.1"
51.89.167.1 - - [16/May/2026:11:05:38 +0530] "GET /lpo1mzn/sbfmzce/ HTTP/1.1" 200 - "-" "Go-http-client/1.1"
139.59.143.102 - - [16/May/2026:11:05:39 +0530] "GET /.DS_Store HTTP/1.1" 404 - "-" "Mozilla/5.0 (l9scan/2.0.631313e2734313e2038313e22383; +https://leakix.net)"
51.89.167.1 - - [16/May/2026:11:05:39 +0530] "GET /mscqhbl/ HTTP/1.1" 200 347 "-" "Go-http-client/1.1"
51.89.167.1 - - [16/May/2026:11:05:39 +0530] "GET /shop/ HTTP/1.1" 301 - "-" "Go-http-client/1.1"
51.89.167.1 - - [16/May/2026:11:05:39 +0530] "GET /sbrcky1/fjtgboi/ HTTP/1.1" 200 - "-" "Go-http-client/1.1"
51.89.167.1 - - [16/May/2026:11:05:39 +0530] "GET /srytjca/ HTTP/1.1" 200 346 "-" "Go-http-client/1.1"
51.89.167.1 - - [16/May/2026:11:05:39 +0530] "GET /mscqhbl/ewvlzch/ HTTP/1.1" 200 - "-" "Go-http-client/1.1"
51.89.167.1 - - [16/May/2026:11:05:39 +0530] "GET /shop/ HTTP/1.1" 301 - "-" "Go-http-client/1.1"
51.89.167.1 - - [16/May/2026:11:05:39 +0530] "GET /srytjca/szqjpuh/ HTTP/1.1" 200 - "-" "Go-http-client/1.1"
51.89.167.1 - - [16/May/2026:11:05:39 +0530] "GET /pnhjkml/ HTTP/1.1" 200 346 "-" "Go-http-client/1.1"
51.89.167.1 - - [16/May/2026:11:05:39 +0530] "GET /srytjca/ HTTP/1.1" 200 346 "-" "Go-http-client/1.1"
51.89.167.1 - - [16/May/2026:11:05:39 +0530] "GET /system/ HTTP/1.1" 200 360 "-" "Go-http-client/1.1"
51.89.167.1 - - [16/May/2026:11:05:39 +0530] "GET /pnhjkml/ltd1ajf/ HTTP/1.1" 200 - "-" "Go-http-client/1.1"
51.89.167.1 - - [16/May/2026:11:05:39 +0530] "GET /srytjca/szqjpuh/ HTTP/1.1" 200 - "-" "Go-http-client/1.1"
51.89.167.1 - - [16/May/2026:11:05:40 +0530] "GET /sbrcky1/ HTTP/1.1" 200 346 "-" "Go-http-client/1.1"
51.89.167.1 - - [16/May/2026:11:05:40 +0530] "GET /system/ HTTP/1.1" 200 360 "-" "Go-http-client/1.1"
51.89.167.1 - - [16/May/2026:11:05:40 +0530] "GET /system/database/ HTTP/1.1" 200 351 "-" "Go-http-client/1.1"
139.59.143.102 - - [16/May/2026:11:05:40 +0530] "GET /.env HTTP/1.1" 404 - "-" "Mozilla/5.0 (l9scan/2.0.631313e2734313e2038313e22383; +https://leakix.net)"
64.225.75.246 - - [16/May/2026:11:05:40 +0530] "GET /ecp/Current/exporttool/microsoft.exchange.ediscovery.exporttool.application HTTP/1.1" 404 - "-" "Mozilla/5.0 (l9scan/2.0.631313e2734313e2038313e22383; +https://leakix.net)"
51.89.167.1 - - [16/May/2026:11:05:40 +0530] "GET /sbrcky1/fjtgboi/ HTTP/1.1" 200 - "-" "Go-http-client/1.1"
51.89.167.1 - - [16/May/2026:11:05:40 +0530] "GET /system/database/ HTTP/1.1" 200 351 "-" "Go-http-client/1.1"
51.89.167.1 - - [16/May/2026:11:05:40 +0530] "GET /system/database/drivers/ HTTP/1.1" 200 382 "-" "Go-http-client/1.1"
51.89.167.1 - - [16/May/2026:11:05:40 +0530] "GET /system/database/drivers/ HTTP/1.1" 200 382 "-" "Go-http-client/1.1"
51.89.167.1 - - [16/May/2026:11:05:40 +0530] "GET /shop/ HTTP/1.1" 301 - "-" "Go-http-client/1.1"
51.89.167.1 - - [16/May/2026:11:05:40 +0530] "GET /system/database/drivers/pdo/ HTTP/1.1" 200 359 "-" "Go-http-client/1.1"
165.227.173.41 - - [16/May/2026:11:05:40 +0530] "GET /ecp/Current/exporttool/microsoft.exchange.ediscovery.exporttool.application HTTP/1.1" 404 - "-" "Mozilla/5.0 (l9scan/2.0.631313e2734313e2038313e22383; +https://leakix.net)"
51.89.167.1 - - [16/May/2026:11:05:41 +0530] "GET /system/database/drivers/pdo/subdrivers/ HTTP/1.1" 200 120 "-" "Go-http-client/1.1"
51.89.167.1 - - [16/May/2026:11:05:41 +0530] "GET /system/database/drivers/pdo/ HTTP/1.1" 200 359 "-" "Go-http-client/1.1"
51.89.167.1 - - [16/May/2026:11:05:41 +0530] "GET /srytjca/ HTTP/1.1" 200 346 "-" "Go-http-client/1.1"
51.89.167.1 - - [16/May/2026:11:05:41 +0530] "GET /srytjca/szqjpuh/ HTTP/1.1" 200 - "-" "Go-http-client/1.1"
51.89.167.1 - - [16/May/2026:11:05:41 +0530] "GET /system/database/drivers/sqlite3/ HTTP/1.1" 200 120 "-" "Go-http-client/1.1"
51.89.167.1 - - [16/May/2026:11:05:41 +0530] "GET /system/database/drivers/pdo/subdrivers/ HTTP/1.1" 200 120 "-" "Go-http-client/1.1"
51.89.167.1 - - [16/May/2026:11:05:41 +0530] "GET /system/database/drivers/sqlite3/ HTTP/1.1" 200 120 "-" "Go-http-client/1.1"
51.89.167.1 - - [16/May/2026:11:05:41 +0530] "GET /system/ HTTP/1.1" 200 360 "-" "Go-http-client/1.1"
51.89.167.1 - - [16/May/2026:11:05:41 +0530] "GET /system/libraries/ HTTP/1.1" 200 365 "-" "Go-http-client/1.1"
51.89.167.1 - - [16/May/2026:11:05:41 +0530] "GET /system/database/ HTTP/1.1" 200 351 "-" "Go-http-client/1.1"
51.89.167.1 - - [16/May/2026:11:05:41 +0530] "GET /system/libraries/ HTTP/1.1" 200 365 "-" "Go-http-client/1.1"
51.89.167.1 - - [16/May/2026:11:05:42 +0530] "GET /system/libraries/Cache/ HTTP/1.1" 200 357 "-" "Go-http-client/1.1"
64.225.75.246 - - [16/May/2026:11:05:42 +0530] "GET /.git/config HTTP/1.1" 404 - "-" "Mozilla/5.0 (l9scan/2.0.631313e2734313e2038313e22383; +https://leakix.net)"
51.89.167.1 - - [16/May/2026:11:05:42 +0530] "GET /system/libraries/Cache/ HTTP/1.1" 200 357 "-" "Go-http-client/1.1"
51.89.167.1 - - [16/May/2026:11:05:42 +0530] "GET /system/libraries/Cache/drivers/ HTTP/1.1" 200 120 "-" "Go-http-client/1.1"
139.59.143.102 - - [16/May/2026:11:05:42 +0530] "GET /ecp/Current/exporttool/microsoft.exchange.ediscovery.exporttool.application HTTP/1.1" 404 - "-" "Mozilla/5.0 (l9scan/2.0.631313e2734313e2038313e22383; +https://leakix.net)"
51.89.167.1 - - [16/May/2026:11:05:42 +0530] "GET /system/libraries/Cache/drivers/ HTTP/1.1" 200 120 "-" "Go-http-client/1.1"
51.89.167.1 - - [16/May/2026:11:05:42 +0530] "GET /system/libraries/Session/ HTTP/1.1" 200 358 "-" "Go-http-client/1.1"
51.89.167.1 - - [16/May/2026:11:05:42 +0530] "GET /system/libraries/Session/ HTTP/1.1" 200 358 "-" "Go-http-client/1.1"
51.89.167.1 - - [16/May/2026:11:05:42 +0530] "GET /system/database/drivers/ HTTP/1.1" 200 382 "-" "Go-http-client/1.1"
165.227.173.41 - - [16/May/2026:11:05:43 +0530] "GET /.git/config HTTP/1.1" 404 - "-" "Mozilla/5.0 (l9scan/2.0.631313e2734313e2038313e22383; +https://leakix.net)"
51.89.167.1 - - [16/May/2026:11:05:43 +0530] "GET /system/libraries/Session/drivers/ HTTP/1.1" 200 120 "-" "Go-http-client/1.1"
51.89.167.1 - - [16/May/2026:11:05:43 +0530] "GET /system/libraries/Session/drivers/ HTTP/1.1" 200 120 "-" "Go-http-client/1.1"
51.89.167.1 - - [16/May/2026:11:05:43 +0530] "GET /system/database/drivers/pdo/ HTTP/1.1" 200 359 "-" "Go-http-client/1.1"
64.225.75.246 - - [16/May/2026:11:05:43 +0530] "POST /graphql HTTP/1.1" 404 - "-" "Mozilla/5.0 (l9scan/2.0.631313e2734313e2038313e22383; +https://leakix.net)"
51.89.167.1 - - [16/May/2026:11:05:43 +0530] "GET /vuqnhzo/ HTTP/1.1" 200 346 "-" "Go-http-client/1.1"
51.89.167.1 - - [16/May/2026:11:05:43 +0530] "GET /vuqnhzo/ HTTP/1.1" 200 346 "-" "Go-http-client/1.1"
51.89.167.1 - - [16/May/2026:11:05:43 +0530] "GET /system/database/drivers/pdo/subdrivers/ HTTP/1.1" 200 120 "-" "Go-http-client/1.1"
51.89.167.1 - - [16/May/2026:11:05:43 +0530] "GET /vuqnhzo/qcjptxn/ HTTP/1.1" 200 - "-" "Go-http-client/1.1"
51.89.167.1 - - [16/May/2026:11:05:43 +0530] "GET /vuqnhzo/qcjptxn/ HTTP/1.1" 200 - "-" "Go-http-client/1.1"
165.227.173.41 - - [16/May/2026:11:05:43 +0530] "POST /graphql HTTP/1.1" 404 - "-" "Mozilla/5.0 (l9scan/2.0.631313e2734313e2038313e22383; +https://leakix.net)"
51.89.167.1 - - [16/May/2026:11:05:43 +0530] "GET /xcebkyj/ HTTP/1.1" 200 346 "-" "Go-http-client/1.1"
51.89.167.1 - - [16/May/2026:11:05:43 +0530] "GET /system/database/drivers/sqlite3/ HTTP/1.1" 200 120 "-" "Go-http-client/1.1"
51.89.167.1 - - [16/May/2026:11:05:44 +0530] "GET /system/libraries/ HTTP/1.1" 200 365 "-" "Go-http-client/1.1"
51.89.167.1 - - [16/May/2026:11:05:44 +0530] "GET /xcebkyj/ HTTP/1.1" 200 346 "-" "Go-http-client/1.1"
64.225.75.246 - - [16/May/2026:11:05:44 +0530] "POST /api HTTP/1.1" 404 - "-" "Mozilla/5.0 (l9scan/2.0.631313e2734313e2038313e22383; +https://leakix.net)"
51.89.167.1 - - [16/May/2026:11:05:44 +0530] "GET /xcebkyj/dbyinre/ HTTP/1.1" 200 - "-" "Go-http-client/1.1"
51.89.167.1 - - [16/May/2026:11:05:44 +0530] "GET /system/libraries/Cache/ HTTP/1.1" 200 357 "-" "Go-http-client/1.1"
51.89.167.1 - - [16/May/2026:11:05:44 +0530] "GET /xcebkyj/dbyinre/ HTTP/1.1" 200 - "-" "Go-http-client/1.1"
139.59.143.102 - - [16/May/2026:11:05:44 +0530] "GET /.git/config HTTP/1.1" 404 - "-" "Mozilla/5.0 (l9scan/2.0.631313e2734313e2038313e22383; +https://leakix.net)"
51.89.167.1 - - [16/May/2026:11:05:44 +0530] "GET /system/libraries/Cache/drivers/ HTTP/1.1" 200 120 "-" "Go-http-client/1.1"
64.225.75.246 - - [16/May/2026:11:05:44 +0530] "POST /api/graphql HTTP/1.1" 404 - "-" "Mozilla/5.0 (l9scan/2.0.631313e2734313e2038313e22383; +https://leakix.net)"
51.89.167.1 - - [16/May/2026:11:05:44 +0530] "GET /system/libraries/Session/ HTTP/1.1" 200 358 "-" "Go-http-client/1.1"
165.227.173.41 - - [16/May/2026:11:05:44 +0530] "POST /api HTTP/1.1" 404 - "-" "Mozilla/5.0 (l9scan/2.0.631313e2734313e2038313e22383; +https://leakix.net)"
64.225.75.246 - - [16/May/2026:11:05:45 +0530] "POST /graphql/api HTTP/1.1" 404 - "-" "Mozilla/5.0 (l9scan/2.0.631313e2734313e2038313e22383; +https://leakix.net)"
51.89.167.1 - - [16/May/2026:11:05:44 +0530] "GET /system/libraries/Session/drivers/ HTTP/1.1" 200 120 "-" "Go-http-client/1.1"
51.89.167.1 - - [16/May/2026:11:05:45 +0530] "GET /vuqnhzo/ HTTP/1.1" 200 346 "-" "Go-http-client/1.1"
165.227.173.41 - - [16/May/2026:11:05:45 +0530] "POST /api/graphql HTTP/1.1" 404 - "-" "Mozilla/5.0 (l9scan/2.0.631313e2734313e2038313e22383; +https://leakix.net)"
51.89.167.1 - - [16/May/2026:11:05:45 +0530] "GET /vuqnhzo/qcjptxn/ HTTP/1.1" 200 - "-" "Go-http-client/1.1"
64.225.75.246 - - [16/May/2026:11:05:45 +0530] "POST /api/gql HTTP/1.1" 404 - "-" "Mozilla/5.0 (l9scan/2.0.631313e2734313e2038313e22383; +https://leakix.net)"
139.59.143.102 - - [16/May/2026:11:05:45 +0530] "POST /graphql HTTP/1.1" 404 - "-" "Mozilla/5.0 (l9scan/2.0.631313e2734313e2038313e22383; +https://leakix.net)"
51.89.167.1 - - [16/May/2026:11:05:45 +0530] "GET /xcebkyj/ HTTP/1.1" 200 346 "-" "Go-http-client/1.1"
51.89.167.1 - - [16/May/2026:11:05:45 +0530] "GET /xcebkyj/dbyinre/ HTTP/1.1" 200 - "-" "Go-http-client/1.1"
165.227.173.41 - - [16/May/2026:11:05:46 +0530] "POST /graphql/api HTTP/1.1" 404 - "-" "Mozilla/5.0 (l9scan/2.0.631313e2734313e2038313e22383; +https://leakix.net)"
64.225.75.246 - - [16/May/2026:11:05:46 +0530] "GET /s/631313e2734313e2038313e22383/_/;/META-INF/maven/com.atlassian.jira/jira-webapp-dist/pom.properties HTTP/1.1" 404 - "-" "Mozilla/5.0 (l9scan/2.0.631313e2734313e2038313e22383; +https://leakix.net)"
139.59.143.102 - - [16/May/2026:11:05:46 +0530] "POST /api HTTP/1.1" 404 - "-" "Mozilla/5.0 (l9scan/2.0.631313e2734313e2038313e22383; +https://leakix.net)"
165.227.173.41 - - [16/May/2026:11:05:46 +0530] "POST /api/gql HTTP/1.1" 404 - "-" "Mozilla/5.0 (l9scan/2.0.631313e2734313e2038313e22383; +https://leakix.net)"
165.227.173.41 - - [16/May/2026:11:05:47 +0530] "GET /s/631313e2734313e2038313e22383/_/;/META-INF/maven/com.atlassian.jira/jira-webapp-dist/pom.properties HTTP/1.1" 404 - "-" "Mozilla/5.0 (l9scan/2.0.631313e2734313e2038313e22383; +https://leakix.net)"
64.225.75.246 - - [16/May/2026:11:05:48 +0530] "GET /config.json HTTP/1.1" 404 - "-" "Mozilla/5.0 (l9scan/2.0.631313e2734313e2038313e22383; +https://leakix.net)"
139.59.143.102 - - [16/May/2026:11:05:48 +0530] "POST /api/graphql HTTP/1.1" 404 - "-" "Mozilla/5.0 (l9scan/2.0.631313e2734313e2038313e22383; +https://leakix.net)"
165.227.173.41 - - [16/May/2026:11:05:48 +0530] "GET /config.json HTTP/1.1" 404 - "-" "Mozilla/5.0 (l9scan/2.0.631313e2734313e2038313e22383; +https://leakix.net)"
64.225.75.246 - - [16/May/2026:11:05:49 +0530] "GET /telescope/requests HTTP/1.1" 404 - "-" "Mozilla/5.0 (l9scan/2.0.631313e2734313e2038313e22383; +https://leakix.net)"
139.59.143.102 - - [16/May/2026:11:05:49 +0530] "POST /graphql/api HTTP/1.1" 404 - "-" "Mozilla/5.0 (l9scan/2.0.631313e2734313e2038313e22383; +https://leakix.net)"
139.59.143.102 - - [16/May/2026:11:05:50 +0530] "POST /api/gql HTTP/1.1" 404 - "-" "Mozilla/5.0 (l9scan/2.0.631313e2734313e2038313e22383; +https://leakix.net)"
165.227.173.41 - - [16/May/2026:11:05:50 +0530] "GET /telescope/requests HTTP/1.1" 404 - "-" "Mozilla/5.0 (l9scan/2.0.631313e2734313e2038313e22383; +https://leakix.net)"
64.225.75.246 - - [16/May/2026:11:05:50 +0530] "GET /info.php HTTP/1.1" 404 36 "-" "Mozilla/5.0 (l9scan/2.0.631313e2734313e2038313e22383; +https://leakix.net)"
165.227.173.41 - - [16/May/2026:11:05:50 +0530] "GET /info.php HTTP/1.1" 404 36 "-" "Mozilla/5.0 (l9scan/2.0.631313e2734313e2038313e22383; +https://leakix.net)"
139.59.143.102 - - [16/May/2026:11:05:51 +0530] "GET /s/631313e2734313e2038313e22383/_/;/META-INF/maven/com.atlassian.jira/jira-webapp-dist/pom.properties HTTP/1.1" 404 - "-" "Mozilla/5.0 (l9scan/2.0.631313e2734313e2038313e22383; +https://leakix.net)"
64.225.75.246 - - [16/May/2026:11:05:51 +0530] "GET /.well-known/security.txt HTTP/1.1" 404 - "-" "Mozilla/5.0 (l9scan/2.0.631313e2734313e2038313e22383; +https://leakix.net)"
165.227.173.41 - - [16/May/2026:11:05:51 +0530] "GET /.well-known/security.txt HTTP/1.1" 404 - "-" "Mozilla/5.0 (l9scan/2.0.631313e2734313e2038313e22383; +https://leakix.net)"
139.59.143.102 - - [16/May/2026:11:05:52 +0530] "GET /config.json HTTP/1.1" 404 - "-" "Mozilla/5.0 (l9scan/2.0.631313e2734313e2038313e22383; +https://leakix.net)"
64.225.75.246 - - [16/May/2026:11:05:52 +0530] "GET /actuator/env HTTP/1.1" 404 - "-" "Mozilla/5.0 (l9scan/2.0.631313e2734313e2038313e22383; +https://leakix.net)"
165.227.173.41 - - [16/May/2026:11:05:53 +0530] "GET /actuator/env HTTP/1.1" 404 - "-" "Mozilla/5.0 (l9scan/2.0.631313e2734313e2038313e22383; +https://leakix.net)"
64.225.75.246 - - [16/May/2026:11:05:54 +0530] "GET /swagger-ui.html HTTP/1.1" 404 - "-" "Mozilla/5.0 (l9scan/2.0.631313e2734313e2038313e22383; +https://leakix.net)"
139.59.143.102 - - [16/May/2026:11:05:54 +0530] "GET /telescope/requests HTTP/1.1" 404 - "-" "Mozilla/5.0 (l9scan/2.0.631313e2734313e2038313e22383; +https://leakix.net)"
165.227.173.41 - - [16/May/2026:11:05:54 +0530] "GET /swagger-ui.html HTTP/1.1" 404 - "-" "Mozilla/5.0 (l9scan/2.0.631313e2734313e2038313e22383; +https://leakix.net)"
64.225.75.246 - - [16/May/2026:11:05:55 +0530] "GET /swagger/index.html HTTP/1.1" 404 - "-" "Mozilla/5.0 (l9scan/2.0.631313e2734313e2038313e22383; +https://leakix.net)"
139.59.143.102 - - [16/May/2026:11:05:55 +0530] "GET /info.php HTTP/1.1" 404 36 "-" "Mozilla/5.0 (l9scan/2.0.631313e2734313e2038313e22383; +https://leakix.net)"
139.59.143.102 - - [16/May/2026:11:05:56 +0530] "GET /.well-known/security.txt HTTP/1.1" 404 - "-" "Mozilla/5.0 (l9scan/2.0.631313e2734313e2038313e22383; +https://leakix.net)"
165.227.173.41 - - [16/May/2026:11:05:56 +0530] "GET /swagger/index.html HTTP/1.1" 404 - "-" "Mozilla/5.0 (l9scan/2.0.631313e2734313e2038313e22383; +https://leakix.net)"
64.225.75.246 - - [16/May/2026:11:05:57 +0530] "GET /swagger/swagger-ui.html HTTP/1.1" 404 - "-" "Mozilla/5.0 (l9scan/2.0.631313e2734313e2038313e22383; +https://leakix.net)"
139.59.143.102 - - [16/May/2026:11:05:57 +0530] "GET /actuator/env HTTP/1.1" 404 - "-" "Mozilla/5.0 (l9scan/2.0.631313e2734313e2038313e22383; +https://leakix.net)"
